-- https://www.phpmyadmin.net/
--
-- Servidor: 127.0.0.1
-- Tiempo de generación: 16-10-2020 a las 22:00:49
-- Versión del servidor: 10.1.36-MariaDB
-- Versión de PHP: 7.3.18

START TRANSACTION;



--
-- Base de datos: `sistmenuc`
--

-- --------------------------------------------------------

--
-- Estructura de tabla para la tabla `accountbanks`
--

CREATE TABLE `accountbanks` (
  `id` int(11) NOT NULL,
  `nrocuenta` bigint(20) NOT NULL,
  `nombre` varchar(100) NOT NULL,
  `propietario` varchar(50) NOT NULL,
  `tipo` varchar(5) NOT NULL,
  `moneda` varchar(5) NOT NULL,
  `tarjeta` varchar(11) DEFAULT NULL,
  `cobrar` varchar(11) DEFAULT NULL,
  `pagar` varchar(11) DEFAULT NULL,
  `deposito` varchar(11) DEFAULT NULL,
  `nrcheque` bigint(20) NOT NULL
) ENGINE=InnoDB DEFAULT CHARSET=latin1;

--
-- Volcado de datos para la tabla `accountbanks`
--

INSERT INTO `accountbanks` (`id`, `nrocuenta`, `nombre`, `propietario`, `tipo`, `moneda`, `tarjeta`, `cobrar`, `pagar`, `deposito`, `nrcheque`) VALUES
(1, 108006465465465, 'provincial', 'pedro', 'cte', 'US', 'T', 'no', 'si', 'si', 123123123),
(2, 65465465456465459, 'venezuela', 'Pedro avila', 'cte', 'US', 'C', 'si', 'si', 'si', 5464654),
(4, 22222, 'F', '1', 'cte', 'US', 'T', 'no', 'si', 'si', 456456);

-- --------------------------------------------------------

--
-- Estructura de tabla para la tabla `articulos`
--

CREATE TABLE `articulos` (
  `id` int(11) NOT NULL,
  `nombre` varchar(100) NOT NULL,
  `codigo` varchar(20) DEFAULT NULL,
  `precio` varchar(100) NOT NULL,
  `pvprebaja` float DEFAULT '0',
  `cantidad` int(11) DEFAULT NULL,
  `um` varchar(100) DEFAULT NULL,
  `descripcion` text,
  `status` int(11) DEFAULT '0',
  `status_sincronization` int(11) DEFAULT '0'
) ENGINE=InnoDB DEFAULT CHARSET=latin1;

--
-- Volcado de datos para la tabla `articulos`
--

INSERT INTO `articulos` (`id`, `nombre`, `codigo`, `precio`, `pvprebaja`, `cantidad`, `um`, `descripcion`, `status`, `status_sincronization`) VALUES
(2, 'tomate', 'SDFZX', '500', 100, 5, 'cm', NULL, 1, 1),
(4, 'Aguacate', 'JGHJK', '700', 250, 1, 'kg', NULL, 1, 1),
(6, 'hierro', 'FFJJK', '6500', 0, 2, 'kg', NULL, 1, 1),
(7, 'Manzana', 'CVBNH', '500', 0, 4, 'kg', NULL, 0, 1),
(27, 'aguacates', 'AGC122', '1500', 0, 10, 'cm', 'ASDASD', 0, 1),
(28, 'Otros articulos', 'FFDGKL', '1500', 400, 10, 'cm', 'asdasd', 1, 0);

-- --------------------------------------------------------

--
-- Estructura de tabla para la tabla `art_familias`
--

CREATE TABLE `art_familias` (
  `id` int(11) NOT NULL,
  `nombre` varchar(20) NOT NULL,
  `slug` varchar(20) NOT NULL,
  `descripcion` text
) ENGINE=InnoDB DEFAULT CHARSET=latin1;

--
-- Volcado de datos para la tabla `art_familias`
--

INSERT INTO `art_familias` (`id`, `nombre`, `slug`, `descripcion`) VALUES
(1, 'aprobados', 'aproba', 'ffffff'),
(2, 'jack', 'jack', ''),
(3, 'Frutas', 'frutas', 'Frutas'),
(4, 'Verdura', 'verduras', 'Verduras');

-- --------------------------------------------------------

--
-- Estructura de tabla para la tabla `bancos`
--

CREATE TABLE `bancos` (
  `id` int(11) NOT NULL,
  `nombre` varchar(100) NOT NULL,
  `moneda` varchar(10) NOT NULL,
  `siglas` varchar(10) NOT NULL,
  `created_at` timestamp NULL DEFAULT NULL,
  `updated_at` timestamp NULL DEFAULT NULL,
  `users_id` int(11) NOT NULL
) ENGINE=InnoDB DEFAULT CHARSET=latin1;

--
-- Volcado de datos para la tabla `bancos`
--

INSERT INTO `bancos` (`id`, `nombre`, `moneda`, `siglas`, `created_at`, `updated_at`, `users_id`) VALUES
(1, 'Bank of america', 'US', 'BFA', '2019-11-15 22:45:17', '2019-11-21 22:11:13', 2);

-- --------------------------------------------------------

--
-- Estructura de tabla para la tabla `ccostos`
--

CREATE TABLE `ccostos` (
  `id` int(11) NOT NULL,
  `codigo` int(11) NOT NULL,
  `descripcion` varchar(100) NOT NULL,
  `cuenta1` bigint(20) DEFAULT NULL,
  `cuenta2` bigint(20) DEFAULT NULL,
  `created_at` timestamp NOT NULL DEFAULT CURRENT_TIMESTAMP ON UPDATE CURRENT_TIMESTAMP,
  `updated_at` timestamp NOT NULL DEFAULT '0000-00-00 00:00:00'
) ENGINE=InnoDB DEFAULT CHARSET=latin1;

--
-- Volcado de datos para la tabla `ccostos`
--

INSERT INTO `ccostos` (`id`, `codigo`, `descripcion`, `cuenta1`, `cuenta2`, `created_at`, `updated_at`) VALUES
(10, 43, 'HOTEL LCB', 1010101, NULL, '2019-11-15 18:51:56', '2019-11-15 22:51:56'),
(11, 4301, 'ALOJAMIENTO', 9311101, 7911101, '2019-10-11 23:36:48', '2019-10-12 03:36:48'),
(12, 4302, 'ALIMENTOS', 9311101, 7911101, '2019-10-12 03:38:51', '2019-10-12 03:38:51'),
(13, 4303, 'BEBIDAS', 9311101, 7911101, '2019-10-11 23:39:37', '2019-10-12 03:39:37'),
(14, 4304, 'TOURS', 9311101, 7911101, '2019-10-11 23:41:01', '2019-10-12 03:41:01'),
(15, 4305, 'TIENDA', 9311101, 7911101, '2019-10-12 03:41:41', '2019-10-12 03:41:41'),
(16, 4306, 'SPA', 9311101, 7911101, '2019-10-12 03:42:11', '2019-10-12 03:42:11'),
(17, 4307, 'OTROS SERVICIOS', 9311101, 7911101, '2019-10-12 03:42:53', '2019-10-12 03:42:53');

-- --------------------------------------------------------

--
-- Estructura de tabla para la tabla `compras`
--

CREATE TABLE `compras` (
  `id` int(11) NOT NULL,
  `codigo_num` int(11) NOT NULL,
  `nombre` varchar(100) NOT NULL,
  `numero_identidad` varchar(100) NOT NULL,
  `identidad_document_id` int(11) DEFAULT NULL,
  `tipdocs_id` int(11) DEFAULT NULL,
  `doc_cod` varchar(50) NOT NULL,
  `doc_sig` varchar(10) NOT NULL,
  `serie` varchar(200) NOT NULL,
  `numero` int(11) NOT NULL,
  `divisa` varchar(30) NOT NULL,
  `dias` int(11) NOT NULL,
  `fec_emision` varchar(100) NOT NULL,
  `fec_vencimiento` varchar(100) NOT NULL,
  `create_at` date NOT NULL,
  `forpags` varchar(100) NOT NULL,
  `importe` bigint(20) DEFAULT NULL,
  `cambio` varchar(20) NOT NULL,
  `glosa` text NOT NULL,
  `detracciones1` varchar(100) DEFAULT NULL,
  `detracciones2` varchar(100) DEFAULT NULL,
  `nodomiselect` varchar(50) DEFAULT NULL,
  `ndomiserie` varchar(50) DEFAULT NULL,
  `ndominumero` varchar(50) DEFAULT NULL,
  `tipdoc_relacional` varchar(100) DEFAULT NULL,
  `serie_relacional` varchar(50) DEFAULT NULL,
  `numero_relacional` varchar(50) DEFAULT NULL,
  `inafecto` float DEFAULT '0',
  `afecto` float DEFAULT '0',
  `anticipo` float DEFAULT '0',
  `descuento` float DEFAULT '0',
  `vcompra` float DEFAULT '0',
  `igv_percent` float DEFAULT '0',
  `impuesto` float DEFAULT '0',
  `sub_total` float DEFAULT '0',
  `percepcion` float DEFAULT '0',
  `totales` float DEFAULT '0',
  `inafecto_cambio` float DEFAULT '0',
  `afecto_cambio` float DEFAULT '0',
  `anticipo_cambio` float DEFAULT '0',
  `descuento_cambio` float DEFAULT '0',
  `vcompra_cambio` float DEFAULT '0',
  `impuesto_cambio` float DEFAULT '0',
  `subtotal_cambio` float DEFAULT '0',
  `percepcion_cambio` float DEFAULT '0',
  `total_cambio` float DEFAULT '0',
  `file_img` varchar(100) DEFAULT NULL,
  `file_pdf` varchar(100) DEFAULT NULL,
  `file_excel` varchar(100) DEFAULT NULL,
  `status` int(11) DEFAULT '0'
) ENGINE=InnoDB DEFAULT CHARSET=latin1;

--
-- Volcado de datos para la tabla `compras`
--

INSERT INTO `compras` (`id`, `codigo_num`, `nombre`, `numero_identidad`, `identidad_document_id`, `tipdocs_id`, `doc_cod`, `doc_sig`, `serie`, `numero`, `divisa`, `dias`, `fec_emision`, `fec_vencimiento`, `create_at`, `forpags`, `importe`, `cambio`, `glosa`, `detracciones1`, `detracciones2`, `nodomiselect`, `ndomiserie`, `ndominumero`, `tipdoc_relacional`, `serie_relacional`, `numero_relacional`, `inafecto`, `afecto`, `anticipo`, `descuento`, `vcompra`, `igv_percent`, `impuesto`, `sub_total`, `percepcion`, `totales`, `inafecto_cambio`, `afecto_cambio`, `anticipo_cambio`, `descuento_cambio`, `vcompra_cambio`, `impuesto_cambio`, `subtotal_cambio`, `percepcion_cambio`, `total_cambio`, `file_img`, `file_pdf`, `file_excel`, `status`) VALUES
(1, 1, 'ESPINOZA ORIHUELA PEDRO MIGUEL', '20457126692', 6, 10, '01', 'FAC', 'F001', 3, 'S/', 7, '2019-10-03', '2019-10-31', '2019-09-21', 'Credito', NULL, '3.386', 'kjhkjhkjh', 'pppp', 'pppp', NULL, NULL, NULL, '', NULL, NULL, 15, 1, 0, 20, 15, 18, 2, 18, 0, 18, 50, 3, 0, 67.72, 54, 8, 62, 0, 62, NULL, NULL, NULL, NULL),
(5, 1, 'ESPINOZA ORIHUELA PEDRO MIGUEL', '20457126692', 6, 10, '01', 'FAC', 'F0003', 69, 'US', 70, '2019-10-03', '2019-11-29', '2019-11-01', 'Contado', NULL, '3.386', 'asdasdasd', 'ppp', 'ppp', NULL, NULL, NULL, NULL, NULL, NULL, 190, 2200, 0, 0, 2390, 18, 414, 2804, 0, 2804, 643.34, 7449.2, 0, 0, 8092.54, 1401.8, 9494.34, 0, 9494.34, NULL, NULL, NULL, 0),
(8, 4, 'ESPINOZA ORIHUELA PEDRO MIGUEL', '20457126692', 6, 10, '01', 'FAC', 'F0003', 4645, 'US', 10, '2019-10-02', '2019-11-30', '2019-11-19', 'Credito', NULL, '3.39', 'asdasdd', 'PPP', 'ppp', NULL, NULL, NULL, NULL, NULL, NULL, 0, 105, 0, 0, 105, 18, 18.9, 123.9, 0, 123.9, 0, 355.95, 0, 0, 355.95, 64.07, 420.02, 0, 420.02, NULL, NULL, NULL, 0),
(9, 1, 'ESPINOZA ORIHUELA PEDRO MIGUEL', '20457126692', 6, 10, '01', 'FAC', 'F003', 6, 'US', 10, '2019-10-31', '2019-12-01', '2019-10-28', 'Contado', NULL, '3.345', 'fff', 'fff', 'fff', NULL, NULL, NULL, NULL, NULL, NULL, 0, 0, 0, 0, 0, 0, 0, 0, 0, 0, 0, 0, 0, 0, 0, 0, 0, 0, 0, NULL, NULL, NULL, 0);

-- --------------------------------------------------------

--
-- Estructura de tabla para la tabla `compras_cuentas`
--

CREATE TABLE `compras_cuentas` (
  `id` int(11) NOT NULL,
  `dhber` varchar(20) NOT NULL,
  `cuenta` varchar(11) NOT NULL,
  `codigo` varchar(60) NOT NULL,
  `descripcion` text NOT NULL,
  `compra_id` int(11) NOT NULL
) ENGINE=InnoDB DEFAULT CHARSET=latin1;

--
-- Volcado de datos para la tabla `compras_cuentas`
--

INSERT INTO `compras_cuentas` (`id`, `dhber`, `cuenta`, `codigo`, `descripcion`, `compra_id`) VALUES
(1, 'haber', 'cuenta1', '7311101', 'DESCTOS, REBAJAS Y BONIF. OBTENIDOS', 1),
(2, 'debe', 'cuenta2', '4011101', 'IGV - CUENTA PROPIA', 1),
(3, 'haber', 'cuenta3', '4212101', 'FACTURAS POR PAGAR', 1),
(10, 'haber', 'cuenta1', '7311101', 'DESCTOS, REBAJAS Y BONIF. OBTENIDOS', 4),
(11, 'debe', 'cuenta2', '4011101', 'IGV - CUENTA PROPIA', 4),
(12, 'haber', 'cuenta3', '4212101', 'FACTURAS POR PAGAR', 4),
(19, 'haber', 'cuenta1', '7311101', 'DESCTOS, REBAJAS Y BONIF. OBTENIDOS', 3),
(20, 'debe', 'cuenta2', '4011101', 'IGV - CUENTA PROPIA', 3),
(21, 'haber', 'cuenta3', '4212101', 'FACTURAS POR PAGAR', 3),
(22, 'haber', 'cuenta1', '7311101', 'DESCTOS, REBAJAS Y BONIF. OBTENIDOS', 5),
(23, 'debe', 'cuenta2', '4011101', 'IGV - CUENTA PROPIA', 5),
(24, 'haber', 'cuenta3', '4212101', 'FACTURAS POR PAGAR', 5),
(31, 'haber', 'cuenta1', '7311101', 'DESCTOS, REBAJAS Y BONIF. OBTENIDOS', 2),
(32, 'debe', 'cuenta2', '4011101', 'IGV - CUENTA PROPIA', 2),
(33, 'haber', 'cuenta3', '4212101', 'FACTURAS POR PAGAR', 2),
(34, 'haber', 'cuenta1', '7311101', 'DESCTOS, REBAJAS Y BONIF. OBTENIDOS', 6),
(35, 'debe', 'cuenta2', '4011101', 'IGV - CUENTA PROPIA', 6),
(36, 'haber', 'cuenta3', '4212101', 'FACTURAS POR PAGAR', 6),
(37, 'haber', 'cuenta1', '7311101', 'DESCTOS, REBAJAS Y BONIF. OBTENIDOS', 7),
(38, 'debe', 'cuenta2', '4011101', 'IGV - CUENTA PROPIA', 7),
(39, 'haber', 'cuenta3', '4212101', 'FACTURAS POR PAGAR', 7),
(40, 'haber', 'cuenta1', '7311101', 'DESCTOS, REBAJAS Y BONIF. OBTENIDOS', 8),
(41, 'debe', 'cuenta2', '4011101', 'IGV - CUENTA PROPIA', 8),
(42, 'haber', 'cuenta3', '4212101', 'FACTURAS POR PAGAR', 8),
(43, 'haber', 'cuenta1', '7311101', 'DESCTOS, REBAJAS Y BONIF. OBTENIDOS', 9),
(44, 'debe', 'cuenta2', '4011101', 'IGV - CUENTA PROPIA', 9),
(45, 'haber', 'cuenta3', '4212101', 'FACTURAS POR PAGAR', 9);

-- --------------------------------------------------------

--
-- Estructura de tabla para la tabla `compras_lineas`
--

CREATE TABLE `compras_lineas` (
  `id` int(11) NOT NULL,
  `codigo` int(11) DEFAULT '0',
  `codigo_art` varchar(100) DEFAULT NULL,
  `concepto` text,
  `nombre_articulo` varchar(50) DEFAULT NULL,
  `cantidad` int(11) NOT NULL DEFAULT '0',
  `um` varchar(20) DEFAULT NULL,
  `precio` float NOT NULL,
  `precio_art` float DEFAULT NULL,
  `importe_art` float DEFAULT NULL,
  `compra_id` int(11) NOT NULL,
  `compras_id_relacional` int(11) DEFAULT '0',
  `cuentas_descripcion` varchar(100) NOT NULL,
  `cuentas_codigo` varchar(100) NOT NULL,
  `plan_cuentas_id` int(11) NOT NULL,
  `ccostos_id` int(11) DEFAULT NULL,
  `ccostos_codigo` varchar(100) DEFAULT NULL,
  `ccostos_descripcion` varchar(100) DEFAULT NULL,
  `afecto` varchar(100) DEFAULT NULL,
  `obsequio` int(11) DEFAULT NULL,
  `dhber` varchar(100) DEFAULT NULL,
  `precio_soles` float DEFAULT '0',
  `descuento_soles` float DEFAULT '0',
  `imp_soles` float DEFAULT '0',
  `igv_soles` float DEFAULT '0',
  `descuento_percent` float DEFAULT '0',
  `descuento_valor` float NOT NULL DEFAULT '0',
  `imp_percent` float DEFAULT '0',
  `imp_sel` float DEFAULT '0',
  `igvpercent` float DEFAULT '0',
  `igv_val` double DEFAULT NULL,
  `total_valor` double DEFAULT NULL,
  `tipe_linea` varchar(20) NOT NULL,
  `document_f_relacional` varchar(100) DEFAULT NULL
) ENGINE=InnoDB DEFAULT CHARSET=latin1;

--
-- Volcado de datos para la tabla `compras_lineas`
--

INSERT INTO `compras_lineas` (`id`, `codigo`, `codigo_art`, `concepto`, `nombre_articulo`, `cantidad`, `um`, `precio`, `precio_art`, `importe_art`, `compra_id`, `compras_id_relacional`, `cuentas_descripcion`, `cuentas_codigo`, `plan_cuentas_id`, `ccostos_id`, `ccostos_codigo`, `ccostos_descripcion`, `afecto`, `obsequio`, `dhber`, `precio_soles`, `descuento_soles`, `imp_soles`, `igv_soles`, `descuento_percent`, `descuento_valor`, `imp_percent`, `imp_sel`, `igvpercent`, `igv_val`, `total_valor`, `tipe_linea`, `document_f_relacional`) VALUES
(1, 0, NULL, 'asdasdd', NULL, 1, NULL, 1000, NULL, NULL, 1, NULL, 'CAJA CAMBIO DE MONEDA', '1010103', 8, 14, '4301', 'ALOJAMIENTO', 'on', NULL, 'debe', 3386, 0, 0, 609.48, NULL, 0, 0, 0, 18, 180, 1180, 'concepto', NULL),
(2, 0, 'FFJJK', 'kjhkjhkjh', 'hierro', 10, 'kg', 15000, 1500, 15000, 1, NULL, 'CAJA EFECTIVO DOLARES', '1010102', 8, 13, '4303', 'BEBIDAS', NULL, NULL, 'debe', 50790, 0, 0, 9142.2, NULL, 0, NULL, 0, 18, 2700, 17700, 'articulo', NULL),
(15, 0, NULL, 'asdasdasd', NULL, 1, NULL, 1000, NULL, NULL, 5, 0, 'MERCADERIAS MANUFACTURAS COSTO', '6011101', 17, 11, '4301', 'ALOJAMIENTO', 'on', NULL, 'debe', 3386, 0, 0, 609.48, NULL, 0, 0, 0, 18, 180, 1180, 'concepto', NULL),
(16, 0, NULL, 'asdasdasd', NULL, 1, NULL, 1200, NULL, NULL, 5, 0, 'FONDOS FIJOS SOLES', '1020101', 12, 13, '4303', 'BEBIDAS', 'on', NULL, 'debe', 4063.2, 0, 0, 731.38, NULL, 0, 0, 0, 18, 216, 1416, 'concepto', NULL),
(19, 0, 'SDFZX', 'asdasdasd', 'tomate', 1, 'cm', 190, 100, 100, 5, 0, 'COMPRAS DE BEBIDAS', '6121201', 19, 11, '4301', 'ALOJAMIENTO', NULL, NULL, 'debe', 641.63, 0, 0, 60.95, NULL, 0, NULL, 0, 18, 18, 224.2, 'articulo', NULL),
(20, 0, NULL, 'asdasdd', NULL, 1, NULL, 100, NULL, NULL, 8, 0, 'CAJA CAMBIO DE MONEDA', '1010103', 9, 15, '4305', 'TIENDA', 'on', NULL, 'debe', 339, 0, 0, 61.02, NULL, 0, 0, 0, 18, 18, 118, 'concepto', NULL);

-- --------------------------------------------------------

--
-- Estructura de tabla para la tabla `config`
--

CREATE TABLE `config` (
  `id` int(11) NOT NULL,
  `title_site` varchar(100) NOT NULL,
  `version` varchar(10) NOT NULL,
  `install_play` int(11) NOT NULL
) ENGINE=InnoDB DEFAULT CHARSET=latin1;

-- --------------------------------------------------------

--
-- Estructura de tabla para la tabla `departamentos`
--

CREATE TABLE `departamentos` (
  `id` int(11) NOT NULL,
  `nombre` varchar(100) NOT NULL
) ENGINE=InnoDB DEFAULT CHARSET=latin1;

--
-- Volcado de datos para la tabla `departamentos`
--

INSERT INTO `departamentos` (`id`, `nombre`) VALUES
(1, 'AMAZONAS'),
(2, 'ANCASH'),
(3, 'APURIMAC'),
(4, 'AREQUIPA'),
(5, 'AYACUCHO'),
(6, 'CAJAMARCA'),
(7, 'CALLAO'),
(8, 'CUSCO'),
(9, 'HUANCAVELICA'),
(10, 'HUANUCO'),
(11, 'ICA'),
(12, 'JUNIN'),
(13, 'LA LIBERTAD'),
(14, 'LAMBAYEQUE'),
(15, 'LIMA'),
(16, 'LORETO'),
(17, 'MADRE DE DIOS'),
(18, 'MOQUEGUA'),
(19, 'PASCO'),
(20, 'PIURA'),
(21, 'PUNO'),
(22, 'SAN MARTIN'),
(23, 'TACNA'),
(24, 'TUMBES'),
(25, 'UCAYALI');

-- --------------------------------------------------------

--
-- Estructura de tabla para la tabla `distritos`
--

CREATE TABLE `distritos` (
  `id` int(11) NOT NULL,
  `nombre` varchar(100) NOT NULL,
  `provincias_id` int(11) NOT NULL,
  `idubigeo` bigint(20) NOT NULL
) ENGINE=InnoDB DEFAULT CHARSET=latin1;

--
-- Volcado de datos para la tabla `distritos`
--

INSERT INTO `distritos` (`id`, `nombre`, `provincias_id`, `idubigeo`) VALUES
(1, 'Chachapoyas', 101, 10101),
(2, 'Asunción', 101, 10102),
(3, 'Balsas', 101, 10103),
(4, 'Cheto', 101, 10104),
(5, 'Chiliquin', 101, 10105),
(6, 'Chuquibamba', 101, 10106),
(7, 'Granada', 101, 10107),
(8, 'Huancas', 101, 10108),
(9, 'La Jalca', 101, 10109),
(10, 'Leimebamba', 101, 10110),
(11, 'Levanto', 101, 10111),
(12, 'Magdalena', 101, 10112),
(13, 'Mariscal Castilla', 101, 10113),
(14, 'Molinopampa', 101, 10114),
(15, 'Montevideo', 101, 10115),
(16, 'Olleros', 101, 10116),
(17, 'Quinjalca', 101, 10117),
(18, 'San Francisco de Daguas', 101, 10118),
(19, 'San Isidro de Maino', 101, 10119),
(20, 'Soloco', 101, 10120),
(21, 'Sonche', 101, 10121),
(22, 'Bagua', 102, 10201),
(23, 'Aramango', 102, 10202),
(24, 'Copallin', 102, 10203),
(25, 'El Parco', 102, 10204),
(26, 'Imaza', 102, 10205),
(27, 'La Peca', 102, 10206),
(28, 'Jumbilla', 103, 10301),
(29, 'Chisquilla', 103, 10302),
(30, 'Churuja', 103, 10303),
(31, 'Corosha', 103, 10304),
(32, 'Cuispes', 103, 10305),
(33, 'Florida', 103, 10306),
(34, 'Jazan', 103, 10307),
(35, 'Recta', 103, 10308),
(36, 'San Carlos', 103, 10309),
(37, 'Shipasbamba', 103, 10310),
(38, 'Valera', 103, 10311),
(39, 'Yambrasbamba', 103, 10312),
(40, 'Nieva', 104, 10401),
(41, 'El Cenepa', 104, 10402),
(42, 'Río Santiago', 104, 10403),
(43, 'Lamud', 105, 10501),
(44, 'Camporredondo', 105, 10502),
(45, 'Cocabamba', 105, 10503),
(46, 'Colcamar', 105, 10504),
(47, 'Conila', 105, 10505),
(48, 'Inguilpata', 105, 10506),
(49, 'Longuita', 105, 10507),
(50, 'Lonya Chico', 105, 10508),
(51, 'Luya', 105, 10509),
(52, 'Luya Viejo', 105, 10510),
(53, 'María', 105, 10511),
(54, 'Ocalli', 105, 10512),
(55, 'Ocumal', 105, 10513),
(56, 'Pisuquia', 105, 10514),
(57, 'Providencia', 105, 10515),
(58, 'San Cristóbal', 105, 10516),
(59, 'San Francisco de Yeso', 105, 10517),
(60, 'San Jerónimo', 105, 10518),
(61, 'San Juan de Lopecancha', 105, 10519),
(62, 'Santa Catalina', 105, 10520),
(63, 'Santo Tomas', 105, 10521),
(64, 'Tingo', 105, 10522),
(65, 'Trita', 105, 10523),
(66, 'San Nicolás', 106, 10601),
(67, 'Chirimoto', 106, 10602),
(68, 'Cochamal', 106, 10603),
(69, 'Huambo', 106, 10604),
(70, 'Limabamba', 106, 10605),
(71, 'Longar', 106, 10606),
(72, 'Mariscal Benavides', 106, 10607),
(73, 'Milpuc', 106, 10608),
(74, 'Omia', 106, 10609),
(75, 'Santa Rosa', 106, 10610),
(76, 'Totora', 106, 10611),
(77, 'Vista Alegre', 106, 10612),
(78, 'Bagua Grande', 107, 10701),
(79, 'Cajaruro', 107, 10702),
(80, 'Cumba', 107, 10703),
(81, 'El Milagro', 107, 10704),
(82, 'Jamalca', 107, 10705),
(83, 'Lonya Grande', 107, 10706),
(84, 'Yamon', 107, 10707),
(85, 'Huaraz', 201, 20101),
(86, 'Cochabamba', 201, 20102),
(87, 'Colcabamba', 201, 20103),
(88, 'Huanchay', 201, 20104),
(89, 'Independencia', 201, 20105),
(90, 'Jangas', 201, 20106),
(91, 'La Libertad', 201, 20107),
(92, 'Olleros', 201, 20108),
(93, 'Pampas Grande', 201, 20109),
(94, 'Pariacoto', 201, 20110),
(95, 'Pira', 201, 20111),
(96, 'Tarica', 201, 20112),
(97, 'Aija', 202, 20201),
(98, 'Coris', 202, 20202),
(99, 'Huacllan', 202, 20203),
(100, 'La Merced', 202, 20204),
(101, 'Succha', 202, 20205),
(102, 'Llamellin', 203, 20301),
(103, 'Aczo', 203, 20302),
(104, 'Chaccho', 203, 20303),
(105, 'Chingas', 203, 20304),
(106, 'Mirgas', 203, 20305),
(107, 'San Juan de Rontoy', 203, 20306),
(108, 'Chacas', 204, 20401),
(109, 'Acochaca', 204, 20402),
(110, 'Chiquian', 205, 20501),
(111, 'Abelardo Pardo Lezameta', 205, 20502),
(112, 'Antonio Raymondi', 205, 20503),
(113, 'Aquia', 205, 20504),
(114, 'Cajacay', 205, 20505),
(115, 'Canis', 205, 20506),
(116, 'Colquioc', 205, 20507),
(117, 'Huallanca', 205, 20508),
(118, 'Huasta', 205, 20509),
(119, 'Huayllacayan', 205, 20510),
(120, 'La Primavera', 205, 20511),
(121, 'Mangas', 205, 20512),
(122, 'Pacllon', 205, 20513),
(123, 'San Miguel de Corpanqui', 205, 20514),
(124, 'Ticllos', 205, 20515),
(125, 'Carhuaz', 206, 20601),
(126, 'Acopampa', 206, 20602),
(127, 'Amashca', 206, 20603),
(128, 'Anta', 206, 20604),
(129, 'Ataquero', 206, 20605),
(130, 'Marcara', 206, 20606),
(131, 'Pariahuanca', 206, 20607),
(132, 'San Miguel de Aco', 206, 20608),
(133, 'Shilla', 206, 20609),
(134, 'Tinco', 206, 20610),
(135, 'Yungar', 206, 20611),
(136, 'San Luis', 207, 20701),
(137, 'San Nicolás', 207, 20702),
(138, 'Yauya', 207, 20703),
(139, 'Casma', 208, 20801),
(140, 'Buena Vista Alta', 208, 20802),
(141, 'Comandante Noel', 208, 20803),
(142, 'Yautan', 208, 20804),
(143, 'Corongo', 209, 20901),
(144, 'Aco', 209, 20902),
(145, 'Bambas', 209, 20903),
(146, 'Cusca', 209, 20904),
(147, 'La Pampa', 209, 20905),
(148, 'Yanac', 209, 20906),
(149, 'Yupan', 209, 20907),
(150, 'Huari', 210, 21001),
(151, 'Anra', 210, 21002),
(152, 'Cajay', 210, 21003),
(153, 'Chavin de Huantar', 210, 21004),
(154, 'Huacachi', 210, 21005),
(155, 'Huacchis', 210, 21006),
(156, 'Huachis', 210, 21007),
(157, 'Huantar', 210, 21008),
(158, 'Masin', 210, 21009),
(159, 'Paucas', 210, 21010),
(160, 'Ponto', 210, 21011),
(161, 'Rahuapampa', 210, 21012),
(162, 'Rapayan', 210, 21013),
(163, 'San Marcos', 210, 21014),
(164, 'San Pedro de Chana', 210, 21015),
(165, 'Uco', 210, 21016),
(166, 'Huarmey', 211, 21101),
(167, 'Cochapeti', 211, 21102),
(168, 'Culebras', 211, 21103),
(169, 'Huayan', 211, 21104),
(170, 'Malvas', 211, 21105),
(171, 'Caraz', 212, 21201),
(172, 'Huallanca', 212, 21202),
(173, 'Huata', 212, 21203),
(174, 'Huaylas', 212, 21204),
(175, 'Mato', 212, 21205),
(176, 'Pamparomas', 212, 21206),
(177, 'Pueblo Libre', 212, 21207),
(178, 'Santa Cruz', 212, 21208),
(179, 'Santo Toribio', 212, 21209),
(180, 'Yuracmarca', 212, 21210),
(181, 'Piscobamba', 213, 21301),
(182, 'Casca', 213, 21302),
(183, 'Eleazar Guzmán Barron', 213, 21303),
(184, 'Fidel Olivas Escudero', 213, 21304),
(185, 'Llama', 213, 21305),
(186, 'Llumpa', 213, 21306),
(187, 'Lucma', 213, 21307),
(188, 'Musga', 213, 21308),
(189, 'Ocros', 214, 21401),
(190, 'Acas', 214, 21402),
(191, 'Cajamarquilla', 214, 21403),
(192, 'Carhuapampa', 214, 21404),
(193, 'Cochas', 214, 21405),
(194, 'Congas', 214, 21406),
(195, 'Llipa', 214, 21407),
(196, 'San Cristóbal de Rajan', 214, 21408),
(197, 'San Pedro', 214, 21409),
(198, 'Santiago de Chilcas', 214, 21410),
(199, 'Cabana', 215, 21501),
(200, 'Bolognesi', 215, 21502),
(201, 'Conchucos', 215, 21503),
(202, 'Huacaschuque', 215, 21504),
(203, 'Huandoval', 215, 21505),
(204, 'Lacabamba', 215, 21506),
(205, 'Llapo', 215, 21507),
(206, 'Pallasca', 215, 21508),
(207, 'Pampas', 215, 21509),
(208, 'Santa Rosa', 215, 21510),
(209, 'Tauca', 215, 21511),
(210, 'Pomabamba', 216, 21601),
(211, 'Huayllan', 216, 21602),
(212, 'Parobamba', 216, 21603),
(213, 'Quinuabamba', 216, 21604),
(214, 'Recuay', 217, 21701),
(215, 'Catac', 217, 21702),
(216, 'Cotaparaco', 217, 21703),
(217, 'Huayllapampa', 217, 21704),
(218, 'Llacllin', 217, 21705),
(219, 'Marca', 217, 21706),
(220, 'Pampas Chico', 217, 21707),
(221, 'Pararin', 217, 21708),
(222, 'Tapacocha', 217, 21709),
(223, 'Ticapampa', 217, 21710),
(224, 'Chimbote', 218, 21801),
(225, 'Cáceres del Perú', 218, 21802),
(226, 'Coishco', 218, 21803),
(227, 'Macate', 218, 21804),
(228, 'Moro', 218, 21805),
(229, 'Nepeña', 218, 21806),
(230, 'Samanco', 218, 21807),
(231, 'Santa', 218, 21808),
(232, 'Nuevo Chimbote', 218, 21809),
(233, 'Sihuas', 219, 21901),
(234, 'Acobamba', 219, 21902),
(235, 'Alfonso Ugarte', 219, 21903),
(236, 'Cashapampa', 219, 21904),
(237, 'Chingalpo', 219, 21905),
(238, 'Huayllabamba', 219, 21906),
(239, 'Quiches', 219, 21907),
(240, 'Ragash', 219, 21908),
(241, 'San Juan', 219, 21909),
(242, 'Sicsibamba', 219, 21910),
(243, 'Yungay', 220, 22001),
(244, 'Cascapara', 220, 22002),
(245, 'Mancos', 220, 22003),
(246, 'Matacoto', 220, 22004),
(247, 'Quillo', 220, 22005),
(248, 'Ranrahirca', 220, 22006),
(249, 'Shupluy', 220, 22007),
(250, 'Yanama', 220, 22008),
(251, 'Abancay', 301, 30101),
(252, 'Chacoche', 301, 30102),
(253, 'Circa', 301, 30103),
(254, 'Curahuasi', 301, 30104),
(255, 'Huanipaca', 301, 30105),
(256, 'Lambrama', 301, 30106),
(257, 'Pichirhua', 301, 30107),
(258, 'San Pedro de Cachora', 301, 30108),
(259, 'Tamburco', 301, 30109),
(260, 'Andahuaylas', 302, 30201),
(261, 'Andarapa', 302, 30202),
(262, 'Chiara', 302, 30203),
(263, 'Huancarama', 302, 30204),
(264, 'Huancaray', 302, 30205),
(265, 'Huayana', 302, 30206),
(266, 'Kishuara', 302, 30207),
(267, 'Pacobamba', 302, 30208),
(268, 'Pacucha', 302, 30209),
(269, 'Pampachiri', 302, 30210),
(270, 'Pomacocha', 302, 30211),
(271, 'San Antonio de Cachi', 302, 30212),
(272, 'San Jerónimo', 302, 30213),
(273, 'San Miguel de Chaccrampa', 302, 30214),
(274, 'Santa María de Chicmo', 302, 30215),
(275, 'Talavera', 302, 30216),
(276, 'Tumay Huaraca', 302, 30217),
(277, 'Turpo', 302, 30218),
(278, 'Kaquiabamba', 302, 30219),
(279, 'José María Arguedas', 302, 30220),
(280, 'Antabamba', 303, 30301),
(281, 'El Oro', 303, 30302),
(282, 'Huaquirca', 303, 30303),
(283, 'Juan Espinoza Medrano', 303, 30304),
(284, 'Oropesa', 303, 30305),
(285, 'Pachaconas', 303, 30306),
(286, 'Sabaino', 303, 30307),
(287, 'Chalhuanca', 304, 30401),
(288, 'Capaya', 304, 30402),
(289, 'Caraybamba', 304, 30403),
(290, 'Chapimarca', 304, 30404),
(291, 'Colcabamba', 304, 30405),
(292, 'Cotaruse', 304, 30406),
(293, 'Ihuayllo', 304, 30407),
(294, 'Justo Apu Sahuaraura', 304, 30408),
(295, 'Lucre', 304, 30409),
(296, 'Pocohuanca', 304, 30410),
(297, 'San Juan de Chacña', 304, 30411),
(298, 'Sañayca', 304, 30412),
(299, 'Soraya', 304, 30413),
(300, 'Tapairihua', 304, 30414),
(301, 'Tintay', 304, 30415),
(302, 'Toraya', 304, 30416),
(303, 'Yanaca', 304, 30417),
(304, 'Tambobamba', 305, 30501),
(305, 'Cotabambas', 305, 30502),
(306, 'Coyllurqui', 305, 30503),
(307, 'Haquira', 305, 30504),
(308, 'Mara', 305, 30505),
(309, 'Challhuahuacho', 305, 30506),
(310, 'Chincheros', 306, 30601),
(311, 'Anco_Huallo', 306, 30602),
(312, 'Cocharcas', 306, 30603),
(313, 'Huaccana', 306, 30604),
(314, 'Ocobamba', 306, 30605),
(315, 'Ongoy', 306, 30606),
(316, 'Uranmarca', 306, 30607),
(317, 'Ranracancha', 306, 30608),
(318, 'Rocchacc', 306, 30609),
(319, 'El Porvenir', 306, 30610),
(320, 'Los Chankas', 306, 30611),
(321, 'Chuquibambilla', 307, 30701),
(322, 'Curpahuasi', 307, 30702),
(323, 'Gamarra', 307, 30703),
(324, 'Huayllati', 307, 30704),
(325, 'Mamara', 307, 30705),
(326, 'Micaela Bastidas', 307, 30706),
(327, 'Pataypampa', 307, 30707),
(328, 'Progreso', 307, 30708),
(329, 'San Antonio', 307, 30709),
(330, 'Santa Rosa', 307, 30710),
(331, 'Turpay', 307, 30711),
(332, 'Vilcabamba', 307, 30712),
(333, 'Virundo', 307, 30713),
(334, 'Curasco', 307, 30714),
(335, 'Arequipa', 401, 40101),
(336, 'Alto Selva Alegre', 401, 40102),
(337, 'Cayma', 401, 40103),
(338, 'Cerro Colorado', 401, 40104),
(339, 'Characato', 401, 40105),
(340, 'Chiguata', 401, 40106),
(341, 'Jacobo Hunter', 401, 40107),
(342, 'La Joya', 401, 40108),
(343, 'Mariano Melgar', 401, 40109),
(344, 'Miraflores', 401, 40110),
(345, 'Mollebaya', 401, 40111),
(346, 'Paucarpata', 401, 40112),
(347, 'Pocsi', 401, 40113),
(348, 'Polobaya', 401, 40114),
(349, 'Quequeña', 401, 40115),
(350, 'Sabandia', 401, 40116),
(351, 'Sachaca', 401, 40117),
(352, 'San Juan de Siguas', 401, 40118),
(353, 'San Juan de Tarucani', 401, 40119),
(354, 'Santa Isabel de Siguas', 401, 40120),
(355, 'Santa Rita de Siguas', 401, 40121),
(356, 'Socabaya', 401, 40122),
(357, 'Tiabaya', 401, 40123),
(358, 'Uchumayo', 401, 40124),
(359, 'Vitor', 401, 40125),
(360, 'Yanahuara', 401, 40126),
(361, 'Yarabamba', 401, 40127),
(362, 'Yura', 401, 40128),
(363, 'José Luis Bustamante Y Rivero', 401, 40129),
(364, 'Camaná', 402, 40201),
(365, 'José María Quimper', 402, 40202),
(366, 'Mariano Nicolás Valcárcel', 402, 40203),
(367, 'Mariscal Cáceres', 402, 40204),
(368, 'Nicolás de Pierola', 402, 40205),
(369, 'Ocoña', 402, 40206),
(370, 'Quilca', 402, 40207),
(371, 'Samuel Pastor', 402, 40208),
(372, 'Caravelí', 403, 40301),
(373, 'Acarí', 403, 40302),
(374, 'Atico', 403, 40303),
(375, 'Atiquipa', 403, 40304),
(376, 'Bella Unión', 403, 40305),
(377, 'Cahuacho', 403, 40306),
(378, 'Chala', 403, 40307),
(379, 'Chaparra', 403, 40308),
(380, 'Huanuhuanu', 403, 40309),
(381, 'Jaqui', 403, 40310),
(382, 'Lomas', 403, 40311),
(383, 'Quicacha', 403, 40312),
(384, 'Yauca', 403, 40313),
(385, 'Aplao', 404, 40401),
(386, 'Andagua', 404, 40402),
(387, 'Ayo', 404, 40403),
(388, 'Chachas', 404, 40404),
(389, 'Chilcaymarca', 404, 40405),
(390, 'Choco', 404, 40406),
(391, 'Huancarqui', 404, 40407),
(392, 'Machaguay', 404, 40408),
(393, 'Orcopampa', 404, 40409),
(394, 'Pampacolca', 404, 40410),
(395, 'Tipan', 404, 40411),
(396, 'Uñon', 404, 40412),
(397, 'Uraca', 404, 40413),
(398, 'Viraco', 404, 40414),
(399, 'Chivay', 405, 40501),
(400, 'Achoma', 405, 40502),
(401, 'Cabanaconde', 405, 40503),
(402, 'Callalli', 405, 40504),
(403, 'Caylloma', 405, 40505),
(404, 'Coporaque', 405, 40506),
(405, 'Huambo', 405, 40507),
(406, 'Huanca', 405, 40508),
(407, 'Ichupampa', 405, 40509),
(408, 'Lari', 405, 40510),
(409, 'Lluta', 405, 40511),
(410, 'Maca', 405, 40512),
(411, 'Madrigal', 405, 40513),
(412, 'San Antonio de Chuca', 405, 40514),
(413, 'Sibayo', 405, 40515),
(414, 'Tapay', 405, 40516),
(415, 'Tisco', 405, 40517),
(416, 'Tuti', 405, 40518),
(417, 'Yanque', 405, 40519),
(418, 'Majes', 405, 40520),
(419, 'Chuquibamba', 406, 40601),
(420, 'Andaray', 406, 40602),
(421, 'Cayarani', 406, 40603),
(422, 'Chichas', 406, 40604),
(423, 'Iray', 406, 40605),
(424, 'Río Grande', 406, 40606),
(425, 'Salamanca', 406, 40607),
(426, 'Yanaquihua', 406, 40608),
(427, 'Mollendo', 407, 40701),
(428, 'Cocachacra', 407, 40702),
(429, 'Dean Valdivia', 407, 40703),
(430, 'Islay', 407, 40704),
(431, 'Mejia', 407, 40705),
(432, 'Punta de Bombón', 407, 40706),
(433, 'Cotahuasi', 408, 40801),
(434, 'Alca', 408, 40802),
(435, 'Charcana', 408, 40803),
(436, 'Huaynacotas', 408, 40804),
(437, 'Pampamarca', 408, 40805),
(438, 'Puyca', 408, 40806),
(439, 'Quechualla', 408, 40807),
(440, 'Sayla', 408, 40808),
(441, 'Tauria', 408, 40809),
(442, 'Tomepampa', 408, 40810),
(443, 'Toro', 408, 40811),
(444, 'Ayacucho', 501, 50101),
(445, 'Acocro', 501, 50102),
(446, 'Acos Vinchos', 501, 50103),
(447, 'Carmen Alto', 501, 50104),
(448, 'Chiara', 501, 50105),
(449, 'Ocros', 501, 50106),
(450, 'Pacaycasa', 501, 50107),
(451, 'Quinua', 501, 50108),
(452, 'San José de Ticllas', 501, 50109),
(453, 'San Juan Bautista', 501, 50110),
(454, 'Santiago de Pischa', 501, 50111),
(455, 'Socos', 501, 50112),
(456, 'Tambillo', 501, 50113),
(457, 'Vinchos', 501, 50114),
(458, 'Jesús Nazareno', 501, 50115),
(459, 'Andrés Avelino Cáceres Dorregaray', 501, 50116),
(460, 'Cangallo', 502, 50201),
(461, 'Chuschi', 502, 50202),
(462, 'Los Morochucos', 502, 50203),
(463, 'María Parado de Bellido', 502, 50204),
(464, 'Paras', 502, 50205),
(465, 'Totos', 502, 50206),
(466, 'Sancos', 503, 50301),
(467, 'Carapo', 503, 50302),
(468, 'Sacsamarca', 503, 50303),
(469, 'Santiago de Lucanamarca', 503, 50304),
(470, 'Huanta', 504, 50401),
(471, 'Ayahuanco', 504, 50402),
(472, 'Huamanguilla', 504, 50403),
(473, 'Iguain', 504, 50404),
(474, 'Luricocha', 504, 50405),
(475, 'Santillana', 504, 50406),
(476, 'Sivia', 504, 50407),
(477, 'Llochegua', 504, 50408),
(478, 'Canayre', 504, 50409),
(479, 'Uchuraccay', 504, 50410),
(480, 'Pucacolpa', 504, 50411),
(481, 'Chaca', 504, 50412),
(482, 'San Miguel', 505, 50501),
(483, 'Anco', 505, 50502),
(484, 'Ayna', 505, 50503),
(485, 'Chilcas', 505, 50504),
(486, 'Chungui', 505, 50505),
(487, 'Luis Carranza', 505, 50506),
(488, 'Santa Rosa', 505, 50507),
(489, 'Tambo', 505, 50508),
(490, 'Samugari', 505, 50509),
(491, 'Anchihuay', 505, 50510),
(492, 'Oronccoy', 505, 50511),
(493, 'Puquio', 506, 50601),
(494, 'Aucara', 506, 50602),
(495, 'Cabana', 506, 50603),
(496, 'Carmen Salcedo', 506, 50604),
(497, 'Chaviña', 506, 50605),
(498, 'Chipao', 506, 50606),
(499, 'Huac-Huas', 506, 50607),
(500, 'Laramate', 506, 50608),
(501, 'Leoncio Prado', 506, 50609),
(502, 'Llauta', 506, 50610),
(503, 'Lucanas', 506, 50611),
(504, 'Ocaña', 506, 50612),
(505, 'Otoca', 506, 50613),
(506, 'Saisa', 506, 50614),
(507, 'San Cristóbal', 506, 50615),
(508, 'San Juan', 506, 50616),
(509, 'San Pedro', 506, 50617),
(510, 'San Pedro de Palco', 506, 50618),
(511, 'Sancos', 506, 50619),
(512, 'Santa Ana de Huaycahuacho', 506, 50620),
(513, 'Santa Lucia', 506, 50621),
(514, 'Coracora', 507, 50701),
(515, 'Chumpi', 507, 50702),
(516, 'Coronel Castañeda', 507, 50703),
(517, 'Pacapausa', 507, 50704),
(518, 'Pullo', 507, 50705),
(519, 'Puyusca', 507, 50706),
(520, 'San Francisco de Ravacayco', 507, 50707),
(521, 'Upahuacho', 507, 50708),
(522, 'Pausa', 508, 50801),
(523, 'Colta', 508, 50802),
(524, 'Corculla', 508, 50803),
(525, 'Lampa', 508, 50804),
(526, 'Marcabamba', 508, 50805),
(527, 'Oyolo', 508, 50806),
(528, 'Pararca', 508, 50807),
(529, 'San Javier de Alpabamba', 508, 50808),
(530, 'San José de Ushua', 508, 50809),
(531, 'Sara Sara', 508, 50810),
(532, 'Querobamba', 509, 50901),
(533, 'Belén', 509, 50902),
(534, 'Chalcos', 509, 50903),
(535, 'Chilcayoc', 509, 50904),
(536, 'Huacaña', 509, 50905),
(537, 'Morcolla', 509, 50906),
(538, 'Paico', 509, 50907),
(539, 'San Pedro de Larcay', 509, 50908),
(540, 'San Salvador de Quije', 509, 50909),
(541, 'Santiago de Paucaray', 509, 50910),
(542, 'Soras', 509, 50911),
(543, 'Huancapi', 510, 51001),
(544, 'Alcamenca', 510, 51002),
(545, 'Apongo', 510, 51003),
(546, 'Asquipata', 510, 51004),
(547, 'Canaria', 510, 51005),
(548, 'Cayara', 510, 51006),
(549, 'Colca', 510, 51007),
(550, 'Huamanquiquia', 510, 51008),
(551, 'Huancaraylla', 510, 51009),
(552, 'Hualla', 510, 51010),
(553, 'Sarhua', 510, 51011),
(554, 'Vilcanchos', 510, 51012),
(555, 'Vilcas Huaman', 511, 51101),
(556, 'Accomarca', 511, 51102),
(557, 'Carhuanca', 511, 51103),
(558, 'Concepción', 511, 51104),
(559, 'Huambalpa', 511, 51105),
(560, 'Independencia', 511, 51106),
(561, 'Saurama', 511, 51107),
(562, 'Vischongo', 511, 51108),
(563, 'Cajamarca', 601, 60101),
(564, 'Asunción', 601, 60102),
(565, 'Chetilla', 601, 60103),
(566, 'Cospan', 601, 60104),
(567, 'Encañada', 601, 60105),
(568, 'Jesús', 601, 60106),
(569, 'Llacanora', 601, 60107),
(570, 'Los Baños del Inca', 601, 60108),
(571, 'Magdalena', 601, 60109),
(572, 'Matara', 601, 60110),
(573, 'Namora', 601, 60111),
(574, 'San Juan', 601, 60112),
(575, 'Cajabamba', 602, 60201),
(576, 'Cachachi', 602, 60202),
(577, 'Condebamba', 602, 60203),
(578, 'Sitacocha', 602, 60204),
(579, 'Celendín', 603, 60301),
(580, 'Chumuch', 603, 60302),
(581, 'Cortegana', 603, 60303),
(582, 'Huasmin', 603, 60304),
(583, 'Jorge Chávez', 603, 60305),
(584, 'José Gálvez', 603, 60306),
(585, 'Miguel Iglesias', 603, 60307),
(586, 'Oxamarca', 603, 60308),
(587, 'Sorochuco', 603, 60309),
(588, 'Sucre', 603, 60310),
(589, 'Utco', 603, 60311),
(590, 'La Libertad de Pallan', 603, 60312),
(591, 'Chota', 604, 60401),
(592, 'Anguia', 604, 60402),
(593, 'Chadin', 604, 60403),
(594, 'Chiguirip', 604, 60404),
(595, 'Chimban', 604, 60405),
(596, 'Choropampa', 604, 60406),
(597, 'Cochabamba', 604, 60407),
(598, 'Conchan', 604, 60408),
(599, 'Huambos', 604, 60409),
(600, 'Lajas', 604, 60410),
(601, 'Llama', 604, 60411),
(602, 'Miracosta', 604, 60412),
(603, 'Paccha', 604, 60413),
(604, 'Pion', 604, 60414),
(605, 'Querocoto', 604, 60415),
(606, 'San Juan de Licupis', 604, 60416),
(607, 'Tacabamba', 604, 60417),
(608, 'Tocmoche', 604, 60418),
(609, 'Chalamarca', 604, 60419),
(610, 'Contumaza', 605, 60501),
(611, 'Chilete', 605, 60502),
(612, 'Cupisnique', 605, 60503),
(613, 'Guzmango', 605, 60504),
(614, 'San Benito', 605, 60505),
(615, 'Santa Cruz de Toledo', 605, 60506),
(616, 'Tantarica', 605, 60507),
(617, 'Yonan', 605, 60508),
(618, 'Cutervo', 606, 60601),
(619, 'Callayuc', 606, 60602),
(620, 'Choros', 606, 60603),
(621, 'Cujillo', 606, 60604),
(622, 'La Ramada', 606, 60605),
(623, 'Pimpingos', 606, 60606),
(624, 'Querocotillo', 606, 60607),
(625, 'San Andrés de Cutervo', 606, 60608),
(626, 'San Juan de Cutervo', 606, 60609),
(627, 'San Luis de Lucma', 606, 60610),
(628, 'Santa Cruz', 606, 60611),
(629, 'Santo Domingo de la Capilla', 606, 60612),
(630, 'Santo Tomas', 606, 60613),
(631, 'Socota', 606, 60614),
(632, 'Toribio Casanova', 606, 60615),
(633, 'Bambamarca', 607, 60701),
(634, 'Chugur', 607, 60702),
(635, 'Hualgayoc', 607, 60703),
(636, 'Jaén', 608, 60801),
(637, 'Bellavista', 608, 60802),
(638, 'Chontali', 608, 60803),
(639, 'Colasay', 608, 60804),
(640, 'Huabal', 608, 60805),
(641, 'Las Pirias', 608, 60806),
(642, 'Pomahuaca', 608, 60807),
(643, 'Pucara', 608, 60808),
(644, 'Sallique', 608, 60809),
(645, 'San Felipe', 608, 60810),
(646, 'San José del Alto', 608, 60811),
(647, 'Santa Rosa', 608, 60812),
(648, 'San Ignacio', 609, 60901),
(649, 'Chirinos', 609, 60902),
(650, 'Huarango', 609, 60903),
(651, 'La Coipa', 609, 60904),
(652, 'Namballe', 609, 60905),
(653, 'San José de Lourdes', 609, 60906),
(654, 'Tabaconas', 609, 60907),
(655, 'Pedro Gálvez', 610, 61001),
(656, 'Chancay', 610, 61002),
(657, 'Eduardo Villanueva', 610, 61003),
(658, 'Gregorio Pita', 610, 61004),
(659, 'Ichocan', 610, 61005),
(660, 'José Manuel Quiroz', 610, 61006),
(661, 'José Sabogal', 610, 61007),
(662, 'San Miguel', 611, 61101),
(663, 'Bolívar', 611, 61102),
(664, 'Calquis', 611, 61103),
(665, 'Catilluc', 611, 61104),
(666, 'El Prado', 611, 61105),
(667, 'La Florida', 611, 61106),
(668, 'Llapa', 611, 61107),
(669, 'Nanchoc', 611, 61108),
(670, 'Niepos', 611, 61109),
(671, 'San Gregorio', 611, 61110),
(672, 'San Silvestre de Cochan', 611, 61111),
(673, 'Tongod', 611, 61112),
(674, 'Unión Agua Blanca', 611, 61113),
(675, 'San Pablo', 612, 61201),
(676, 'San Bernardino', 612, 61202),
(677, 'San Luis', 612, 61203),
(678, 'Tumbaden', 612, 61204),
(679, 'Santa Cruz', 613, 61301),
(680, 'Andabamba', 613, 61302),
(681, 'Catache', 613, 61303),
(682, 'Chancaybaños', 613, 61304),
(683, 'La Esperanza', 613, 61305),
(684, 'Ninabamba', 613, 61306),
(685, 'Pulan', 613, 61307),
(686, 'Saucepampa', 613, 61308),
(687, 'Sexi', 613, 61309),
(688, 'Uticyacu', 613, 61310),
(689, 'Yauyucan', 613, 61311),
(690, 'Callao', 701, 70101),
(691, 'Bellavista', 701, 70102),
(692, 'Carmen de la Legua Reynoso', 701, 70103),
(693, 'La Perla', 701, 70104),
(694, 'La Punta', 701, 70105),
(695, 'Ventanilla', 701, 70106),
(696, 'Mi Perú', 701, 70107),
(697, 'Cusco', 801, 80101),
(698, 'Ccorca', 801, 80102),
(699, 'Poroy', 801, 80103),
(700, 'San Jerónimo', 801, 80104),
(701, 'San Sebastian', 801, 80105),
(702, 'Santiago', 801, 80106),
(703, 'Saylla', 801, 80107),
(704, 'Wanchaq', 801, 80108),
(705, 'Acomayo', 802, 80201),
(706, 'Acopia', 802, 80202),
(707, 'Acos', 802, 80203),
(708, 'Mosoc Llacta', 802, 80204),
(709, 'Pomacanchi', 802, 80205),
(710, 'Rondocan', 802, 80206),
(711, 'Sangarara', 802, 80207),
(712, 'Anta', 803, 80301),
(713, 'Ancahuasi', 803, 80302),
(714, 'Cachimayo', 803, 80303),
(715, 'Chinchaypujio', 803, 80304),
(716, 'Huarocondo', 803, 80305),
(717, 'Limatambo', 803, 80306),
(718, 'Mollepata', 803, 80307),
(719, 'Pucyura', 803, 80308),
(720, 'Zurite', 803, 80309),
(721, 'Calca', 804, 80401),
(722, 'Coya', 804, 80402),
(723, 'Lamay', 804, 80403),
(724, 'Lares', 804, 80404),
(725, 'Pisac', 804, 80405),
(726, 'San Salvador', 804, 80406),
(727, 'Taray', 804, 80407),
(728, 'Yanatile', 804, 80408),
(729, 'Yanaoca', 805, 80501),
(730, 'Checca', 805, 80502),
(731, 'Kunturkanki', 805, 80503),
(732, 'Langui', 805, 80504),
(733, 'Layo', 805, 80505),
(734, 'Pampamarca', 805, 80506),
(735, 'Quehue', 805, 80507),
(736, 'Tupac Amaru', 805, 80508),
(737, 'Sicuani', 806, 80601),
(738, 'Checacupe', 806, 80602),
(739, 'Combapata', 806, 80603),
(740, 'Marangani', 806, 80604),
(741, 'Pitumarca', 806, 80605),
(742, 'San Pablo', 806, 80606),
(743, 'San Pedro', 806, 80607),
(744, 'Tinta', 806, 80608),
(745, 'Santo Tomas', 807, 80701),
(746, 'Capacmarca', 807, 80702),
(747, 'Chamaca', 807, 80703),
(748, 'Colquemarca', 807, 80704),
(749, 'Livitaca', 807, 80705),
(750, 'Llusco', 807, 80706),
(751, 'Quiñota', 807, 80707),
(752, 'Velille', 807, 80708),
(753, 'Espinar', 808, 80801),
(754, 'Condoroma', 808, 80802),
(755, 'Coporaque', 808, 80803),
(756, 'Ocoruro', 808, 80804),
(757, 'Pallpata', 808, 80805),
(758, 'Pichigua', 808, 80806),
(759, 'Suyckutambo', 808, 80807),
(760, 'Alto Pichigua', 808, 80808),
(761, 'Santa Ana', 809, 80901),
(762, 'Echarate', 809, 80902),
(763, 'Huayopata', 809, 80903),
(764, 'Maranura', 809, 80904),
(765, 'Ocobamba', 809, 80905),
(766, 'Quellouno', 809, 80906),
(767, 'Kimbiri', 809, 80907),
(768, 'Santa Teresa', 809, 80908),
(769, 'Vilcabamba', 809, 80909),
(770, 'Pichari', 809, 80910),
(771, 'Inkawasi', 809, 80911),
(772, 'Villa Virgen', 809, 80912),
(773, 'Villa Kintiarina', 809, 80913),
(774, 'Megantoni', 809, 80914),
(775, 'Paruro', 810, 81001),
(776, 'Accha', 810, 81002),
(777, 'Ccapi', 810, 81003),
(778, 'Colcha', 810, 81004),
(779, 'Huanoquite', 810, 81005),
(780, 'Omacha', 810, 81006),
(781, 'Paccaritambo', 810, 81007),
(782, 'Pillpinto', 810, 81008),
(783, 'Yaurisque', 810, 81009),
(784, 'Paucartambo', 811, 81101),
(785, 'Caicay', 811, 81102),
(786, 'Challabamba', 811, 81103),
(787, 'Colquepata', 811, 81104),
(788, 'Huancarani', 811, 81105),
(789, 'Kosñipata', 811, 81106),
(790, 'Urcos', 812, 81201),
(791, 'Andahuaylillas', 812, 81202),
(792, 'Camanti', 812, 81203),
(793, 'Ccarhuayo', 812, 81204),
(794, 'Ccatca', 812, 81205),
(795, 'Cusipata', 812, 81206),
(796, 'Huaro', 812, 81207),
(797, 'Lucre', 812, 81208),
(798, 'Marcapata', 812, 81209),
(799, 'Ocongate', 812, 81210),
(800, 'Oropesa', 812, 81211),
(801, 'Quiquijana', 812, 81212),
(802, 'Urubamba', 813, 81301),
(803, 'Chinchero', 813, 81302),
(804, 'Huayllabamba', 813, 81303),
(805, 'Machupicchu', 813, 81304),
(806, 'Maras', 813, 81305),
(807, 'Ollantaytambo', 813, 81306),
(808, 'Yucay', 813, 81307),
(809, 'Huancavelica', 901, 90101),
(810, 'Acobambilla', 901, 90102),
(811, 'Acoria', 901, 90103),
(812, 'Conayca', 901, 90104),
(813, 'Cuenca', 901, 90105),
(814, 'Huachocolpa', 901, 90106),
(815, 'Huayllahuara', 901, 90107),
(816, 'Izcuchaca', 901, 90108),
(817, 'Laria', 901, 90109),
(818, 'Manta', 901, 90110),
(819, 'Mariscal Cáceres', 901, 90111),
(820, 'Moya', 901, 90112),
(821, 'Nuevo Occoro', 901, 90113),
(822, 'Palca', 901, 90114),
(823, 'Pilchaca', 901, 90115),
(824, 'Vilca', 901, 90116),
(825, 'Yauli', 901, 90117),
(826, 'Ascensión', 901, 90118),
(827, 'Huando', 901, 90119),
(828, 'Acobamba', 902, 90201),
(829, 'Andabamba', 902, 90202),
(830, 'Anta', 902, 90203),
(831, 'Caja', 902, 90204),
(832, 'Marcas', 902, 90205),
(833, 'Paucara', 902, 90206),
(834, 'Pomacocha', 902, 90207),
(835, 'Rosario', 902, 90208),
(836, 'Lircay', 903, 90301),
(837, 'Anchonga', 903, 90302),
(838, 'Callanmarca', 903, 90303),
(839, 'Ccochaccasa', 903, 90304),
(840, 'Chincho', 903, 90305),
(841, 'Congalla', 903, 90306),
(842, 'Huanca-Huanca', 903, 90307),
(843, 'Huayllay Grande', 903, 90308),
(844, 'Julcamarca', 903, 90309),
(845, 'San Antonio de Antaparco', 903, 90310),
(846, 'Santo Tomas de Pata', 903, 90311),
(847, 'Secclla', 903, 90312),
(848, 'Castrovirreyna', 904, 90401),
(849, 'Arma', 904, 90402),
(850, 'Aurahua', 904, 90403),
(851, 'Capillas', 904, 90404),
(852, 'Chupamarca', 904, 90405),
(853, 'Cocas', 904, 90406),
(854, 'Huachos', 904, 90407),
(855, 'Huamatambo', 904, 90408),
(856, 'Mollepampa', 904, 90409),
(857, 'San Juan', 904, 90410),
(858, 'Santa Ana', 904, 90411),
(859, 'Tantara', 904, 90412),
(860, 'Ticrapo', 904, 90413),
(861, 'Churcampa', 905, 90501),
(862, 'Anco', 905, 90502),
(863, 'Chinchihuasi', 905, 90503),
(864, 'El Carmen', 905, 90504),
(865, 'La Merced', 905, 90505),
(866, 'Locroja', 905, 90506),
(867, 'Paucarbamba', 905, 90507),
(868, 'San Miguel de Mayocc', 905, 90508),
(869, 'San Pedro de Coris', 905, 90509),
(870, 'Pachamarca', 905, 90510),
(871, 'Cosme', 905, 90511),
(872, 'Huaytara', 906, 90601),
(873, 'Ayavi', 906, 90602),
(874, 'Córdova', 906, 90603),
(875, 'Huayacundo Arma', 906, 90604),
(876, 'Laramarca', 906, 90605),
(877, 'Ocoyo', 906, 90606),
(878, 'Pilpichaca', 906, 90607),
(879, 'Querco', 906, 90608),
(880, 'Quito-Arma', 906, 90609),
(881, 'San Antonio de Cusicancha', 906, 90610),
(882, 'San Francisco de Sangayaico', 906, 90611),
(883, 'San Isidro', 906, 90612),
(884, 'Santiago de Chocorvos', 906, 90613),
(885, 'Santiago de Quirahuara', 906, 90614),
(886, 'Santo Domingo de Capillas', 906, 90615),
(887, 'Tambo', 906, 90616),
(888, 'Pampas', 907, 90701),
(889, 'Acostambo', 907, 90702),
(890, 'Acraquia', 907, 90703),
(891, 'Ahuaycha', 907, 90704),
(892, 'Colcabamba', 907, 90705),
(893, 'Daniel Hernández', 907, 90706),
(894, 'Huachocolpa', 907, 90707),
(895, 'Huaribamba', 907, 90709),
(896, 'Ñahuimpuquio', 907, 90710),
(897, 'Pazos', 907, 90711),
(898, 'Quishuar', 907, 90713),
(899, 'Salcabamba', 907, 90714),
(900, 'Salcahuasi', 907, 90715),
(901, 'San Marcos de Rocchac', 907, 90716),
(902, 'Surcubamba', 907, 90717),
(903, 'Tintay Puncu', 907, 90718),
(904, 'Quichuas', 907, 90719),
(905, 'Andaymarca', 907, 90720),
(906, 'Roble', 907, 90721),
(907, 'Pichos', 907, 90722),
(908, 'Santiago de Tucuma', 907, 90723),
(909, 'Huanuco', 1001, 100101),
(910, 'Amarilis', 1001, 100102),
(911, 'Chinchao', 1001, 100103),
(912, 'Churubamba', 1001, 100104),
(913, 'Margos', 1001, 100105),
(914, 'Quisqui (Kichki)', 1001, 100106),
(915, 'San Francisco de Cayran', 1001, 100107),
(916, 'San Pedro de Chaulan', 1001, 100108),
(917, 'Santa María del Valle', 1001, 100109),
(918, 'Yarumayo', 1001, 100110),
(919, 'Pillco Marca', 1001, 100111),
(920, 'Yacus', 1001, 100112),
(921, 'San Pablo de Pillao', 1001, 100113),
(922, 'Ambo', 1002, 100201),
(923, 'Cayna', 1002, 100202),
(924, 'Colpas', 1002, 100203),
(925, 'Conchamarca', 1002, 100204),
(926, 'Huacar', 1002, 100205),
(927, 'San Francisco', 1002, 100206),
(928, 'San Rafael', 1002, 100207),
(929, 'Tomay Kichwa', 1002, 100208),
(930, 'La Unión', 1003, 100301),
(931, 'Chuquis', 1003, 100307),
(932, 'Marías', 1003, 100311),
(933, 'Pachas', 1003, 100313),
(934, 'Quivilla', 1003, 100316),
(935, 'Ripan', 1003, 100317),
(936, 'Shunqui', 1003, 100321),
(937, 'Sillapata', 1003, 100322),
(938, 'Yanas', 1003, 100323),
(939, 'Huacaybamba', 1004, 100401),
(940, 'Canchabamba', 1004, 100402),
(941, 'Cochabamba', 1004, 100403),
(942, 'Pinra', 1004, 100404),
(943, 'Llata', 1005, 100501),
(944, 'Arancay', 1005, 100502),
(945, 'Chavín de Pariarca', 1005, 100503),
(946, 'Jacas Grande', 1005, 100504),
(947, 'Jircan', 1005, 100505),
(948, 'Miraflores', 1005, 100506),
(949, 'Monzón', 1005, 100507),
(950, 'Punchao', 1005, 100508),
(951, 'Puños', 1005, 100509),
(952, 'Singa', 1005, 100510),
(953, 'Tantamayo', 1005, 100511),
(954, 'Rupa-Rupa', 1006, 100601),
(955, 'Daniel Alomía Robles', 1006, 100602),
(956, 'Hermílio Valdizan', 1006, 100603),
(957, 'José Crespo y Castillo', 1006, 100604),
(958, 'Luyando', 1006, 100605),
(959, 'Mariano Damaso Beraun', 1006, 100606),
(960, 'Pucayacu', 1006, 100607),
(961, 'Castillo Grande', 1006, 100608),
(962, 'Pueblo Nuevo', 1006, 100609),
(963, 'Santo Domingo de Anda', 1006, 100610),
(964, 'Huacrachuco', 1007, 100701),
(965, 'Cholon', 1007, 100702),
(966, 'San Buenaventura', 1007, 100703),
(967, 'La Morada', 1007, 100704),
(968, 'Santa Rosa de Alto Yanajanca', 1007, 100705),
(969, 'Panao', 1008, 100801),
(970, 'Chaglla', 1008, 100802),
(971, 'Molino', 1008, 100803),
(972, 'Umari', 1008, 100804),
(973, 'Puerto Inca', 1009, 100901),
(974, 'Codo del Pozuzo', 1009, 100902),
(975, 'Honoria', 1009, 100903),
(976, 'Tournavista', 1009, 100904),
(977, 'Yuyapichis', 1009, 100905),
(978, 'Jesús', 1010, 101001),
(979, 'Baños', 1010, 101002),
(980, 'Jivia', 1010, 101003),
(981, 'Queropalca', 1010, 101004),
(982, 'Rondos', 1010, 101005),
(983, 'San Francisco de Asís', 1010, 101006),
(984, 'San Miguel de Cauri', 1010, 101007),
(985, 'Chavinillo', 1011, 101101),
(986, 'Cahuac', 1011, 101102),
(987, 'Chacabamba', 1011, 101103),
(988, 'Aparicio Pomares', 1011, 101104),
(989, 'Jacas Chico', 1011, 101105),
(990, 'Obas', 1011, 101106),
(991, 'Pampamarca', 1011, 101107),
(992, 'Choras', 1011, 101108),
(993, 'Ica', 1101, 110101),
(994, 'La Tinguiña', 1101, 110102),
(995, 'Los Aquijes', 1101, 110103),
(996, 'Ocucaje', 1101, 110104),
(997, 'Pachacutec', 1101, 110105),
(998, 'Parcona', 1101, 110106),
(999, 'Pueblo Nuevo', 1101, 110107),
(1000, 'Salas', 1101, 110108),
(1001, 'San José de Los Molinos', 1101, 110109),
(1002, 'San Juan Bautista', 1101, 110110),
(1003, 'Santiago', 1101, 110111),
(1004, 'Subtanjalla', 1101, 110112),
(1005, 'Tate', 1101, 110113),
(1006, 'Yauca del Rosario', 1101, 110114),
(1007, 'Chincha Alta', 1102, 110201),
(1008, 'Alto Laran', 1102, 110202),
(1009, 'Chavin', 1102, 110203),
(1010, 'Chincha Baja', 1102, 110204),
(1011, 'El Carmen', 1102, 110205),
(1012, 'Grocio Prado', 1102, 110206),
(1013, 'Pueblo Nuevo', 1102, 110207),
(1014, 'San Juan de Yanac', 1102, 110208),
(1015, 'San Pedro de Huacarpana', 1102, 110209),
(1016, 'Sunampe', 1102, 110210),
(1017, 'Tambo de Mora', 1102, 110211),
(1018, 'Nasca', 1103, 110301),
(1019, 'Changuillo', 1103, 110302),
(1020, 'El Ingenio', 1103, 110303),
(1021, 'Marcona', 1103, 110304),
(1022, 'Vista Alegre', 1103, 110305),
(1023, 'Palpa', 1104, 110401),
(1024, 'Llipata', 1104, 110402),
(1025, 'Río Grande', 1104, 110403),
(1026, 'Santa Cruz', 1104, 110404),
(1027, 'Tibillo', 1104, 110405),
(1028, 'Pisco', 1105, 110501),
(1029, 'Huancano', 1105, 110502),
(1030, 'Humay', 1105, 110503),
(1031, 'Independencia', 1105, 110504),
(1032, 'Paracas', 1105, 110505),
(1033, 'San Andrés', 1105, 110506),
(1034, 'San Clemente', 1105, 110507),
(1035, 'Tupac Amaru Inca', 1105, 110508),
(1036, 'Huancayo', 1201, 120101),
(1037, 'Carhuacallanga', 1201, 120104),
(1038, 'Chacapampa', 1201, 120105),
(1039, 'Chicche', 1201, 120106),
(1040, 'Chilca', 1201, 120107),
(1041, 'Chongos Alto', 1201, 120108),
(1042, 'Chupuro', 1201, 120111),
(1043, 'Colca', 1201, 120112),
(1044, 'Cullhuas', 1201, 120113),
(1045, 'El Tambo', 1201, 120114),
(1046, 'Huacrapuquio', 1201, 120116),
(1047, 'Hualhuas', 1201, 120117),
(1048, 'Huancan', 1201, 120119),
(1049, 'Huasicancha', 1201, 120120),
(1050, 'Huayucachi', 1201, 120121),
(1051, 'Ingenio', 1201, 120122),
(1052, 'Pariahuanca', 1201, 120124),
(1053, 'Pilcomayo', 1201, 120125),
(1054, 'Pucara', 1201, 120126),
(1055, 'Quichuay', 1201, 120127),
(1056, 'Quilcas', 1201, 120128),
(1057, 'San Agustín', 1201, 120129),
(1058, 'San Jerónimo de Tunan', 1201, 120130),
(1059, 'Saño', 1201, 120132),
(1060, 'Sapallanga', 1201, 120133),
(1061, 'Sicaya', 1201, 120134),
(1062, 'Santo Domingo de Acobamba', 1201, 120135),
(1063, 'Viques', 1201, 120136),
(1064, 'Concepción', 1202, 120201),
(1065, 'Aco', 1202, 120202),
(1066, 'Andamarca', 1202, 120203),
(1067, 'Chambara', 1202, 120204),
(1068, 'Cochas', 1202, 120205),
(1069, 'Comas', 1202, 120206),
(1070, 'Heroínas Toledo', 1202, 120207),
(1071, 'Manzanares', 1202, 120208),
(1072, 'Mariscal Castilla', 1202, 120209),
(1073, 'Matahuasi', 1202, 120210),
(1074, 'Mito', 1202, 120211),
(1075, 'Nueve de Julio', 1202, 120212),
(1076, 'Orcotuna', 1202, 120213),
(1077, 'San José de Quero', 1202, 120214),
(1078, 'Santa Rosa de Ocopa', 1202, 120215),
(1079, 'Chanchamayo', 1203, 120301),
(1080, 'Perene', 1203, 120302),
(1081, 'Pichanaqui', 1203, 120303),
(1082, 'San Luis de Shuaro', 1203, 120304),
(1083, 'San Ramón', 1203, 120305),
(1084, 'Vitoc', 1203, 120306),
(1085, 'Jauja', 1204, 120401),
(1086, 'Acolla', 1204, 120402),
(1087, 'Apata', 1204, 120403),
(1088, 'Ataura', 1204, 120404),
(1089, 'Canchayllo', 1204, 120405),
(1090, 'Curicaca', 1204, 120406),
(1091, 'El Mantaro', 1204, 120407),
(1092, 'Huamali', 1204, 120408),
(1093, 'Huaripampa', 1204, 120409),
(1094, 'Huertas', 1204, 120410),
(1095, 'Janjaillo', 1204, 120411),
(1096, 'Julcán', 1204, 120412),
(1097, 'Leonor Ordóñez', 1204, 120413),
(1098, 'Llocllapampa', 1204, 120414),
(1099, 'Marco', 1204, 120415),
(1100, 'Masma', 1204, 120416),
(1101, 'Masma Chicche', 1204, 120417),
(1102, 'Molinos', 1204, 120418),
(1103, 'Monobamba', 1204, 120419),
(1104, 'Muqui', 1204, 120420),
(1105, 'Muquiyauyo', 1204, 120421),
(1106, 'Paca', 1204, 120422),
(1107, 'Paccha', 1204, 120423),
(1108, 'Pancan', 1204, 120424),
(1109, 'Parco', 1204, 120425),
(1110, 'Pomacancha', 1204, 120426),
(1111, 'Ricran', 1204, 120427),
(1112, 'San Lorenzo', 1204, 120428),
(1113, 'San Pedro de Chunan', 1204, 120429),
(1114, 'Sausa', 1204, 120430),
(1115, 'Sincos', 1204, 120431),
(1116, 'Tunan Marca', 1204, 120432),
(1117, 'Yauli', 1204, 120433),
(1118, 'Yauyos', 1204, 120434),
(1119, 'Junin', 1205, 120501),
(1120, 'Carhuamayo', 1205, 120502),
(1121, 'Ondores', 1205, 120503),
(1122, 'Ulcumayo', 1205, 120504),
(1123, 'Satipo', 1206, 120601),
(1124, 'Coviriali', 1206, 120602),
(1125, 'Llaylla', 1206, 120603),
(1126, 'Mazamari', 1206, 120604),
(1127, 'Pampa Hermosa', 1206, 120605),
(1128, 'Pangoa', 1206, 120606),
(1129, 'Río Negro', 1206, 120607),
(1130, 'Río Tambo', 1206, 120608),
(1131, 'Vizcatan del Ene', 1206, 120609),
(1132, 'Tarma', 1207, 120701),
(1133, 'Acobamba', 1207, 120702),
(1134, 'Huaricolca', 1207, 120703),
(1135, 'Huasahuasi', 1207, 120704),
(1136, 'La Unión', 1207, 120705),
(1137, 'Palca', 1207, 120706),
(1138, 'Palcamayo', 1207, 120707),
(1139, 'San Pedro de Cajas', 1207, 120708),
(1140, 'Tapo', 1207, 120709),
(1141, 'La Oroya', 1208, 120801),
(1142, 'Chacapalpa', 1208, 120802),
(1143, 'Huay-Huay', 1208, 120803),
(1144, 'Marcapomacocha', 1208, 120804),
(1145, 'Morococha', 1208, 120805),
(1146, 'Paccha', 1208, 120806),
(1147, 'Santa Bárbara de Carhuacayan', 1208, 120807),
(1148, 'Santa Rosa de Sacco', 1208, 120808),
(1149, 'Suitucancha', 1208, 120809),
(1150, 'Yauli', 1208, 120810),
(1151, 'Chupaca', 1209, 120901),
(1152, 'Ahuac', 1209, 120902),
(1153, 'Chongos Bajo', 1209, 120903),
(1154, 'Huachac', 1209, 120904),
(1155, 'Huamancaca Chico', 1209, 120905),
(1156, 'San Juan de Iscos', 1209, 120906),
(1157, 'San Juan de Jarpa', 1209, 120907),
(1158, 'Tres de Diciembre', 1209, 120908),
(1159, 'Yanacancha', 1209, 120909),
(1160, 'Trujillo', 1301, 130101),
(1161, 'El Porvenir', 1301, 130102),
(1162, 'Florencia de Mora', 1301, 130103),
(1163, 'Huanchaco', 1301, 130104),
(1164, 'La Esperanza', 1301, 130105),
(1165, 'Laredo', 1301, 130106),
(1166, 'Moche', 1301, 130107),
(1167, 'Poroto', 1301, 130108),
(1168, 'Salaverry', 1301, 130109),
(1169, 'Simbal', 1301, 130110),
(1170, 'Victor Larco Herrera', 1301, 130111),
(1171, 'Ascope', 1302, 130201),
(1172, 'Chicama', 1302, 130202),
(1173, 'Chocope', 1302, 130203),
(1174, 'Magdalena de Cao', 1302, 130204),
(1175, 'Paijan', 1302, 130205),
(1176, 'Rázuri', 1302, 130206),
(1177, 'Santiago de Cao', 1302, 130207),
(1178, 'Casa Grande', 1302, 130208),
(1179, 'Bolívar', 1303, 130301),
(1180, 'Bambamarca', 1303, 130302),
(1181, 'Condormarca', 1303, 130303),
(1182, 'Longotea', 1303, 130304),
(1183, 'Uchumarca', 1303, 130305),
(1184, 'Ucuncha', 1303, 130306),
(1185, 'Chepen', 1304, 130401),
(1186, 'Pacanga', 1304, 130402),
(1187, 'Pueblo Nuevo', 1304, 130403),
(1188, 'Julcan', 1305, 130501),
(1189, 'Calamarca', 1305, 130502),
(1190, 'Carabamba', 1305, 130503),
(1191, 'Huaso', 1305, 130504),
(1192, 'Otuzco', 1306, 130601),
(1193, 'Agallpampa', 1306, 130602),
(1194, 'Charat', 1306, 130604),
(1195, 'Huaranchal', 1306, 130605),
(1196, 'La Cuesta', 1306, 130606),
(1197, 'Mache', 1306, 130608),
(1198, 'Paranday', 1306, 130610),
(1199, 'Salpo', 1306, 130611),
(1200, 'Sinsicap', 1306, 130613),
(1201, 'Usquil', 1306, 130614),
(1202, 'San Pedro de Lloc', 1307, 130701),
(1203, 'Guadalupe', 1307, 130702),
(1204, 'Jequetepeque', 1307, 130703),
(1205, 'Pacasmayo', 1307, 130704),
(1206, 'San José', 1307, 130705),
(1207, 'Tayabamba', 1308, 130801),
(1208, 'Buldibuyo', 1308, 130802),
(1209, 'Chillia', 1308, 130803),
(1210, 'Huancaspata', 1308, 130804),
(1211, 'Huaylillas', 1308, 130805),
(1212, 'Huayo', 1308, 130806),
(1213, 'Ongon', 1308, 130807),
(1214, 'Parcoy', 1308, 130808),
(1215, 'Pataz', 1308, 130809),
(1216, 'Pias', 1308, 130810),
(1217, 'Santiago de Challas', 1308, 130811),
(1218, 'Taurija', 1308, 130812),
(1219, 'Urpay', 1308, 130813),
(1220, 'Huamachuco', 1309, 130901),
(1221, 'Chugay', 1309, 130902),
(1222, 'Cochorco', 1309, 130903),
(1223, 'Curgos', 1309, 130904),
(1224, 'Marcabal', 1309, 130905),
(1225, 'Sanagoran', 1309, 130906),
(1226, 'Sarin', 1309, 130907),
(1227, 'Sartimbamba', 1309, 130908),
(1228, 'Santiago de Chuco', 1310, 131001),
(1229, 'Angasmarca', 1310, 131002),
(1230, 'Cachicadan', 1310, 131003),
(1231, 'Mollebamba', 1310, 131004),
(1232, 'Mollepata', 1310, 131005),
(1233, 'Quiruvilca', 1310, 131006),
(1234, 'Santa Cruz de Chuca', 1310, 131007),
(1235, 'Sitabamba', 1310, 131008),
(1236, 'Cascas', 1311, 131101),
(1237, 'Lucma', 1311, 131102),
(1238, 'Marmot', 1311, 131103),
(1239, 'Sayapullo', 1311, 131104),
(1240, 'Viru', 1312, 131201),
(1241, 'Chao', 1312, 131202),
(1242, 'Guadalupito', 1312, 131203),
(1243, 'Chiclayo', 1401, 140101),
(1244, 'Chongoyape', 1401, 140102),
(1245, 'Eten', 1401, 140103),
(1246, 'Eten Puerto', 1401, 140104),
(1247, 'José Leonardo Ortiz', 1401, 140105),
(1248, 'La Victoria', 1401, 140106),
(1249, 'Lagunas', 1401, 140107),
(1250, 'Monsefu', 1401, 140108),
(1251, 'Nueva Arica', 1401, 140109),
(1252, 'Oyotun', 1401, 140110),
(1253, 'Picsi', 1401, 140111),
(1254, 'Pimentel', 1401, 140112),
(1255, 'Reque', 1401, 140113),
(1256, 'Santa Rosa', 1401, 140114),
(1257, 'Saña', 1401, 140115),
(1258, 'Cayalti', 1401, 140116),
(1259, 'Patapo', 1401, 140117),
(1260, 'Pomalca', 1401, 140118),
(1261, 'Pucala', 1401, 140119),
(1262, 'Tuman', 1401, 140120),
(1263, 'Ferreñafe', 1402, 140201),
(1264, 'Cañaris', 1402, 140202),
(1265, 'Incahuasi', 1402, 140203),
(1266, 'Manuel Antonio Mesones Muro', 1402, 140204),
(1267, 'Pitipo', 1402, 140205),
(1268, 'Pueblo Nuevo', 1402, 140206),
(1269, 'Lambayeque', 1403, 140301),
(1270, 'Chochope', 1403, 140302),
(1271, 'Illimo', 1403, 140303),
(1272, 'Jayanca', 1403, 140304),
(1273, 'Mochumi', 1403, 140305),
(1274, 'Morrope', 1403, 140306),
(1275, 'Motupe', 1403, 140307),
(1276, 'Olmos', 1403, 140308),
(1277, 'Pacora', 1403, 140309),
(1278, 'Salas', 1403, 140310),
(1279, 'San José', 1403, 140311),
(1280, 'Tucume', 1403, 140312),
(1281, 'Lima', 1501, 150101),
(1282, 'Ancón', 1501, 150102),
(1283, 'Ate', 1501, 150103),
(1284, 'Barranco', 1501, 150104),
(1285, 'Breña', 1501, 150105),
(1286, 'Carabayllo', 1501, 150106),
(1287, 'Chaclacayo', 1501, 150107),
(1288, 'Chorrillos', 1501, 150108),
(1289, 'Cieneguilla', 1501, 150109),
(1290, 'Comas', 1501, 150110),
(1291, 'El Agustino', 1501, 150111),
(1292, 'Independencia', 1501, 150112),
(1293, 'Jesús María', 1501, 150113),
(1294, 'La Molina', 1501, 150114),
(1295, 'La Victoria', 1501, 150115),
(1296, 'Lince', 1501, 150116),
(1297, 'Los Olivos', 1501, 150117),
(1298, 'Lurigancho', 1501, 150118),
(1299, 'Lurin', 1501, 150119),
(1300, 'Magdalena del Mar', 1501, 150120),
(1301, 'Pueblo Libre', 1501, 150121),
(1302, 'Miraflores', 1501, 150122),
(1303, 'Pachacamac', 1501, 150123),
(1304, 'Pucusana', 1501, 150124),
(1305, 'Puente Piedra', 1501, 150125),
(1306, 'Punta Hermosa', 1501, 150126),
(1307, 'Punta Negra', 1501, 150127),
(1308, 'Rímac', 1501, 150128),
(1309, 'San Bartolo', 1501, 150129),
(1310, 'San Borja', 1501, 150130),
(1311, 'San Isidro', 1501, 150131),
(1312, 'San Juan de Lurigancho', 1501, 150132),
(1313, 'San Juan de Miraflores', 1501, 150133),
(1314, 'San Luis', 1501, 150134),
(1315, 'San Martín de Porres', 1501, 150135),
(1316, 'San Miguel', 1501, 150136),
(1317, 'Santa Anita', 1501, 150137),
(1318, 'Santa María del Mar', 1501, 150138),
(1319, 'Santa Rosa', 1501, 150139),
(1320, 'Santiago de Surco', 1501, 150140),
(1321, 'Surquillo', 1501, 150141),
(1322, 'Villa El Salvador', 1501, 150142),
(1323, 'Villa María del Triunfo', 1501, 150143),
(1324, 'Barranca', 1502, 150201),
(1325, 'Paramonga', 1502, 150202),
(1326, 'Pativilca', 1502, 150203),
(1327, 'Supe', 1502, 150204),
(1328, 'Supe Puerto', 1502, 150205),
(1329, 'Cajatambo', 1503, 150301),
(1330, 'Copa', 1503, 150302),
(1331, 'Gorgor', 1503, 150303),
(1332, 'Huancapon', 1503, 150304),
(1333, 'Manas', 1503, 150305),
(1334, 'Canta', 1504, 150401),
(1335, 'Arahuay', 1504, 150402),
(1336, 'Huamantanga', 1504, 150403),
(1337, 'Huaros', 1504, 150404),
(1338, 'Lachaqui', 1504, 150405),
(1339, 'San Buenaventura', 1504, 150406),
(1340, 'Santa Rosa de Quives', 1504, 150407),
(1341, 'San Vicente de Cañete', 1505, 150501),
(1342, 'Asia', 1505, 150502),
(1343, 'Calango', 1505, 150503),
(1344, 'Cerro Azul', 1505, 150504),
(1345, 'Chilca', 1505, 150505),
(1346, 'Coayllo', 1505, 150506),
(1347, 'Imperial', 1505, 150507),
(1348, 'Lunahuana', 1505, 150508),
(1349, 'Mala', 1505, 150509),
(1350, 'Nuevo Imperial', 1505, 150510),
(1351, 'Pacaran', 1505, 150511),
(1352, 'Quilmana', 1505, 150512),
(1353, 'San Antonio', 1505, 150513),
(1354, 'San Luis', 1505, 150514),
(1355, 'Santa Cruz de Flores', 1505, 150515),
(1356, 'Zúñiga', 1505, 150516),
(1357, 'Huaral', 1506, 150601),
(1358, 'Atavillos Alto', 1506, 150602),
(1359, 'Atavillos Bajo', 1506, 150603),
(1360, 'Aucallama', 1506, 150604),
(1361, 'Chancay', 1506, 150605),
(1362, 'Ihuari', 1506, 150606),
(1363, 'Lampian', 1506, 150607),
(1364, 'Pacaraos', 1506, 150608),
(1365, 'San Miguel de Acos', 1506, 150609),
(1366, 'Santa Cruz de Andamarca', 1506, 150610),
(1367, 'Sumbilca', 1506, 150611),
(1368, 'Veintisiete de Noviembre', 1506, 150612),
(1369, 'Matucana', 1507, 150701),
(1370, 'Antioquia', 1507, 150702),
(1371, 'Callahuanca', 1507, 150703),
(1372, 'Carampoma', 1507, 150704),
(1373, 'Chicla', 1507, 150705),
(1374, 'Cuenca', 1507, 150706),
(1375, 'Huachupampa', 1507, 150707),
(1376, 'Huanza', 1507, 150708),
(1377, 'Huarochiri', 1507, 150709),
(1378, 'Lahuaytambo', 1507, 150710),
(1379, 'Langa', 1507, 150711),
(1380, 'Laraos', 1507, 150712),
(1381, 'Mariatana', 1507, 150713),
(1382, 'Ricardo Palma', 1507, 150714),
(1383, 'San Andrés de Tupicocha', 1507, 150715),
(1384, 'San Antonio', 1507, 150716),
(1385, 'San Bartolomé', 1507, 150717),
(1386, 'San Damian', 1507, 150718),
(1387, 'San Juan de Iris', 1507, 150719),
(1388, 'San Juan de Tantaranche', 1507, 150720),
(1389, 'San Lorenzo de Quinti', 1507, 150721),
(1390, 'San Mateo', 1507, 150722),
(1391, 'San Mateo de Otao', 1507, 150723),
(1392, 'San Pedro de Casta', 1507, 150724),
(1393, 'San Pedro de Huancayre', 1507, 150725),
(1394, 'Sangallaya', 1507, 150726),
(1395, 'Santa Cruz de Cocachacra', 1507, 150727),
(1396, 'Santa Eulalia', 1507, 150728),
(1397, 'Santiago de Anchucaya', 1507, 150729),
(1398, 'Santiago de Tuna', 1507, 150730),
(1399, 'Santo Domingo de Los Olleros', 1507, 150731),
(1400, 'Surco', 1507, 150732),
(1401, 'Huacho', 1508, 150801),
(1402, 'Ambar', 1508, 150802),
(1403, 'Caleta de Carquin', 1508, 150803),
(1404, 'Checras', 1508, 150804),
(1405, 'Hualmay', 1508, 150805),
(1406, 'Huaura', 1508, 150806),
(1407, 'Leoncio Prado', 1508, 150807),
(1408, 'Paccho', 1508, 150808),
(1409, 'Santa Leonor', 1508, 150809),
(1410, 'Santa María', 1508, 150810),
(1411, 'Sayan', 1508, 150811),
(1412, 'Vegueta', 1508, 150812),
(1413, 'Oyon', 1509, 150901),
(1414, 'Andajes', 1509, 150902),
(1415, 'Caujul', 1509, 150903),
(1416, 'Cochamarca', 1509, 150904),
(1417, 'Navan', 1509, 150905),
(1418, 'Pachangara', 1509, 150906),
(1419, 'Yauyos', 1510, 151001),
(1420, 'Alis', 1510, 151002),
(1421, 'Allauca', 1510, 151003),
(1422, 'Ayaviri', 1510, 151004),
(1423, 'Azángaro', 1510, 151005),
(1424, 'Cacra', 1510, 151006),
(1425, 'Carania', 1510, 151007),
(1426, 'Catahuasi', 1510, 151008),
(1427, 'Chocos', 1510, 151009),
(1428, 'Cochas', 1510, 151010),
(1429, 'Colonia', 1510, 151011),
(1430, 'Hongos', 1510, 151012),
(1431, 'Huampara', 1510, 151013),
(1432, 'Huancaya', 1510, 151014),
(1433, 'Huangascar', 1510, 151015),
(1434, 'Huantan', 1510, 151016),
(1435, 'Huañec', 1510, 151017),
(1436, 'Laraos', 1510, 151018),
(1437, 'Lincha', 1510, 151019),
(1438, 'Madean', 1510, 151020),
(1439, 'Miraflores', 1510, 151021),
(1440, 'Omas', 1510, 151022),
(1441, 'Putinza', 1510, 151023),
(1442, 'Quinches', 1510, 151024),
(1443, 'Quinocay', 1510, 151025),
(1444, 'San Joaquín', 1510, 151026),
(1445, 'San Pedro de Pilas', 1510, 151027),
(1446, 'Tanta', 1510, 151028),
(1447, 'Tauripampa', 1510, 151029),
(1448, 'Tomas', 1510, 151030),
(1449, 'Tupe', 1510, 151031),
(1450, 'Viñac', 1510, 151032),
(1451, 'Vitis', 1510, 151033),
(1452, 'Iquitos', 1601, 160101),
(1453, 'Alto Nanay', 1601, 160102),
(1454, 'Fernando Lores', 1601, 160103),
(1455, 'Indiana', 1601, 160104),
(1456, 'Las Amazonas', 1601, 160105),
(1457, 'Mazan', 1601, 160106),
(1458, 'Napo', 1601, 160107),
(1459, 'Punchana', 1601, 160108),
(1460, 'Torres Causana', 1601, 160110),
(1461, 'Belén', 1601, 160112),
(1462, 'San Juan Bautista', 1601, 160113),
(1463, 'Yurimaguas', 1602, 160201),
(1464, 'Balsapuerto', 1602, 160202),
(1465, 'Jeberos', 1602, 160205),
(1466, 'Lagunas', 1602, 160206),
(1467, 'Santa Cruz', 1602, 160210),
(1468, 'Teniente Cesar López Rojas', 1602, 160211),
(1469, 'Nauta', 1603, 160301),
(1470, 'Parinari', 1603, 160302),
(1471, 'Tigre', 1603, 160303),
(1472, 'Trompeteros', 1603, 160304),
(1473, 'Urarinas', 1603, 160305),
(1474, 'Ramón Castilla', 1604, 160401),
(1475, 'Pebas', 1604, 160402),
(1476, 'Yavari', 1604, 160403),
(1477, 'San Pablo', 1604, 160404),
(1478, 'Requena', 1605, 160501),
(1479, 'Alto Tapiche', 1605, 160502),
(1480, 'Capelo', 1605, 160503),
(1481, 'Emilio San Martín', 1605, 160504),
(1482, 'Maquia', 1605, 160505),
(1483, 'Puinahua', 1605, 160506),
(1484, 'Saquena', 1605, 160507),
(1485, 'Soplin', 1605, 160508),
(1486, 'Tapiche', 1605, 160509),
(1487, 'Jenaro Herrera', 1605, 160510),
(1488, 'Yaquerana', 1605, 160511),
(1489, 'Contamana', 1606, 160601),
(1490, 'Inahuaya', 1606, 160602),
(1491, 'Padre Márquez', 1606, 160603),
(1492, 'Pampa Hermosa', 1606, 160604),
(1493, 'Sarayacu', 1606, 160605),
(1494, 'Vargas Guerra', 1606, 160606),
(1495, 'Barranca', 1607, 160701),
(1496, 'Cahuapanas', 1607, 160702),
(1497, 'Manseriche', 1607, 160703),
(1498, 'Morona', 1607, 160704),
(1499, 'Pastaza', 1607, 160705),
(1500, 'Andoas', 1607, 160706),
(1501, 'Putumayo', 1608, 160801),
(1502, 'Rosa Panduro', 1608, 160802),
(1503, 'Teniente Manuel Clavero', 1608, 160803),
(1504, 'Yaguas', 1608, 160804),
(1505, 'Tambopata', 1701, 170101),
(1506, 'Inambari', 1701, 170102),
(1507, 'Las Piedras', 1701, 170103),
(1508, 'Laberinto', 1701, 170104),
(1509, 'Manu', 1702, 170201),
(1510, 'Fitzcarrald', 1702, 170202),
(1511, 'Madre de Dios', 1702, 170203),
(1512, 'Huepetuhe', 1702, 170204),
(1513, 'Iñapari', 1703, 170301),
(1514, 'Iberia', 1703, 170302),
(1515, 'Tahuamanu', 1703, 170303),
(1516, 'Moquegua', 1801, 180101),
(1517, 'Carumas', 1801, 180102),
(1518, 'Cuchumbaya', 1801, 180103),
(1519, 'Samegua', 1801, 180104),
(1520, 'San Cristóbal', 1801, 180105),
(1521, 'Torata', 1801, 180106),
(1522, 'Omate', 1802, 180201),
(1523, 'Chojata', 1802, 180202),
(1524, 'Coalaque', 1802, 180203),
(1525, 'Ichuña', 1802, 180204),
(1526, 'La Capilla', 1802, 180205),
(1527, 'Lloque', 1802, 180206),
(1528, 'Matalaque', 1802, 180207),
(1529, 'Puquina', 1802, 180208),
(1530, 'Quinistaquillas', 1802, 180209),
(1531, 'Ubinas', 1802, 180210),
(1532, 'Yunga', 1802, 180211),
(1533, 'Ilo', 1803, 180301),
(1534, 'El Algarrobal', 1803, 180302),
(1535, 'Pacocha', 1803, 180303),
(1536, 'Chaupimarca', 1901, 190101),
(1537, 'Huachon', 1901, 190102),
(1538, 'Huariaca', 1901, 190103),
(1539, 'Huayllay', 1901, 190104),
(1540, 'Ninacaca', 1901, 190105),
(1541, 'Pallanchacra', 1901, 190106),
(1542, 'Paucartambo', 1901, 190107),
(1543, 'San Francisco de Asís de Yarusyacan', 1901, 190108),
(1544, 'Simon Bolívar', 1901, 190109),
(1545, 'Ticlacayan', 1901, 190110),
(1546, 'Tinyahuarco', 1901, 190111),
(1547, 'Vicco', 1901, 190112),
(1548, 'Yanacancha', 1901, 190113),
(1549, 'Yanahuanca', 1902, 190201),
(1550, 'Chacayan', 1902, 190202),
(1551, 'Goyllarisquizga', 1902, 190203),
(1552, 'Paucar', 1902, 190204),
(1553, 'San Pedro de Pillao', 1902, 190205),
(1554, 'Santa Ana de Tusi', 1902, 190206),
(1555, 'Tapuc', 1902, 190207),
(1556, 'Vilcabamba', 1902, 190208),
(1557, 'Oxapampa', 1903, 190301),
(1558, 'Chontabamba', 1903, 190302),
(1559, 'Huancabamba', 1903, 190303),
(1560, 'Palcazu', 1903, 190304),
(1561, 'Pozuzo', 1903, 190305),
(1562, 'Puerto Bermúdez', 1903, 190306),
(1563, 'Villa Rica', 1903, 190307),
(1564, 'Constitución', 1903, 190308),
(1565, 'Piura', 2001, 200101),
(1566, 'Castilla', 2001, 200104),
(1567, 'Catacaos', 2001, 200105),
(1568, 'Cura Mori', 2001, 200107),
(1569, 'El Tallan', 2001, 200108),
(1570, 'La Arena', 2001, 200109),
(1571, 'La Unión', 2001, 200110),
(1572, 'Las Lomas', 2001, 200111),
(1573, 'Tambo Grande', 2001, 200114),
(1574, 'Veintiseis de Octubre', 2001, 200115),
(1575, 'Ayabaca', 2002, 200201),
(1576, 'Frias', 2002, 200202),
(1577, 'Jilili', 2002, 200203),
(1578, 'Lagunas', 2002, 200204),
(1579, 'Montero', 2002, 200205),
(1580, 'Pacaipampa', 2002, 200206),
(1581, 'Paimas', 2002, 200207),
(1582, 'Sapillica', 2002, 200208),
(1583, 'Sicchez', 2002, 200209),
(1584, 'Suyo', 2002, 200210),
(1585, 'Huancabamba', 2003, 200301),
(1586, 'Canchaque', 2003, 200302);
INSERT INTO `distritos` (`id`, `nombre`, `provincias_id`, `idubigeo`) VALUES
(1587, 'El Carmen de la Frontera', 2003, 200303),
(1588, 'Huarmaca', 2003, 200304),
(1589, 'Lalaquiz', 2003, 200305),
(1590, 'San Miguel de El Faique', 2003, 200306),
(1591, 'Sondor', 2003, 200307),
(1592, 'Sondorillo', 2003, 200308),
(1593, 'Chulucanas', 2004, 200401),
(1594, 'Buenos Aires', 2004, 200402),
(1595, 'Chalaco', 2004, 200403),
(1596, 'La Matanza', 2004, 200404),
(1597, 'Morropon', 2004, 200405),
(1598, 'Salitral', 2004, 200406),
(1599, 'San Juan de Bigote', 2004, 200407),
(1600, 'Santa Catalina de Mossa', 2004, 200408),
(1601, 'Santo Domingo', 2004, 200409),
(1602, 'Yamango', 2004, 200410),
(1603, 'Paita', 2005, 200501),
(1604, 'Amotape', 2005, 200502),
(1605, 'Arenal', 2005, 200503),
(1606, 'Colan', 2005, 200504),
(1607, 'La Huaca', 2005, 200505),
(1608, 'Tamarindo', 2005, 200506),
(1609, 'Vichayal', 2005, 200507),
(1610, 'Sullana', 2006, 200601),
(1611, 'Bellavista', 2006, 200602),
(1612, 'Ignacio Escudero', 2006, 200603),
(1613, 'Lancones', 2006, 200604),
(1614, 'Marcavelica', 2006, 200605),
(1615, 'Miguel Checa', 2006, 200606),
(1616, 'Querecotillo', 2006, 200607),
(1617, 'Salitral', 2006, 200608),
(1618, 'Pariñas', 2007, 200701),
(1619, 'El Alto', 2007, 200702),
(1620, 'La Brea', 2007, 200703),
(1621, 'Lobitos', 2007, 200704),
(1622, 'Los Organos', 2007, 200705),
(1623, 'Mancora', 2007, 200706),
(1624, 'Sechura', 2008, 200801),
(1625, 'Bellavista de la Unión', 2008, 200802),
(1626, 'Bernal', 2008, 200803),
(1627, 'Cristo Nos Valga', 2008, 200804),
(1628, 'Vice', 2008, 200805),
(1629, 'Rinconada Llicuar', 2008, 200806),
(1630, 'Puno', 2101, 210101),
(1631, 'Acora', 2101, 210102),
(1632, 'Amantani', 2101, 210103),
(1633, 'Atuncolla', 2101, 210104),
(1634, 'Capachica', 2101, 210105),
(1635, 'Chucuito', 2101, 210106),
(1636, 'Coata', 2101, 210107),
(1637, 'Huata', 2101, 210108),
(1638, 'Mañazo', 2101, 210109),
(1639, 'Paucarcolla', 2101, 210110),
(1640, 'Pichacani', 2101, 210111),
(1641, 'Plateria', 2101, 210112),
(1642, 'San Antonio', 2101, 210113),
(1643, 'Tiquillaca', 2101, 210114),
(1644, 'Vilque', 2101, 210115),
(1645, 'Azángaro', 2102, 210201),
(1646, 'Achaya', 2102, 210202),
(1647, 'Arapa', 2102, 210203),
(1648, 'Asillo', 2102, 210204),
(1649, 'Caminaca', 2102, 210205),
(1650, 'Chupa', 2102, 210206),
(1651, 'José Domingo Choquehuanca', 2102, 210207),
(1652, 'Muñani', 2102, 210208),
(1653, 'Potoni', 2102, 210209),
(1654, 'Saman', 2102, 210210),
(1655, 'San Anton', 2102, 210211),
(1656, 'San José', 2102, 210212),
(1657, 'San Juan de Salinas', 2102, 210213),
(1658, 'Santiago de Pupuja', 2102, 210214),
(1659, 'Tirapata', 2102, 210215),
(1660, 'Macusani', 2103, 210301),
(1661, 'Ajoyani', 2103, 210302),
(1662, 'Ayapata', 2103, 210303),
(1663, 'Coasa', 2103, 210304),
(1664, 'Corani', 2103, 210305),
(1665, 'Crucero', 2103, 210306),
(1666, 'Ituata', 2103, 210307),
(1667, 'Ollachea', 2103, 210308),
(1668, 'San Gaban', 2103, 210309),
(1669, 'Usicayos', 2103, 210310),
(1670, 'Juli', 2104, 210401),
(1671, 'Desaguadero', 2104, 210402),
(1672, 'Huacullani', 2104, 210403),
(1673, 'Kelluyo', 2104, 210404),
(1674, 'Pisacoma', 2104, 210405),
(1675, 'Pomata', 2104, 210406),
(1676, 'Zepita', 2104, 210407),
(1677, 'Ilave', 2105, 210501),
(1678, 'Capazo', 2105, 210502),
(1679, 'Pilcuyo', 2105, 210503),
(1680, 'Santa Rosa', 2105, 210504),
(1681, 'Conduriri', 2105, 210505),
(1682, 'Huancane', 2106, 210601),
(1683, 'Cojata', 2106, 210602),
(1684, 'Huatasani', 2106, 210603),
(1685, 'Inchupalla', 2106, 210604),
(1686, 'Pusi', 2106, 210605),
(1687, 'Rosaspata', 2106, 210606),
(1688, 'Taraco', 2106, 210607),
(1689, 'Vilque Chico', 2106, 210608),
(1690, 'Lampa', 2107, 210701),
(1691, 'Cabanilla', 2107, 210702),
(1692, 'Calapuja', 2107, 210703),
(1693, 'Nicasio', 2107, 210704),
(1694, 'Ocuviri', 2107, 210705),
(1695, 'Palca', 2107, 210706),
(1696, 'Paratia', 2107, 210707),
(1697, 'Pucara', 2107, 210708),
(1698, 'Santa Lucia', 2107, 210709),
(1699, 'Vilavila', 2107, 210710),
(1700, 'Ayaviri', 2108, 210801),
(1701, 'Antauta', 2108, 210802),
(1702, 'Cupi', 2108, 210803),
(1703, 'Llalli', 2108, 210804),
(1704, 'Macari', 2108, 210805),
(1705, 'Nuñoa', 2108, 210806),
(1706, 'Orurillo', 2108, 210807),
(1707, 'Santa Rosa', 2108, 210808),
(1708, 'Umachiri', 2108, 210809),
(1709, 'Moho', 2109, 210901),
(1710, 'Conima', 2109, 210902),
(1711, 'Huayrapata', 2109, 210903),
(1712, 'Tilali', 2109, 210904),
(1713, 'Putina', 2110, 211001),
(1714, 'Ananea', 2110, 211002),
(1715, 'Pedro Vilca Apaza', 2110, 211003),
(1716, 'Quilcapuncu', 2110, 211004),
(1717, 'Sina', 2110, 211005),
(1718, 'Juliaca', 2111, 211101),
(1719, 'Cabana', 2111, 211102),
(1720, 'Cabanillas', 2111, 211103),
(1721, 'Caracoto', 2111, 211104),
(1722, 'San Miguel', 2111, 211105),
(1723, 'Sandia', 2112, 211201),
(1724, 'Cuyocuyo', 2112, 211202),
(1725, 'Limbani', 2112, 211203),
(1726, 'Patambuco', 2112, 211204),
(1727, 'Phara', 2112, 211205),
(1728, 'Quiaca', 2112, 211206),
(1729, 'San Juan del Oro', 2112, 211207),
(1730, 'Yanahuaya', 2112, 211208),
(1731, 'Alto Inambari', 2112, 211209),
(1732, 'San Pedro de Putina Punco', 2112, 211210),
(1733, 'Yunguyo', 2113, 211301),
(1734, 'Anapia', 2113, 211302),
(1735, 'Copani', 2113, 211303),
(1736, 'Cuturapi', 2113, 211304),
(1737, 'Ollaraya', 2113, 211305),
(1738, 'Tinicachi', 2113, 211306),
(1739, 'Unicachi', 2113, 211307),
(1740, 'Moyobamba', 2201, 220101),
(1741, 'Calzada', 2201, 220102),
(1742, 'Habana', 2201, 220103),
(1743, 'Jepelacio', 2201, 220104),
(1744, 'Soritor', 2201, 220105),
(1745, 'Yantalo', 2201, 220106),
(1746, 'Bellavista', 2202, 220201),
(1747, 'Alto Biavo', 2202, 220202),
(1748, 'Bajo Biavo', 2202, 220203),
(1749, 'Huallaga', 2202, 220204),
(1750, 'San Pablo', 2202, 220205),
(1751, 'San Rafael', 2202, 220206),
(1752, 'San José de Sisa', 2203, 220301),
(1753, 'Agua Blanca', 2203, 220302),
(1754, 'San Martín', 2203, 220303),
(1755, 'Santa Rosa', 2203, 220304),
(1756, 'Shatoja', 2203, 220305),
(1757, 'Saposoa', 2204, 220401),
(1758, 'Alto Saposoa', 2204, 220402),
(1759, 'El Eslabón', 2204, 220403),
(1760, 'Piscoyacu', 2204, 220404),
(1761, 'Sacanche', 2204, 220405),
(1762, 'Tingo de Saposoa', 2204, 220406),
(1763, 'Lamas', 2205, 220501),
(1764, 'Alonso de Alvarado', 2205, 220502),
(1765, 'Barranquita', 2205, 220503),
(1766, 'Caynarachi', 2205, 220504),
(1767, 'Cuñumbuqui', 2205, 220505),
(1768, 'Pinto Recodo', 2205, 220506),
(1769, 'Rumisapa', 2205, 220507),
(1770, 'San Roque de Cumbaza', 2205, 220508),
(1771, 'Shanao', 2205, 220509),
(1772, 'Tabalosos', 2205, 220510),
(1773, 'Zapatero', 2205, 220511),
(1774, 'Juanjuí', 2206, 220601),
(1775, 'Campanilla', 2206, 220602),
(1776, 'Huicungo', 2206, 220603),
(1777, 'Pachiza', 2206, 220604),
(1778, 'Pajarillo', 2206, 220605),
(1779, 'Picota', 2207, 220701),
(1780, 'Buenos Aires', 2207, 220702),
(1781, 'Caspisapa', 2207, 220703),
(1782, 'Pilluana', 2207, 220704),
(1783, 'Pucacaca', 2207, 220705),
(1784, 'San Cristóbal', 2207, 220706),
(1785, 'San Hilarión', 2207, 220707),
(1786, 'Shamboyacu', 2207, 220708),
(1787, 'Tingo de Ponasa', 2207, 220709),
(1788, 'Tres Unidos', 2207, 220710),
(1789, 'Rioja', 2208, 220801),
(1790, 'Awajun', 2208, 220802),
(1791, 'Elías Soplin Vargas', 2208, 220803),
(1792, 'Nueva Cajamarca', 2208, 220804),
(1793, 'Pardo Miguel', 2208, 220805),
(1794, 'Posic', 2208, 220806),
(1795, 'San Fernando', 2208, 220807),
(1796, 'Yorongos', 2208, 220808),
(1797, 'Yuracyacu', 2208, 220809),
(1798, 'Tarapoto', 2209, 220901),
(1799, 'Alberto Leveau', 2209, 220902),
(1800, 'Cacatachi', 2209, 220903),
(1801, 'Chazuta', 2209, 220904),
(1802, 'Chipurana', 2209, 220905),
(1803, 'El Porvenir', 2209, 220906),
(1804, 'Huimbayoc', 2209, 220907),
(1805, 'Juan Guerra', 2209, 220908),
(1806, 'La Banda de Shilcayo', 2209, 220909),
(1807, 'Morales', 2209, 220910),
(1808, 'Papaplaya', 2209, 220911),
(1809, 'San Antonio', 2209, 220912),
(1810, 'Sauce', 2209, 220913),
(1811, 'Shapaja', 2209, 220914),
(1812, 'Tocache', 2210, 221001),
(1813, 'Nuevo Progreso', 2210, 221002),
(1814, 'Polvora', 2210, 221003),
(1815, 'Shunte', 2210, 221004),
(1816, 'Uchiza', 2210, 221005),
(1817, 'Tacna', 2301, 230101),
(1818, 'Alto de la Alianza', 2301, 230102),
(1819, 'Calana', 2301, 230103),
(1820, 'Ciudad Nueva', 2301, 230104),
(1821, 'Inclan', 2301, 230105),
(1822, 'Pachia', 2301, 230106),
(1823, 'Palca', 2301, 230107),
(1824, 'Pocollay', 2301, 230108),
(1825, 'Sama', 2301, 230109),
(1826, 'Coronel Gregorio Albarracín Lanchipa', 2301, 230110),
(1827, 'La Yarada los Palos', 2301, 230111),
(1828, 'Candarave', 2302, 230201),
(1829, 'Cairani', 2302, 230202),
(1830, 'Camilaca', 2302, 230203),
(1831, 'Curibaya', 2302, 230204),
(1832, 'Huanuara', 2302, 230205),
(1833, 'Quilahuani', 2302, 230206),
(1834, 'Locumba', 2303, 230301),
(1835, 'Ilabaya', 2303, 230302),
(1836, 'Ite', 2303, 230303),
(1837, 'Tarata', 2304, 230401),
(1838, 'Héroes Albarracín', 2304, 230402),
(1839, 'Estique', 2304, 230403),
(1840, 'Estique-Pampa', 2304, 230404),
(1841, 'Sitajara', 2304, 230405),
(1842, 'Susapaya', 2304, 230406),
(1843, 'Tarucachi', 2304, 230407),
(1844, 'Ticaco', 2304, 230408),
(1845, 'Tumbes', 2401, 240101),
(1846, 'Corrales', 2401, 240102),
(1847, 'La Cruz', 2401, 240103),
(1848, 'Pampas de Hospital', 2401, 240104),
(1849, 'San Jacinto', 2401, 240105),
(1850, 'San Juan de la Virgen', 2401, 240106),
(1851, 'Zorritos', 2402, 240201),
(1852, 'Casitas', 2402, 240202),
(1853, 'Canoas de Punta Sal', 2402, 240203),
(1854, 'Zarumilla', 2403, 240301),
(1855, 'Aguas Verdes', 2403, 240302),
(1856, 'Matapalo', 2403, 240303),
(1857, 'Papayal', 2403, 240304),
(1858, 'Calleria', 2501, 250101),
(1859, 'Campoverde', 2501, 250102),
(1860, 'Iparia', 2501, 250103),
(1861, 'Masisea', 2501, 250104),
(1862, 'Yarinacocha', 2501, 250105),
(1863, 'Nueva Requena', 2501, 250106),
(1864, 'Manantay', 2501, 250107),
(1865, 'Raymondi', 2502, 250201),
(1866, 'Sepahua', 2502, 250202),
(1867, 'Tahuania', 2502, 250203),
(1868, 'Yurua', 2502, 250204),
(1869, 'Padre Abad', 2503, 250301),
(1870, 'Irazola', 2503, 250302),
(1871, 'Curimana', 2503, 250303),
(1872, 'Neshuya', 2503, 250304),
(1873, 'Alexander Von Humboldt', 2503, 250305),
(1874, 'Purus', 2504, 250401);

-- --------------------------------------------------------

--
-- Estructura de tabla para la tabla `divisas`
--

CREATE TABLE `divisas` (
  `id` int(11) NOT NULL,
  `divisa` varchar(10) NOT NULL,
  `venta` float NOT NULL,
  `compra` float NOT NULL
) ENGINE=InnoDB DEFAULT CHARSET=latin1;

--
-- Volcado de datos para la tabla `divisas`
--

INSERT INTO `divisas` (`id`, `divisa`, `venta`, `compra`) VALUES
(1, 'US', 3.393, 3.39),
(2, 'EUR', 3.393, 3.39),
(3, 'GIP', 3.393, 3.39),
(4, 'YEN', 3.393, 3.39),
(5, 'MXN', 3.393, 3.39),
(6, 'AUD', 3.393, 3.39),
(7, 'S/', 3.393, 3.39);

-- --------------------------------------------------------

--
-- Estructura de tabla para la tabla `empleados`
--

CREATE TABLE `empleados` (
  `id` int(11) NOT NULL,
  `nombre` varchar(100) NOT NULL,
  `created_at` timestamp NOT NULL DEFAULT CURRENT_TIMESTAMP ON UPDATE CURRENT_TIMESTAMP,
  `updated_at` timestamp NOT NULL DEFAULT '0000-00-00 00:00:00'
) ENGINE=InnoDB DEFAULT CHARSET=latin1;

--
-- Volcado de datos para la tabla `empleados`
--

INSERT INTO `empleados` (`id`, `nombre`, `created_at`, `updated_at`) VALUES
(1, 'Jack so', '2019-11-15 19:16:46', '2019-11-15 23:16:46'),
(3, 'Juan Valdez', '2019-12-10 02:35:26', '2019-12-10 07:35:26');

-- --------------------------------------------------------

--
-- Estructura de tabla para la tabla `entidad`
--

CREATE TABLE `entidad` (
  `id` bigint(20) UNSIGNED NOT NULL,
  `identidad_document_id` int(11) NOT NULL,
  `tipe_document` varchar(60) COLLATE utf8mb4_unicode_ci DEFAULT NULL,
  `persona_nacionalidad` varchar(2) COLLATE utf8mb4_unicode_ci NOT NULL,
  `persona_tipe` varchar(2) COLLATE utf8mb4_unicode_ci DEFAULT NULL,
  `numero` bigint(20) NOT NULL,
  `apaterno` varchar(60) COLLATE utf8mb4_unicode_ci DEFAULT NULL,
  `amaterno` varchar(60) COLLATE utf8mb4_unicode_ci DEFAULT NULL,
  `nombre1` varchar(60) COLLATE utf8mb4_unicode_ci DEFAULT NULL,
  `nombre2` varchar(60) COLLATE utf8mb4_unicode_ci DEFAULT NULL,
  `nsocial` varchar(60) COLLATE utf8mb4_unicode_ci NOT NULL,
  `nomenclatura` varchar(60) COLLATE utf8mb4_unicode_ci DEFAULT NULL,
  `direccion` varchar(60) COLLATE utf8mb4_unicode_ci DEFAULT NULL,
  `ubigeo` varchar(100) COLLATE utf8mb4_unicode_ci DEFAULT NULL,
  `departamento` varchar(100) COLLATE utf8mb4_unicode_ci DEFAULT NULL,
  `email` varchar(50) COLLATE utf8mb4_unicode_ci DEFAULT NULL,
  `is_aduanas` int(11) DEFAULT '0',
  `departamentos_id` int(11) DEFAULT NULL,
  `provincias_id` int(11) DEFAULT NULL,
  `distritos_id` int(11) DEFAULT NULL,
  `created_at` timestamp NULL DEFAULT NULL,
  `updated_at` timestamp NULL DEFAULT NULL
) ENGINE=InnoDB DEFAULT CHARSET=utf8mb4 COLLATE=utf8mb4_unicode_ci;

--
-- Volcado de datos para la tabla `entidad`
--

INSERT INTO `entidad` (`id`, `identidad_document_id`, `tipe_document`, `persona_nacionalidad`, `persona_tipe`, `numero`, `apaterno`, `amaterno`, `nombre1`, `nombre2`, `nsocial`, `nomenclatura`, `direccion`, `ubigeo`, `departamento`, `email`, `is_aduanas`, `departamentos_id`, `provincias_id`, `distritos_id`, `created_at`, `updated_at`) VALUES
(23, 4, NULL, 'n', 'n', 20457126692, NULL, NULL, NULL, NULL, 'ESPINOZA ORIHUELA PEDRO MIGUEL', NULL, '- -', '10536', NULL, NULL, 0, 5, 1, 1, '2019-10-12 18:53:31', '2019-10-12 19:44:03'),
(24, 4, NULL, 'n', 'n', 10404709998, NULL, NULL, NULL, NULL, 'LEYVA VALENZUELA MILAGROS SARITAA', NULL, '- -', '150106', NULL, NULL, 0, NULL, NULL, NULL, '2019-10-12 19:47:34', '2019-10-14 18:20:49'),
(25, 4, NULL, 'n', 'n', 10404709999, NULL, NULL, NULL, NULL, 'LEYVA', NULL, '- -', '150906', NULL, NULL, 0, 15, 1509, 1418, '2019-10-14 18:20:12', '2019-10-30 21:16:13'),
(26, 4, NULL, 'n', 'n', 10082008093, NULL, NULL, NULL, NULL, 'CUBAS OTOYA VICTOR HUGO', NULL, '- -', '70102', NULL, NULL, 0, NULL, NULL, NULL, '2019-10-14 18:22:29', '2019-10-14 18:22:29'),
(27, 4, NULL, 'n', 'n', 20517073203, NULL, NULL, NULL, NULL, 'INVERSIONES Y REPRESENTACIONES VIRGEN DEL ROSARIO E.I.R.L.', NULL, '- -', '70106', NULL, NULL, 0, 7, 701, 695, '2019-11-28 22:44:40', '2019-11-28 22:44:40'),
(28, 4, NULL, 'n', 'n', 20517073288, NULL, NULL, NULL, NULL, 'INVERSIONES Y REPRESENTACIONES VIRGEN DEL ROSARIO E.I.R.L.', NULL, '- -', '70106', NULL, NULL, 0, 7, 701, 695, '2019-12-10 03:33:21', '2019-12-10 03:33:21'),
(29, 4, NULL, 'n', 'n', 10432118873, NULL, NULL, NULL, NULL, 'VARGAS CUBAS ELVIS', NULL, 'AV. VENEZUELA', '150136', NULL, NULL, 0, 15, 1501, 1316, '2019-12-10 04:06:32', '2019-12-10 04:06:32');

-- --------------------------------------------------------

--
-- Estructura de tabla para la tabla `entidad_services`
--

CREATE TABLE `entidad_services` (
  `id` int(11) NOT NULL,
  `descripcion` text NOT NULL,
  `table_tipe` int(11) NOT NULL,
  `created_at` timestamp NULL DEFAULT NULL,
  `updated_at` timestamp NULL DEFAULT NULL
) ENGINE=InnoDB DEFAULT CHARSET=latin1;

--
-- Volcado de datos para la tabla `entidad_services`
--

INSERT INTO `entidad_services` (`id`, `descripcion`, `table_tipe`, `created_at`, `updated_at`) VALUES
(1, 'NINGUNO', 25, NULL, NULL),
(2, 'CANADA', 25, NULL, NULL),
(3, 'CHILE', 25, NULL, NULL),
(4, 'COMUNIDAD ANDINA DE NACIONES (CAN)', 25, NULL, NULL),
(5, 'BRASIL', 25, NULL, NULL),
(6, 'ESTADOS UNIDOS MEXICANOS', 25, NULL, NULL),
(7, 'REPUBLICA DE COREA', 25, NULL, NULL),
(8, 'CONFEDERACIÓN SUIZA', 25, NULL, NULL),
(9, 'PORTUGAL', 25, NULL, NULL),
(10, 'OTROS', 25, NULL, NULL),
(11, 'Bienes', 31, NULL, NULL),
(12, 'Arrendamiento de predios', 31, NULL, NULL),
(13, 'Enajenación Inmuebles y derechos sobre inmuebles', 31, NULL, NULL),
(14, 'Rentas de bienes situados en el país o derechos utilizados en el país, incluye enajenación.\"', 31, NULL, NULL),
(15, 'Regalias: Bienes o derechos por los que pagan son utilizados país.', 31, NULL, NULL),
(16, 'Regalias: Pagador de las regalías es domiciliado.', 31, NULL, NULL),
(17, 'SERVICIO PRESTADO INTEGRAMENTE EN EL PERÚ', 32, NULL, NULL),
(18, 'SERVICIO PRESTADO PARTE EN EL PERÚ Y PARTE EN EL ', 32, NULL, NULL),
(19, 'EXTRANJERO', 32, NULL, NULL),
(39, 'Los intereses provenientes de créditos de fomento otorgados directamente o mediante proveedores o intermediarios financieros por organismos internacionales o instituciones gubernamentales extranjeras.', 33, NULL, NULL),
(40, 'Las rentas de los inmuebles de propiedad de organismos internacionales que les sirvan de sede. ', 33, NULL, NULL),
(41, 'Las remuneraciones que perciban, por el ejercicio de su cargo en el país, los funcionarios y empleados considerados como tales dentro de la estructura organizacional de los gobiernos extranjeros, instituciones oficiales extranjeras y organismos internac', 33, NULL, NULL),
(42, 'Los ingresos brutos que perciben las representaciones deportivas nacionales de países extranjeros por sus actuaciones en el país.', 33, NULL, NULL),
(43, 'Las regalías por asesoramiento técnico, económico, financiero, o de otra índole, prestados desde el exterior por entidades estatales u organismos internacionales.', 33, '2019-07-16 04:00:00', NULL),
(44, 'Los ingresos extranjeros por los espectáculos en vivo de teatro, zarzuela, conciertos de música clásica, ópera, opereta, ballet y folclor, calificados como espectáculos públicos culturales por el Instituto Nacional de Cultura, realizados en el país.', 33, NULL, NULL);

-- --------------------------------------------------------

--
-- Estructura de tabla para la tabla `entidad_services_has`
--

CREATE TABLE `entidad_services_has` (
  `id` int(11) NOT NULL,
  `entidad_services_id` int(11) NOT NULL,
  `entidad_id` int(11) NOT NULL,
  `table_tipe` varchar(100) DEFAULT NULL
) ENGINE=InnoDB DEFAULT CHARSET=latin1;

--
-- Volcado de datos para la tabla `entidad_services_has`
--

INSERT INTO `entidad_services_has` (`id`, `entidad_services_id`, `entidad_id`, `table_tipe`) VALUES
(33, 3, 18, 'table25'),
(34, 13, 18, 'table31'),
(35, 18, 18, 'table32'),
(36, 42, 18, 'table33');

-- --------------------------------------------------------

--
-- Estructura de tabla para la tabla `eventos_operations`
--

CREATE TABLE `eventos_operations` (
  `id` int(11) NOT NULL,
  `nombre` varchar(100) NOT NULL,
  `descripcion` text NOT NULL,
  `fecha` date NOT NULL
) ENGINE=InnoDB DEFAULT CHARSET=latin1;

--
-- Volcado de datos para la tabla `eventos_operations`
--

INSERT INTO `eventos_operations` (`id`, `nombre`, `descripcion`, `fecha`) VALUES
(1, 'asda', 'ffff', '2019-09-28');

-- --------------------------------------------------------

--
-- Estructura de tabla para la tabla `familia_relation`
--

CREATE TABLE `familia_relation` (
  `id` int(11) NOT NULL,
  `articulos_id` int(11) NOT NULL,
  `art_familias_id` int(11) NOT NULL
) ENGINE=InnoDB DEFAULT CHARSET=latin1;

--
-- Volcado de datos para la tabla `familia_relation`
--

INSERT INTO `familia_relation` (`id`, `articulos_id`, `art_familias_id`) VALUES
(24, 26, 1),
(25, 2, 3);

-- --------------------------------------------------------

--
-- Estructura de tabla para la tabla `files_contables`
--

CREATE TABLE `files_contables` (
  `id` int(11) NOT NULL,
  `nombre_archivo` varchar(100) DEFAULT NULL,
  `tipe_modulo` varchar(25) DEFAULT NULL,
  `tipe_archivo` varchar(20) DEFAULT NULL,
  `id_files` int(11) DEFAULT NULL
) ENGINE=InnoDB DEFAULT CHARSET=latin1;

--
-- Volcado de datos para la tabla `files_contables`
--

INSERT INTO `files_contables` (`id`, `nombre_archivo`, `tipe_modulo`, `tipe_archivo`, `id_files`) VALUES
(32, 'ventas1/zcu3SWAt9a5xequ3xAfjV9EmZHbYB3lDliwAazlg.jpeg', 'ventas', 'jpg', 1),
(33, 'ventas1/LvCW76ARnPar4hOPn1dW4sXeNphpAeEG807Gvqdx.pdf', 'ventas', 'pdf', 1),
(35, 'rphonorarios5/1tEumui97IzcsLIb1rM3V8XcvBTgkN1gmMKAU21P.jpeg', 'rphonorarios', 'jpg', 5);

-- --------------------------------------------------------

--
-- Estructura de tabla para la tabla `forpags`
--

CREATE TABLE `forpags` (
  `id` int(11) NOT NULL,
  `codigo` bigint(20) NOT NULL,
  `descripcion` varchar(100) NOT NULL,
  `created_at` timestamp NOT NULL DEFAULT CURRENT_TIMESTAMP ON UPDATE CURRENT_TIMESTAMP,
  `updated_at` timestamp NOT NULL DEFAULT '0000-00-00 00:00:00'
) ENGINE=InnoDB DEFAULT CHARSET=latin1;

--
-- Volcado de datos para la tabla `forpags`
--

INSERT INTO `forpags` (`id`, `codigo`, `descripcion`, `created_at`, `updated_at`) VALUES
(1, 1, 'Contado', '2019-07-29 23:31:53', '0000-00-00 00:00:00'),
(2, 2, 'Credito', '2019-07-29 23:31:53', '0000-00-00 00:00:00'),
(3, 3, 'Obsequio', '2019-07-29 23:31:53', '0000-00-00 00:00:00'),
(4, 4, 'Letra', '2019-11-15 19:23:33', '2019-11-15 23:23:33');

-- --------------------------------------------------------

--
-- Estructura de tabla para la tabla `herramientas`
--

CREATE TABLE `herramientas` (
  `id` int(11) NOT NULL,
  `nombre` varchar(50) DEFAULT NULL,
  `marca` varchar(50) DEFAULT NULL,
  `serial` varchar(50) DEFAULT NULL,
  `visitas_id` int(11) NOT NULL
) ENGINE=InnoDB DEFAULT CHARSET=latin1;

--
-- Volcado de datos para la tabla `herramientas`
--

INSERT INTO `herramientas` (`id`, `nombre`, `marca`, `serial`, `visitas_id`) VALUES
(2, 'dsadasas', 'asdasd', 'asdads', 10),
(16, '333', '333', '33', 15),
(17, '333', '333', '33', 15),
(20, 'dddd', 'ddddd', 'dddd', 18),
(22, 'prueba1', 'pruweba', 'prueba', 20),
(23, 'prueba2', 'prueba2', 'prueba2', 20),
(24, 'prueba2', 'prueba2', 'prueba2', 20),
(25, 'asdads', 'asdasd', 'asdas', 21),
(26, 'asdas', 'dasdasd', 'asdd', 21),
(27, 'sdada', 'dasdasd', 'asdasd', 22),
(28, 'asdas', 'dasdas', 'dasdas', 22),
(29, 'asda', 'sdasda', 'sdasd', 22),
(30, 'sdsdsd', 'f4egfdgvdfb', 'brtbrtbrt', 23),
(31, 'd', 'brfbrtbbrtb', 'rtbbrtbrtbrt', 23),
(32, 'dsdsddsds', 'rtbrbrtb', 'bretbrtb', 23),
(33, 'asdasd', 'asdas', 'dasdasd', 25),
(34, 'asda', 'sdasd', 'asdasd', 25);

-- --------------------------------------------------------

--
-- Estructura de tabla para la tabla `identidad_documents`
--

CREATE TABLE `identidad_documents` (
  `id` int(11) NOT NULL,
  `codigo` int(11) NOT NULL,
  `abrv` varchar(10) NOT NULL,
  `descripcion` varchar(100) NOT NULL,
  `created_at` timestamp NOT NULL DEFAULT CURRENT_TIMESTAMP ON UPDATE CURRENT_TIMESTAMP,
  `updated_at` timestamp NOT NULL DEFAULT '0000-00-00 00:00:00'
) ENGINE=InnoDB DEFAULT CHARSET=latin1;

--
-- Volcado de datos para la tabla `identidad_documents`
--

INSERT INTO `identidad_documents` (`id`, `codigo`, `abrv`, `descripcion`, `created_at`, `updated_at`) VALUES
(1, 0, 'OTR', 'OTROS TIPOS DE DOCUMENTOS', '2019-10-12 14:54:57', '0000-00-00 00:00:00'),
(2, 1, 'DNI', 'DOCUMENTO NACIONAL DE IDENTIDAD (DNI)', '2019-10-12 14:55:03', '0000-00-00 00:00:00'),
(3, 4, 'CEX', 'CARNET DE EXTRANJERIA', '2019-10-12 14:55:08', '0000-00-00 00:00:00'),
(4, 6, 'RUC', 'REGISTRO ÚNICO DE CONTRIBUYENTES', '2019-10-12 14:55:14', '0000-00-00 00:00:00'),
(5, 7, 'PAS', 'PASAPORTE', '2019-10-12 14:55:22', '0000-00-00 00:00:00');

-- --------------------------------------------------------

--
-- Estructura de tabla para la tabla `menus`
--

CREATE TABLE `menus` (
  `id` int(10) UNSIGNED NOT NULL,
  `name` varchar(150) COLLATE utf8mb4_unicode_ci NOT NULL,
  `slug` varchar(150) COLLATE utf8mb4_unicode_ci DEFAULT NULL,
  `parent` int(10) UNSIGNED NOT NULL DEFAULT '0',
  `order` float NOT NULL DEFAULT '0',
  `enabled` tinyint(1) NOT NULL DEFAULT '1',
  `nivel` int(11) DEFAULT NULL,
  `icon_text` varchar(100) COLLATE utf8mb4_unicode_ci DEFAULT NULL,
  `created_at` timestamp NULL DEFAULT NULL,
  `updated_at` timestamp NULL DEFAULT NULL
) ENGINE=InnoDB DEFAULT CHARSET=utf8mb4 COLLATE=utf8mb4_unicode_ci;

-- --------------------------------------------------------

--
-- Estructura de tabla para la tabla `migrations`
--

CREATE TABLE `migrations` (
  `id` int(10) UNSIGNED NOT NULL,
  `migration` varchar(255) COLLATE utf8mb4_unicode_ci NOT NULL,
  `batch` int(11) NOT NULL
) ENGINE=InnoDB DEFAULT CHARSET=utf8mb4 COLLATE=utf8mb4_unicode_ci;

--
-- Volcado de datos para la tabla `migrations`
--

INSERT INTO `migrations` (`id`, `migration`, `batch`) VALUES
(1, '2014_10_12_000000_create_users_table', 1),
(2, '2014_10_12_100000_create_password_resets_table', 1),
(3, '2019_06_10_225126_create_entidad_table', 1),
(4, '2019_06_10_233729_create_pais_table', 1),
(5, '2019_06_10_233741_create_provincia_table', 1),
(6, '2019_06_11_222711_create_permission_tables', 2);

-- --------------------------------------------------------

--
-- Estructura de tabla para la tabla `model_has_permissions`
--

CREATE TABLE `model_has_permissions` (
  `permission_id` int(10) UNSIGNED NOT NULL,
  `model_type` varchar(191) COLLATE utf8mb4_unicode_ci NOT NULL,
  `model_id` bigint(20) UNSIGNED NOT NULL
) ENGINE=InnoDB DEFAULT CHARSET=utf8mb4 COLLATE=utf8mb4_unicode_ci;

--
-- Volcado de datos para la tabla `model_has_permissions`
--

INSERT INTO `model_has_permissions` (`permission_id`, `model_type`, `model_id`) VALUES
(1, 'App\\User', 2);

-- --------------------------------------------------------

--
-- Estructura de tabla para la tabla `model_has_roles`
--

CREATE TABLE `model_has_roles` (
  `role_id` int(10) UNSIGNED NOT NULL,
  `model_type` varchar(191) COLLATE utf8mb4_unicode_ci NOT NULL,
  `model_id` bigint(20) UNSIGNED NOT NULL
) ENGINE=InnoDB DEFAULT CHARSET=utf8mb4 COLLATE=utf8mb4_unicode_ci;

--
-- Volcado de datos para la tabla `model_has_roles`
--

INSERT INTO `model_has_roles` (`role_id`, `model_type`, `model_id`) VALUES
(1, 'App\\User', 2),
(1, 'App\\User', 4),
(1, 'App\\User', 7),
(1, 'App\\User', 13),
(1, 'App\\User', 18),
(2, 'App\\User', 9),
(2, 'App\\User', 10),
(2, 'App\\User', 13),
(2, 'App\\User', 17),
(5, 'App\\User', 13),
(5, 'App\\User', 19),
(7, 'App\\User', 13),
(8, 'App\\User', 2);

-- --------------------------------------------------------

--
-- Estructura de tabla para la tabla `modules_has_rol`
--

CREATE TABLE `modules_has_rol` (
  `modules_user_id` int(11) NOT NULL,
  `role_id` int(11) NOT NULL
) ENGINE=InnoDB DEFAULT CHARSET=latin1;

--
-- Volcado de datos para la tabla `modules_has_rol`
--

INSERT INTO `modules_has_rol` (`modules_user_id`, `role_id`) VALUES
(6, 1),
(9, 1),
(9, 2),
(9, 7),
(10, 1),
(10, 7),
(11, 1),
(11, 8),
(12, 1),
(12, 8);

-- --------------------------------------------------------

--
-- Estructura de tabla para la tabla `modules_installs`
--

CREATE TABLE `modules_installs` (
  `id` int(11) NOT NULL,
  `module` varchar(100) NOT NULL,
  `version` varchar(50) NOT NULL,
  `carpeta` varchar(100) NOT NULL,
  `ruta` varchar(100) NOT NULL,
  `created_at` datetime NOT NULL,
  `updated_at` datetime NOT NULL
) ENGINE=InnoDB DEFAULT CHARSET=latin1;

--
-- Volcado de datos para la tabla `modules_installs`
--

INSERT INTO `modules_installs` (`id`, `module`, `version`, `carpeta`, `ruta`, `created_at`, `updated_at`) VALUES
(7, 'Visitas', 'V1', 'Visitas', 'Route::resource(\'moduleinstall3\', \'System\\Controllers\\ConfigController\');', '2019-10-28 15:19:43', '2019-10-28 15:19:43');

-- --------------------------------------------------------

--
-- Estructura de tabla para la tabla `modules_users`
--

CREATE TABLE `modules_users` (
  `id` int(11) NOT NULL,
  `name` varchar(60) NOT NULL,
  `url` varchar(100) NOT NULL,
  `created_at` timestamp NULL DEFAULT NULL,
  `updated_at` timestamp NULL DEFAULT NULL
) ENGINE=InnoDB DEFAULT CHARSET=latin1;

--
-- Volcado de datos para la tabla `modules_users`
--

INSERT INTO `modules_users` (`id`, `name`, `url`, `created_at`, `updated_at`) VALUES
(6, 'home', 'otros', NULL, NULL),
(9, 'visitas', 'visitas', NULL, NULL),
(10, 'ventas', 'ventas', NULL, NULL),
(11, 'entidad', 'entidad', NULL, NULL),
(12, 'compras', 'compras', NULL, NULL);

-- --------------------------------------------------------

--
-- Estructura de tabla para la tabla `motivos`
--

CREATE TABLE `motivos` (
  `id` int(11) NOT NULL,
  `motivo` text NOT NULL,
  `created_at` timestamp NULL DEFAULT NULL,
  `updated_at` timestamp NULL DEFAULT NULL
) ENGINE=InnoDB DEFAULT CHARSET=latin1;

--
-- Volcado de datos para la tabla `motivos`
--

INSERT INTO `motivos` (`id`, `motivo`, `created_at`, `updated_at`) VALUES
(1, 'asdasdad', '2019-12-10 20:39:11', '2019-12-10 20:41:05'),
(2, 'jjj', '2019-12-10 20:41:42', '2019-12-10 20:41:42');

-- --------------------------------------------------------

--
-- Estructura de tabla para la tabla `oficinas`
--

CREATE TABLE `oficinas` (
  `id` int(100) NOT NULL,
  `nombre` varchar(100) NOT NULL,
  `created_at` timestamp NOT NULL DEFAULT CURRENT_TIMESTAMP ON UPDATE CURRENT_TIMESTAMP,
  `updated_at` timestamp NOT NULL DEFAULT '0000-00-00 00:00:00'
) ENGINE=InnoDB DEFAULT CHARSET=latin1;

--
-- Volcado de datos para la tabla `oficinas`
--

INSERT INTO `oficinas` (`id`, `nombre`, `created_at`, `updated_at`) VALUES
(1, 'central oficina', '2019-11-09 04:23:24', '2019-11-09 08:23:24');

-- --------------------------------------------------------

--
-- Estructura de tabla para la tabla `pais`
--

CREATE TABLE `pais` (
  `id` bigint(20) UNSIGNED NOT NULL,
  `pais` varchar(60) COLLATE utf8mb4_unicode_ci NOT NULL,
  `created_at` timestamp NULL DEFAULT NULL,
  `updated_at` timestamp NULL DEFAULT NULL
) ENGINE=InnoDB DEFAULT CHARSET=utf8mb4 COLLATE=utf8mb4_unicode_ci;

--
-- Volcado de datos para la tabla `pais`
--

INSERT INTO `pais` (`id`, `pais`, `created_at`, `updated_at`) VALUES
(1, 'Lima', NULL, NULL),
(2, 'Argentina', NULL, NULL),
(3, 'Uruguay', NULL, NULL);

-- --------------------------------------------------------

--
-- Estructura de tabla para la tabla `permissions`
--

CREATE TABLE `permissions` (
  `id` int(10) UNSIGNED NOT NULL,
  `name` varchar(191) COLLATE utf8mb4_unicode_ci NOT NULL,
  `guard_name` varchar(191) COLLATE utf8mb4_unicode_ci NOT NULL,
  `created_at` timestamp NULL DEFAULT NULL,
  `updated_at` timestamp NULL DEFAULT NULL
) ENGINE=InnoDB DEFAULT CHARSET=utf8mb4 COLLATE=utf8mb4_unicode_ci;

--
-- Volcado de datos para la tabla `permissions`
--

INSERT INTO `permissions` (`id`, `name`, `guard_name`, `created_at`, `updated_at`) VALUES
(1, 'edit', 'web', '2019-11-29 16:48:04', '2019-11-29 16:48:04'),
(2, 'list', 'web', '2019-11-29 16:48:13', '2019-11-29 16:48:13'),
(4, 'delete', 'web', '2019-12-04 22:45:37', '2019-12-04 22:45:37'),
(5, 'add', 'web', '2019-12-04 22:45:42', '2019-12-04 22:45:42'),
(6, 'view', 'web', '2019-12-09 22:20:42', '2019-12-09 22:20:42'),
(7, 'create', 'web', '2019-12-12 20:40:29', '2019-12-12 20:40:29');

-- --------------------------------------------------------

--
-- Estructura de tabla para la tabla `plan_cuentas`
--

CREATE TABLE `plan_cuentas` (
  `id` int(11) NOT NULL,
  `codigo` varchar(30) NOT NULL,
  `descripcion` varchar(100) NOT NULL,
  `contra_cuenta` varchar(100) DEFAULT NULL,
  `contra_cuenta2` varchar(100) DEFAULT NULL,
  `auxiliar` int(11) DEFAULT '0',
  `articulos` int(11) DEFAULT '0',
  `created_at` timestamp NOT NULL DEFAULT CURRENT_TIMESTAMP ON UPDATE CURRENT_TIMESTAMP,
  `updated_at` timestamp NOT NULL DEFAULT '0000-00-00 00:00:00'
) ENGINE=InnoDB DEFAULT CHARSET=latin1;

--
-- Volcado de datos para la tabla `plan_cuentas`
--

INSERT INTO `plan_cuentas` (`id`, `codigo`, `descripcion`, `contra_cuenta`, `contra_cuenta2`, `auxiliar`, `articulos`, `created_at`, `updated_at`) VALUES
(5, '10', 'EFECTIVO Y EQUIVALENTE EFECTIVO', NULL, NULL, 1, 0, '2019-11-15 18:46:17', '2019-11-15 22:46:17'),
(6, '101', 'CAJA', NULL, NULL, 0, 0, '2019-10-11 19:08:49', '2019-10-11 19:08:49'),
(7, '1010101', 'CAJA EFECTIVO SOLES', NULL, NULL, 0, 0, '2019-10-11 19:10:00', '2019-10-11 19:10:00'),
(8, '1010102', 'CAJA EFECTIVO DOLARES', NULL, NULL, 0, 0, '2019-10-11 19:10:22', '2019-10-11 19:10:22'),
(9, '1010103', 'CAJA CAMBIO DE MONEDA', NULL, NULL, 0, 0, '2019-10-11 19:10:52', '2019-10-11 19:10:52'),
(10, '102', 'FONDOS FIJOS', NULL, NULL, 0, 0, '2019-10-11 19:12:37', '2019-10-11 19:12:37'),
(11, '103', 'FONDOS', NULL, NULL, 0, 0, '2019-10-11 19:13:28', '2019-10-11 19:13:28'),
(12, '1020101', 'FONDOS FIJOS SOLES', NULL, NULL, 0, 0, '2019-10-11 22:56:15', '2019-10-11 22:56:15'),
(13, '1020102', 'FONDOS FIJOS DOLARES', NULL, NULL, 0, 0, '2019-10-11 22:56:49', '2019-10-11 22:56:49'),
(14, '60', 'COMPRAS', NULL, NULL, 0, 0, '2019-10-11 19:43:16', '2019-10-11 23:43:16'),
(15, '601', 'MERCADERIAS', NULL, NULL, 0, 0, '2019-10-11 23:05:39', '2019-10-11 23:05:39'),
(16, '6011', 'MERCADERIAS MANUFACTURADAS', NULL, NULL, 0, 0, '2019-10-11 23:06:16', '2019-10-11 23:06:16'),
(17, '6011101', 'MERCADERIAS MANUFACTURAS COSTO', '2412101', '6121201', 0, 0, '2019-10-11 19:47:06', '2019-10-11 23:47:06'),
(18, '2412101', 'BEBIDAS', NULL, NULL, 0, 0, '2019-10-11 23:45:29', '2019-10-11 23:45:29'),
(19, '6121201', 'COMPRAS DE BEBIDAS', NULL, NULL, 0, 0, '2019-10-11 23:45:48', '2019-10-11 23:45:48'),
(20, '7311101', 'DESCTOS, REBAJAS Y BONIF. OBTENIDOS', NULL, NULL, 0, 0, '2019-10-12 01:35:15', '2019-10-12 01:35:15'),
(21, '7411101', 'DESCTOS,REBAJAS,Y BONIFICAC.CONCEDIDOS', NULL, NULL, 0, 0, '2019-10-12 01:35:57', '2019-10-12 01:35:57'),
(22, '4011101', 'IGV - CUENTA PROPIA', NULL, NULL, 0, 0, '2019-10-12 01:36:47', '2019-10-12 01:36:47'),
(23, '4212101', 'FACTURAS POR PAGAR', NULL, NULL, 0, 0, '2019-10-11 21:39:00', '2019-10-12 01:39:00'),
(24, '1212101', 'FACTURAS POR COBRAR', NULL, NULL, 0, 0, '2019-10-12 01:37:58', '2019-10-12 01:37:58'),
(25, '9311101', 'GASTOS OPERATIVOS', NULL, NULL, 0, 0, '2019-10-12 03:35:43', '2019-10-12 03:35:43'),
(26, '7911101', 'CARGAS IMP.A CTAS.D COS. Y GTO', NULL, NULL, 0, 0, '2019-10-12 03:36:19', '2019-10-12 03:36:19'),
(27, '1017201', 'RENTA DE CUARTA CATEGORIA', NULL, NULL, 0, 0, '2019-10-16 23:11:54', '2019-10-16 23:11:54'),
(28, '4241101', 'HONORARIOS POR PAGAR SOLES', NULL, NULL, 0, 0, '2019-10-16 23:12:39', '2019-10-16 23:12:39'),
(29, '4011102', 'IGV - SERV.PREST.POR NO DOMICI', NULL, NULL, 0, 0, '2019-10-16 23:13:32', '2019-10-16 23:13:32'),
(30, '6343101', 'MANT.Y ACONDICION.DE LOCAL-OFI', NULL, NULL, 0, 0, '2019-10-16 23:26:06', '2019-10-16 23:26:06'),
(31, '6251101', 'ATENCION AL PERSONAL', NULL, NULL, 0, 0, '2019-10-16 23:26:49', '2019-10-16 23:26:49'),
(32, '4221101', 'ANTICIPO A PROVEEDORES SOLES', NULL, NULL, 0, 0, '2019-10-17 00:02:30', '2019-10-17 00:02:30'),
(33, '4011301', 'IGV - REGIMEN DE PERCEPCIONES', NULL, NULL, 0, 0, '2019-10-22 02:19:34', '2019-10-22 02:19:34'),
(34, '55889966', 'others', NULL, NULL, 0, 0, '2019-11-15 18:47:17', '2019-11-15 22:47:17');

-- --------------------------------------------------------

--
-- Estructura de tabla para la tabla `provincias`
--

CREATE TABLE `provincias` (
  `nombre` varchar(60) COLLATE utf8mb4_unicode_ci NOT NULL,
  `departamentos_id` int(11) NOT NULL,
  `id` bigint(20) UNSIGNED NOT NULL,
  `created_at` timestamp NULL DEFAULT NULL,
  `updated_at` timestamp NULL DEFAULT NULL
) ENGINE=InnoDB DEFAULT CHARSET=utf8mb4 COLLATE=utf8mb4_unicode_ci;

--
-- Volcado de datos para la tabla `provincias`
--

INSERT INTO `provincias` (`nombre`, `departamentos_id`, `id`, `created_at`, `updated_at`) VALUES
('Chachapoyas', 1, 101, NULL, NULL),
('Bagua', 1, 102, NULL, NULL),
('Bongará', 1, 103, NULL, NULL),
('Condorcanqui', 1, 104, NULL, NULL),
('Luya', 1, 105, NULL, NULL),
('Rodríguez de Mendoza', 1, 106, NULL, NULL),
('Utcubamba', 1, 107, NULL, NULL),
('Huaraz', 2, 201, NULL, NULL),
('Aija', 2, 202, NULL, NULL),
('Antonio Raymondi', 2, 203, NULL, NULL),
('Asunción', 2, 204, NULL, NULL),
('Bolognesi', 2, 205, NULL, NULL),
('Carhuaz', 2, 206, NULL, NULL),
('Carlos Fermín Fitzcarrald', 2, 207, NULL, NULL),
('Casma', 2, 208, NULL, NULL),
('Corongo', 2, 209, NULL, NULL),
('Huari', 2, 210, NULL, NULL),
('Huarmey', 2, 211, NULL, NULL),
('Huaylas', 2, 212, NULL, NULL),
('Mariscal Luzuriaga', 2, 213, NULL, NULL),
('Ocros', 2, 214, NULL, NULL),
('Pallasca', 2, 215, NULL, NULL),
('Pomabamba', 2, 216, NULL, NULL),
('Recuay', 2, 217, NULL, NULL),
('Santa', 2, 218, NULL, NULL),
('Sihuas', 2, 219, NULL, NULL),
('Yungay', 2, 220, NULL, NULL),
('Abancay', 3, 301, NULL, NULL),
('Andahuaylas', 3, 302, NULL, NULL),
('Antabamba', 3, 303, NULL, NULL),
('Aymaraes', 3, 304, NULL, NULL),
('Cotabambas', 3, 305, NULL, NULL),
('Chincheros', 3, 306, NULL, NULL),
('Grau', 3, 307, NULL, NULL),
('Arequipa', 4, 401, NULL, NULL),
('Camaná', 4, 402, NULL, NULL),
('Caravelí', 4, 403, NULL, NULL),
('Castilla', 4, 404, NULL, NULL),
('Caylloma', 4, 405, NULL, NULL),
('Condesuyos', 4, 406, NULL, NULL),
('Islay', 4, 407, NULL, NULL),
('La Uniòn', 4, 408, NULL, NULL),
('Huamanga', 5, 501, NULL, NULL),
('Cangallo', 5, 502, NULL, NULL),
('Huanca Sancos', 5, 503, NULL, NULL),
('Huanta', 5, 504, NULL, NULL),
('La Mar', 5, 505, NULL, NULL),
('Lucanas', 5, 506, NULL, NULL),
('Parinacochas', 5, 507, NULL, NULL),
('Pàucar del Sara Sara', 5, 508, NULL, NULL),
('Sucre', 5, 509, NULL, NULL),
('Víctor Fajardo', 5, 510, NULL, NULL),
('Vilcas Huamán', 5, 511, NULL, NULL),
('Cajamarca', 6, 601, NULL, NULL),
('Cajabamba', 6, 602, NULL, NULL),
('Celendín', 6, 603, NULL, NULL),
('Chota', 6, 604, NULL, NULL),
('Contumazá', 6, 605, NULL, NULL),
('Cutervo', 6, 606, NULL, NULL),
('Hualgayoc', 6, 607, NULL, NULL),
('Jaén', 6, 608, NULL, NULL),
('San Ignacio', 6, 609, NULL, NULL),
('San Marcos', 6, 610, NULL, NULL),
('San Miguel', 6, 611, NULL, NULL),
('San Pablo', 6, 612, NULL, NULL),
('Santa Cruz', 6, 613, NULL, NULL),
('Prov. Const. del Callao', 7, 701, NULL, NULL),
('Cusco', 8, 801, NULL, NULL),
('Acomayo', 8, 802, NULL, NULL),
('Anta', 8, 803, NULL, NULL),
('Calca', 8, 804, NULL, NULL),
('Canas', 8, 805, NULL, NULL),
('Canchis', 8, 806, NULL, NULL),
('Chumbivilcas', 8, 807, NULL, NULL),
('Espinar', 8, 808, NULL, NULL),
('La Convención', 8, 809, NULL, NULL),
('Paruro', 8, 810, NULL, NULL),
('Paucartambo', 8, 811, NULL, NULL),
('Quispicanchi', 8, 812, NULL, NULL),
('Urubamba', 8, 813, NULL, NULL),
('Huancavelica', 9, 901, NULL, NULL),
('Acobamba', 9, 902, NULL, NULL),
('Angaraes', 9, 903, NULL, NULL),
('Castrovirreyna', 9, 904, NULL, NULL),
('Churcampa', 9, 905, NULL, NULL),
('Huaytará', 9, 906, NULL, NULL),
('Tayacaja', 9, 907, NULL, NULL),
('Huánuco', 10, 1001, NULL, NULL),
('Ambo', 10, 1002, NULL, NULL),
('Dos de Mayo', 10, 1003, NULL, NULL),
('Huacaybamba', 10, 1004, NULL, NULL),
('Huamalíes', 10, 1005, NULL, NULL),
('Leoncio Prado', 10, 1006, NULL, NULL),
('Marañón', 10, 1007, NULL, NULL),
('Pachitea', 10, 1008, NULL, NULL),
('Puerto Inca', 10, 1009, NULL, NULL),
('Lauricocha', 10, 1010, NULL, NULL),
('Yarowilca', 10, 1011, NULL, NULL),
('Ica', 11, 1101, NULL, NULL),
('Chincha', 11, 1102, NULL, NULL),
('Nasca', 11, 1103, NULL, NULL),
('Palpa', 11, 1104, NULL, NULL),
('Pisco', 11, 1105, NULL, NULL),
('Huancayo', 12, 1201, NULL, NULL),
('Concepción', 12, 1202, NULL, NULL),
('Chanchamayo', 12, 1203, NULL, NULL),
('Jauja', 12, 1204, NULL, NULL),
('Junín', 12, 1205, NULL, NULL),
('Satipo', 12, 1206, NULL, NULL),
('Tarma', 12, 1207, NULL, NULL),
('Yauli', 12, 1208, NULL, NULL),
('Chupaca', 12, 1209, NULL, NULL),
('Trujillo', 13, 1301, NULL, NULL),
('Ascope', 13, 1302, NULL, NULL),
('Bolívar', 13, 1303, NULL, NULL),
('Chepén', 13, 1304, NULL, NULL),
('Julcán', 13, 1305, NULL, NULL),
('Otuzco', 13, 1306, NULL, NULL),
('Pacasmayo', 13, 1307, NULL, NULL),
('Pataz', 13, 1308, NULL, NULL),
('Sánchez Carrión', 13, 1309, NULL, NULL),
('Santiago de Chuco', 13, 1310, NULL, NULL),
('Gran Chimú', 13, 1311, NULL, NULL),
('Virú', 13, 1312, NULL, NULL),
('Chiclayo', 14, 1401, NULL, NULL),
('Ferreñafe', 14, 1402, NULL, NULL),
('Lambayeque', 14, 1403, NULL, NULL),
('Lima', 15, 1501, NULL, NULL),
('Barranca', 15, 1502, NULL, NULL),
('Cajatambo', 15, 1503, NULL, NULL),
('Canta', 15, 1504, NULL, NULL),
('Cañete', 15, 1505, NULL, NULL),
('Huaral', 15, 1506, NULL, NULL),
('Huarochirí', 15, 1507, NULL, NULL),
('Huaura', 15, 1508, NULL, NULL),
('Oyón', 15, 1509, NULL, NULL),
('Yauyos', 15, 1510, NULL, NULL),
('Maynas', 16, 1601, NULL, NULL),
('Alto Amazonas', 16, 1602, NULL, NULL),
('Loreto', 16, 1603, NULL, NULL),
('Mariscal Ramón Castilla', 16, 1604, NULL, NULL),
('Requena', 16, 1605, NULL, NULL),
('Ucayali', 16, 1606, NULL, NULL),
('Datem del Marañón', 16, 1607, NULL, NULL),
('Putumayo', 16, 1608, NULL, NULL),
('Tambopata', 17, 1701, NULL, NULL),
('Manu', 17, 1702, NULL, NULL),
('Tahuamanu', 17, 1703, NULL, NULL),
('Mariscal Nieto', 18, 1801, NULL, NULL),
('General Sánchez Cerro', 18, 1802, NULL, NULL),
('Ilo', 18, 1803, NULL, NULL),
('Pasco', 19, 1901, NULL, NULL),
('Daniel Alcides Carrión', 19, 1902, NULL, NULL),
('Oxapampa', 19, 1903, NULL, NULL),
('Piura', 20, 2001, NULL, NULL),
('Ayabaca', 20, 2002, NULL, NULL),
('Huancabamba', 20, 2003, NULL, NULL),
('Morropón', 20, 2004, NULL, NULL),
('Paita', 20, 2005, NULL, NULL),
('Sullana', 20, 2006, NULL, NULL),
('Talara', 20, 2007, NULL, NULL),
('Sechura', 20, 2008, NULL, NULL),
('Puno', 21, 2101, NULL, NULL),
('Azángaro', 21, 2102, NULL, NULL),
('Carabaya', 21, 2103, NULL, NULL),
('Chucuito', 21, 2104, NULL, NULL),
('El Collao', 21, 2105, NULL, NULL),
('Huancané', 21, 2106, NULL, NULL),
('Lampa', 21, 2107, NULL, NULL),
('Melgar', 21, 2108, NULL, NULL),
('Moho', 21, 2109, NULL, NULL),
('San Antonio de Putina', 21, 2110, NULL, NULL),
('San Román', 21, 2111, NULL, NULL),
('Sandia', 21, 2112, NULL, NULL),
('Yunguyo', 21, 2113, NULL, NULL),
('Moyobamba', 22, 2201, NULL, NULL),
('Bellavista', 22, 2202, NULL, NULL),
('El Dorado', 22, 2203, NULL, NULL),
('Huallaga', 22, 2204, NULL, NULL),
('Lamas', 22, 2205, NULL, NULL),
('Mariscal Cáceres', 22, 2206, NULL, NULL),
('Picota', 22, 2207, NULL, NULL),
('Rioja', 22, 2208, NULL, NULL),
('San Martín', 22, 2209, NULL, NULL),
('Tocache', 22, 2210, NULL, NULL),
('Tacna', 23, 2301, NULL, NULL),
('Candarave', 23, 2302, NULL, NULL),
('Jorge Basadre', 23, 2303, NULL, NULL),
('Tarata', 23, 2304, NULL, NULL),
('Tumbes', 24, 2401, NULL, NULL),
('Contralmirante Villar', 24, 2402, NULL, NULL),
('Zarumilla', 24, 2403, NULL, NULL),
('Coronel Portillo', 25, 2501, NULL, NULL),
('Atalaya', 25, 2502, NULL, NULL),
('Padre Abad', 25, 2503, NULL, NULL),
('Purús', 25, 2504, NULL, NULL);

-- --------------------------------------------------------

--
-- Estructura de tabla para la tabla `roles`
--

CREATE TABLE `roles` (
  `id` int(10) UNSIGNED NOT NULL,
  `name` varchar(191) COLLATE utf8mb4_unicode_ci NOT NULL,
  `guard_name` varchar(191) COLLATE utf8mb4_unicode_ci NOT NULL,
  `created_at` timestamp NULL DEFAULT NULL,
  `updated_at` timestamp NULL DEFAULT NULL
) ENGINE=InnoDB DEFAULT CHARSET=utf8mb4 COLLATE=utf8mb4_unicode_ci;

--
-- Volcado de datos para la tabla `roles`
--

INSERT INTO `roles` (`id`, `name`, `guard_name`, `created_at`, `updated_at`) VALUES
(1, 'administrator', 'web', '2019-06-11 04:00:00', '2019-12-03 19:59:50'),
(2, 'usuario', 'web', '2019-06-11 04:00:00', '2019-06-11 04:00:00'),
(5, 'writer', 'web', '2019-11-29 19:51:09', '2019-11-29 19:51:09'),
(6, 'otros', 'web', '2019-11-30 02:52:42', '2019-11-30 02:52:42'),
(7, 'visitas', 'web', '2019-12-03 04:58:56', '2019-12-03 04:58:56'),
(8, 'master', 'web', '2019-12-05 16:37:11', '2019-12-05 16:37:20'),
(9, 'entidad', 'web', '2019-12-10 22:16:02', '2019-12-10 22:16:02');

-- --------------------------------------------------------

--
-- Estructura de tabla para la tabla `role_has_permissions`
--

CREATE TABLE `role_has_permissions` (
  `permission_id` int(10) UNSIGNED NOT NULL,
  `role_id` int(10) UNSIGNED NOT NULL
) ENGINE=InnoDB DEFAULT CHARSET=utf8mb4 COLLATE=utf8mb4_unicode_ci;

--
-- Volcado de datos para la tabla `role_has_permissions`
--

INSERT INTO `role_has_permissions` (`permission_id`, `role_id`) VALUES
(1, 1),
(1, 2),
(1, 6),
(1, 7),
(1, 9),
(2, 1),
(2, 2),
(2, 6),
(2, 8),
(2, 9),
(4, 1),
(4, 8),
(4, 9),
(5, 1),
(5, 8),
(5, 9),
(6, 1),
(6, 9),
(7, 1),
(7, 8);

-- --------------------------------------------------------

--
-- Estructura de tabla para la tabla `rphonorarios`
--

CREATE TABLE `rphonorarios` (
  `id` int(11) NOT NULL,
  `codigo_num` int(11) NOT NULL,
  `dhber` varchar(50) DEFAULT 'debe',
  `nombre` varchar(100) NOT NULL,
  `numero_identidad` varchar(100) NOT NULL,
  `identidad_document_id` int(11) DEFAULT NULL,
  `tipdocs_id` int(11) DEFAULT NULL,
  `doc_cod` varchar(50) NOT NULL,
  `doc_sig` varchar(10) NOT NULL,
  `serie` varchar(200) NOT NULL,
  `numero` int(11) NOT NULL,
  `divisa` varchar(30) NOT NULL,
  `dias` int(11) NOT NULL,
  `fec_emision` varchar(100) NOT NULL,
  `fec_vencimiento` varchar(100) NOT NULL,
  `create_at` date NOT NULL,
  `forpags` varchar(100) NOT NULL,
  `importe` bigint(20) DEFAULT NULL,
  `cambio` varchar(20) NOT NULL,
  `glosa` text NOT NULL,
  `detracciones1` varchar(100) DEFAULT NULL,
  `detracciones2` varchar(100) DEFAULT NULL,
  `nodomiselect` varchar(50) DEFAULT NULL,
  `ndomiserie` varchar(50) DEFAULT NULL,
  `ndominumero` varchar(50) DEFAULT NULL,
  `tipdoc_relacional` varchar(100) DEFAULT NULL,
  `serie_relacional` varchar(50) DEFAULT NULL,
  `numero_relacional` varchar(50) DEFAULT NULL,
  `inafecto` float DEFAULT '0',
  `afecto` float DEFAULT '0',
  `anticipo` float DEFAULT '0',
  `descuento` float DEFAULT '0',
  `vcompra` float DEFAULT '0',
  `igv_percent` float DEFAULT '0',
  `impuesto` float DEFAULT '0',
  `sub_total` float DEFAULT '0',
  `percepcion` float DEFAULT '0',
  `totales` float DEFAULT '0',
  `inafecto_cambio` float DEFAULT '0',
  `afecto_cambio` float DEFAULT '0',
  `anticipo_cambio` float DEFAULT '0',
  `descuento_cambio` float DEFAULT '0',
  `vcompra_cambio` float DEFAULT '0',
  `impuesto_cambio` float DEFAULT '0',
  `subtotal_cambio` float DEFAULT '0',
  `percepcion_cambio` float DEFAULT '0',
  `total_cambio` float DEFAULT '0',
  `file_img` varchar(100) DEFAULT NULL,
  `file_pdf` varchar(100) DEFAULT NULL,
  `file_excel` varchar(100) DEFAULT NULL,
  `honorarios` varchar(100) NOT NULL,
  `imp_checked` varchar(5) NOT NULL,
  `hpertc` float NOT NULL,
  `hvalue` float NOT NULL,
  `total_h` float NOT NULL,
  `ccostos_id` int(11) NOT NULL,
  `ccostos_descripcion` varchar(100) NOT NULL,
  `ccostos_codigo` bigint(20) NOT NULL,
  `plan_cuentas_id` int(11) NOT NULL,
  `cuentas_descripcion` varchar(100) NOT NULL,
  `cuentas_codigo` bigint(20) NOT NULL,
  `status` int(11) DEFAULT '0'
) ENGINE=InnoDB DEFAULT CHARSET=latin1;

--
-- Volcado de datos para la tabla `rphonorarios`
--

INSERT INTO `rphonorarios` (`id`, `codigo_num`, `dhber`, `nombre`, `numero_identidad`, `identidad_document_id`, `tipdocs_id`, `doc_cod`, `doc_sig`, `serie`, `numero`, `divisa`, `dias`, `fec_emision`, `fec_vencimiento`, `create_at`, `forpags`, `importe`, `cambio`, `glosa`, `detracciones1`, `detracciones2`, `nodomiselect`, `ndomiserie`, `ndominumero`, `tipdoc_relacional`, `serie_relacional`, `numero_relacional`, `inafecto`, `afecto`, `anticipo`, `descuento`, `vcompra`, `igv_percent`, `impuesto`, `sub_total`, `percepcion`, `totales`, `inafecto_cambio`, `afecto_cambio`, `anticipo_cambio`, `descuento_cambio`, `vcompra_cambio`, `impuesto_cambio`, `subtotal_cambio`, `percepcion_cambio`, `total_cambio`, `file_img`, `file_pdf`, `file_excel`, `honorarios`, `imp_checked`, `hpertc`, `hvalue`, `total_h`, `ccostos_id`, `ccostos_descripcion`, `ccostos_codigo`, `plan_cuentas_id`, `cuentas_descripcion`, `cuentas_codigo`, `status`) VALUES
(5, 2, 'debe', 'CUBAS OTOYA VICTOR HUGO', '10082008093', 6, 11, '02', 'R/H', 'F001', 666, 'US', 7, '2019-10-03', '2019-10-29', '2019-11-12', 'Contado', NULL, '3.386', 'asdasd', NULL, NULL, NULL, NULL, NULL, NULL, NULL, NULL, 0, 0, 0, 0, 0, 0, 0, 0, 0, 1400, 0, 0, 0, 0, 0, 0, 0, 0, 4740.4, NULL, NULL, NULL, '1400', 'si', 8, 112, 1288, 11, 'ALOJAMIENTO', 4301, 7, 'CAJA EFECTIVO SOLES', 1010101, 0);

-- --------------------------------------------------------

--
-- Estructura de tabla para la tabla `rphonorarios_cuentas`
--

CREATE TABLE `rphonorarios_cuentas` (
  `id` int(11) NOT NULL,
  `dhber` varchar(20) NOT NULL,
  `cuenta` varchar(11) NOT NULL,
  `codigo` varchar(60) NOT NULL,
  `descripcion` text NOT NULL,
  `rphonorario_id` int(11) NOT NULL
) ENGINE=InnoDB DEFAULT CHARSET=latin1;

--
-- Volcado de datos para la tabla `rphonorarios_cuentas`
--

INSERT INTO `rphonorarios_cuentas` (`id`, `dhber`, `cuenta`, `codigo`, `descripcion`, `rphonorario_id`) VALUES
(10, 'debe', 'cuenta4', '7411101', 'DESCTOS,REBAJAS,Y BONIFICAC.CONCEDIDOS', 1),
(11, 'haber', 'cuenta5', '4011101', 'IGV - CUENTA PROPIA', 1),
(12, 'debe', 'cuenta6', '1212101', 'FACTURAS POR COBRAR', 1),
(13, 'debe', 'cuenta1', '1010101', 'CAJA EFECTIVO SOLES', 5),
(14, 'haber', 'cuenta2', '4011301', 'IGV - REGIMEN DE PERCEPCIONES', 5),
(15, 'haber', 'cuenta3', '4241101', 'HONORARIOS POR PAGAR SOLES', 5);

-- --------------------------------------------------------

--
-- Estructura de tabla para la tabla `rphonorarios_lineas`
--

CREATE TABLE `rphonorarios_lineas` (
  `id` int(11) NOT NULL,
  `codigo` int(11) DEFAULT '0',
  `codigo_art` varchar(100) DEFAULT NULL,
  `concepto` text,
  `nombre_articulo` varchar(50) DEFAULT NULL,
  `cantidad` int(11) NOT NULL DEFAULT '0',
  `um` varchar(20) DEFAULT NULL,
  `precio` float NOT NULL,
  `precio_art` float DEFAULT NULL,
  `importe_art` float DEFAULT NULL,
  `rphonorario_id` int(11) NOT NULL,
  `rphonorarios_id_relacional` int(11) DEFAULT '0',
  `cuentas_descripcion` varchar(100) NOT NULL,
  `cuentas_codigo` varchar(100) NOT NULL,
  `plan_cuentas_id` int(11) NOT NULL,
  `ccostos_id` int(11) DEFAULT NULL,
  `ccostos_codigo` varchar(100) DEFAULT NULL,
  `ccostos_descripcion` varchar(100) DEFAULT NULL,
  `afecto` varchar(100) DEFAULT NULL,
  `obsequio` int(11) DEFAULT NULL,
  `dhber` varchar(100) DEFAULT NULL,
  `precio_soles` float DEFAULT '0',
  `descuento_soles` float DEFAULT '0',
  `imp_soles` float DEFAULT '0',
  `igv_soles` float DEFAULT '0',
  `descuento_percent` float DEFAULT '0',
  `descuento_valor` float NOT NULL DEFAULT '0',
  `imp_percent` float DEFAULT '0',
  `imp_sel` float DEFAULT '0',
  `igvpercent` float DEFAULT '0',
  `igv_val` double DEFAULT NULL,
  `total_valor` double DEFAULT NULL,
  `tipe_linea` varchar(20) NOT NULL,
  `document_f_relacional` varchar(100) DEFAULT NULL
) ENGINE=InnoDB DEFAULT CHARSET=latin1;

-- --------------------------------------------------------

--
-- Estructura de tabla para la tabla `sedes`
--

CREATE TABLE `sedes` (
  `id` int(11) NOT NULL,
  `nombre` varchar(100) NOT NULL,
  `items_json` text,
  `created_at` datetime NOT NULL,
  `updated_at` datetime NOT NULL
) ENGINE=InnoDB DEFAULT CHARSET=latin1;

--
-- Volcado de datos para la tabla `sedes`
--

INSERT INTO `sedes` (`id`, `nombre`, `items_json`, `created_at`, `updated_at`) VALUES
(1, 'EDIFICIO PALACIO', NULL, '2020-10-14 00:00:00', '2020-10-22 00:00:00'),
(2, 'PIÑEIRO-TRANSPORTES', NULL, '2020-10-14 00:00:00', '2020-10-15 00:00:00'),
(3, 'PIÑEIRO - ALMACÉN', NULL, '2020-10-14 00:00:00', '2020-10-15 00:00:00'),
(4, 'SCHELL', '{\"0\":{\"id\":1,\"nombre\":\"hola\"}}', '2020-10-13 00:00:00', '2020-10-15 14:20:46'),
(5, 'PALACIO DE GOBIERNO', NULL, '2020-10-14 00:00:00', '2020-10-16 00:00:00'),
(6, 'Edificio 5', '{\"0\":{\"id\":1,\"nombre\":\"central1\"},\"1\":{\"id\":2,\"nombre\":\"central2\"},\"2\":{\"id\":3,\"nombre\":\"central3\"}}', '2020-10-15 23:19:52', '2020-10-15 23:19:52'),
(7, 'EDificio 20', '{\"0\":{\"id\":1,\"nombre\":\"Oficina 1\"},\"1\":{\"id\":2,\"nombre\":\" oficina 2\"},\"2\":{\"id\":3,\"nombre\":\" oficina 3\"}}', '2020-10-16 01:15:15', '2020-10-16 01:15:15');

-- --------------------------------------------------------

--
-- Estructura de tabla para la tabla `tag_arts`
--

CREATE TABLE `tag_arts` (
  `id` int(11) NOT NULL,
  `nombre` varchar(100) NOT NULL,
  `slug` varchar(100) NOT NULL,
  `descripcion` text
) ENGINE=InnoDB DEFAULT CHARSET=latin1;

--
-- Volcado de datos para la tabla `tag_arts`
--

INSERT INTO `tag_arts` (`id`, `nombre`, `slug`, `descripcion`) VALUES
(2, 'Nombres', 'nombres', 'nombres'),
(3, 'otras familias', 'others', 'ooot');

-- --------------------------------------------------------

--
-- Estructura de tabla para la tabla `tag_relation`
--

CREATE TABLE `tag_relation` (
  `id` int(11) NOT NULL,
  `tag_arts_id` int(11) NOT NULL,
  `articulos_id` int(11) NOT NULL
) ENGINE=InnoDB DEFAULT CHARSET=latin1;

--
-- Volcado de datos para la tabla `tag_relation`
--

INSERT INTO `tag_relation` (`id`, `tag_arts_id`, `articulos_id`) VALUES
(15, 2, 26),
(16, 2, 2),
(18, 2, 28);

-- --------------------------------------------------------

--
-- Estructura de tabla para la tabla `tcambios`
--

CREATE TABLE `tcambios` (
  `id` int(11) NOT NULL,
  `fecha` date NOT NULL,
  `compra` varchar(20) NOT NULL,
  `venta` varchar(20) NOT NULL,
  `imp_g_ventas` varchar(20) NOT NULL,
  `imp_s_consumo` varchar(20) NOT NULL,
  `imp_hotelero` varchar(20) NOT NULL,
  `renta` varchar(20) NOT NULL
) ENGINE=InnoDB DEFAULT CHARSET=latin1;

--
-- Volcado de datos para la tabla `tcambios`
--

INSERT INTO `tcambios` (`id`, `fecha`, `compra`, `venta`, `imp_g_ventas`, `imp_s_consumo`, `imp_hotelero`, `renta`) VALUES
(9, '2019-08-01', '3.308', '3.31', '18', '20', '10', '8'),
(10, '2019-08-02', '3.316', '3.319', '18', '20', '10', '8'),
(11, '2019-08-03', '3.343', '3.346', '18', '20', '10', '8'),
(12, '2019-08-06', '3.375', '3.385', '18', '20', '10', '8'),
(13, '2019-08-07', '3.38', '3.384', '18', '20', '10', '8'),
(14, '2019-08-08', '3.379', '3.382', '18', '20', '10', '8'),
(15, '2019-08-09', '3.379', '3.382', '18', '20', '10', '8'),
(16, '2019-08-10', '3.379', '3.383', '18', '20', '10', '8'),
(17, '2019-08-13', '3.386', '3.389', '18', '20', '10', '8'),
(18, '2019-08-14', '3.375', '3.377', '18', '20', '10', '8'),
(19, '2019-08-15', '3.389', '3.389', '18', '20', '10', '8'),
(20, '2019-08-16', '3.39', '3.394', '18', '20', '10', '8'),
(21, '2019-08-17', '3.382', '3.386', '18', '20', '10', '8'),
(22, '2019-08-20', '3.382', '3.386', '18', '20', '10', '8'),
(23, '2019-08-21', '3.379', '3.381', '18', '20', '10', '8'),
(24, '2019-08-22', '3.376', '3.379', '18', '20', '10', '8'),
(25, '2019-08-23', '3.378', '3.381', '18', '20', '10', '8'),
(26, '2019-08-24', '3.374', '3.377', '18', '20', '10', '8'),
(27, '2019-08-27', '3.377', '3.379', '18', '20', '10', '8'),
(28, '2019-08-28', '3.385', '3.388', '18', '20', '10', '8'),
(29, '2019-08-29', '3.392', '3.399', '18', '20', '10', '8'),
(30, '2019-09-03', '3.396', '3.405', '18', '20', '10', '8'),
(31, '2019-09-04', '3.403', '3.405', '18', '20', '10', '8'),
(32, '2019-09-05', '3.389', '3.392', '18', '20', '10', '8'),
(33, '2019-09-06', '3.366', '3.367', '18', '20', '10', '8'),
(34, '2019-09-07', '3.344', '3.346', '18', '20', '10', '8'),
(35, '2019-09-10', '3.343', '3.347', '18', '20', '10', '8'),
(36, '2019-09-11', '3.344', '3.348', '18', '20', '10', '8'),
(37, '2019-09-12', '3.342', '3.344', '18', '20', '10', '8'),
(38, '2019-09-13', '3.328', '3.331', '18', '20', '10', '8'),
(39, '2019-09-14', '3.315', '3.318', '18', '20', '10', '8'),
(40, '2019-09-17', '3.322', '3.327', '18', '20', '10', '8'),
(41, '2019-09-18', '3.341', '3.345', '18', '20', '10', '8'),
(42, '2019-09-19', '3.342', '3.345', '18', '20', '10', '8'),
(43, '2019-09-20', '3.353', '3.354', '18', '20', '10', '8'),
(44, '2019-09-21', '3.357', '3.361', '18', '20', '10', '8'),
(45, '2019-07-02', '3.288', '3.291', '18', '20', '10', '8'),
(46, '2019-07-03', '3.288', '3.292', '18', '20', '10', '8'),
(47, '2019-07-04', '3.294', '3.296', '18', '20', '10', '8'),
(48, '2019-07-05', '3.286', '3.294', '18', '20', '10', '8'),
(49, '2019-07-06', '3.293', '3.298', '18', '20', '10', '8'),
(50, '2019-07-09', '3.286', '3.293', '18', '20', '10', '8'),
(51, '2019-07-10', '3.288', '3.293', '18', '20', '10', '8'),
(52, '2019-07-11', '3.285', '3.288', '18', '20', '10', '8'),
(53, '2019-07-12', '3.281', '3.286', '18', '20', '10', '8'),
(54, '2019-07-13', '3.281', '3.285', '18', '20', '10', '8'),
(55, '2019-07-16', '3.284', '3.286', '18', '20', '10', '8'),
(56, '2019-07-17', '3.285', '3.288', '18', '20', '10', '8'),
(57, '2019-07-18', '3.284', '3.287', '18', '20', '10', '8'),
(58, '2019-07-19', '3.285', '3.288', '18', '20', '10', '8'),
(59, '2019-07-20', '3.282', '3.286', '18', '20', '10', '8'),
(60, '2019-07-23', '3.283', '3.287', '18', '20', '10', '8'),
(61, '2019-07-24', '3.29', '3.292', '18', '20', '10', '8'),
(62, '2019-07-25', '3.291', '3.294', '18', '20', '10', '8'),
(63, '2019-07-26', '3.296', '3.3', '18', '20', '10', '8'),
(64, '2019-07-27', '3.297', '3.3', '18', '20', '10', '8'),
(65, '2019-09-24', '3.362', '3.364', '18', '20', '10', '8'),
(66, '2019-09-25', '3.344', '3.346', '18', '20', '10', '8'),
(67, '2019-10-01', '3.382', '3.385', '18', '20', '10', '8'),
(68, '2019-09-26', '3.348', '3.352', '18', '20', '10', '8'),
(69, '2019-09-27', '3.362', '3.365', '18', '20', '10', '8'),
(70, '2019-09-28', '3.384', '3.395', '18', '20', '10', '8'),
(71, '2019-10-02', '3.39', '3.393', '18', '20', '10', '8'),
(72, '2019-10-03', '3.386', '3.388', '18', '20', '10', '8'),
(73, '2019-10-04', '3.376', '3.378', '18', '20', '10', '8'),
(74, '2019-10-05', '3.375', '3.378', '18', '20', '10', '8'),
(75, '2019-10-08', '3.384', '3.388', '18', '20', '10', '8'),
(76, '2019-10-10', '3.377', '3.379', '18', '20', '10', '8'),
(77, '2019-10-11', '3.358', '3.361', '18', '20', '10', '8'),
(78, '2019-10-12', '3.356', '3.357', '18', '20', '10', '8'),
(91, '2019-11-05', '3.332', '3.336', '18', '20', '10', '8'),
(92, '2019-11-06', '3.336', '3.339', '18', '20', '10', '8'),
(93, '2019-11-07', '3.339', '3.341', '18', '20', '10', '8'),
(94, '2019-11-08', '3.342', '3.345', '18', '20', '10', '8'),
(95, '2019-11-09', '3.35', '3.353', '18', '20', '10', '8'),
(96, '2019-11-12', '3.359', '3.364', '18', '20', '10', '8'),
(97, '2019-11-13', '3.371', '3.376', '18', '20', '10', '8'),
(98, '2019-11-14', '3.39', '3.392', '18', '20', '10', '8'),
(99, '2019-11-15', '3.387', '3.391', '18', '20', '10', '8'),
(100, '2019-11-16', '3.368', '3.373', '18', '20', '10', '8'),
(101, '2019-11-19', '3.367', '3.372', '18', '20', '10', '8'),
(102, '2019-11-20', '3.376', '3.381', '18', '20', '10', '8'),
(103, '2019-11-21', '3.384', '3.387', '18', '20', '10', '8'),
(104, '2019-11-22', '3.375', '3.38', '18', '20', '10', '8'),
(105, '2019-10-15', '3.36', '3.365', '18', '20', '10', '8'),
(106, '2019-10-16', '3.367', '3.372', '18', '20', '10', '8'),
(107, '2019-10-17', '3.365', '3.37', '18', '20', '10', '8'),
(108, '2019-10-18', '3.354', '3.355', '18', '20', '10', '8'),
(109, '2019-10-19', '3.343', '3.347', '18', '20', '10', '8'),
(110, '2019-10-22', '3.343', '3.347', '18', '20', '10', '8'),
(111, '2019-10-23', '3.337', '3.342', '18', '20', '10', '8'),
(112, '2019-10-24', '3.344', '3.347', '18', '20', '10', '8'),
(113, '2019-10-25', '3.348', '3.35', '18', '20', '10', '8'),
(114, '2019-10-26', '3.346', '3.351', '18', '20', '10', '8'),
(115, '2019-10-29', '3.33', '3.335', '18', '20', '10', '8'),
(116, '2019-10-30', '3.334', '3.34', '18', '20', '10', '8'),
(117, '2019-10-31', '3.345', '3.349', '18', '20', '10', '8'),
(118, '2019-12-03', '3.399', '3.403', '18', '20', '10', '8'),
(119, '2019-12-04', '3.389', '3.391', '18', '20', '10', '8'),
(120, '2019-12-05', '3.383', '3.386', '18', '20', '10', '8'),
(121, '2019-12-06', '3.374', '3.38', '18', '20', '10', '8'),
(122, '2019-12-07', '3.375', '3.381', '18', '20', '10', '8'),
(123, '2019-12-10', '3.376', '3.38', '18', '20', '10', '8'),
(124, '2019-12-11', '3.387', '3.391', '18', '20', '10', '8'),
(126, '2019-12-12', '3.39', '3.393', '18', '20', '10', '8');

-- --------------------------------------------------------

--
-- Estructura de tabla para la tabla `tipdocs`
--

CREATE TABLE `tipdocs` (
  `id` int(11) NOT NULL,
  `codsun` varchar(30) NOT NULL,
  `descrip` varchar(100) NOT NULL,
  `relacional` int(11) DEFAULT '0',
  `descor` varchar(10) NOT NULL,
  `debhab1` varchar(100) DEFAULT NULL,
  `cuenta1` bigint(20) DEFAULT NULL,
  `debhab2` varchar(100) DEFAULT NULL,
  `cuenta2` bigint(20) DEFAULT NULL,
  `debhab3` varchar(100) DEFAULT NULL,
  `cuenta3` bigint(20) DEFAULT NULL,
  `debhab4` varchar(100) DEFAULT NULL,
  `cuenta4` bigint(20) DEFAULT NULL,
  `debhab5` varchar(100) DEFAULT NULL,
  `cuenta5` bigint(20) DEFAULT NULL,
  `debhab6` varchar(100) DEFAULT NULL,
  `cuenta6` bigint(20) DEFAULT NULL,
  `flag_tipe` varchar(20) DEFAULT NULL,
  `created_at` timestamp NOT NULL DEFAULT CURRENT_TIMESTAMP ON UPDATE CURRENT_TIMESTAMP,
  `updated_at` timestamp NOT NULL DEFAULT '0000-00-00 00:00:00'
) ENGINE=InnoDB DEFAULT CHARSET=latin1;

--
-- Volcado de datos para la tabla `tipdocs`
--

INSERT INTO `tipdocs` (`id`, `codsun`, `descrip`, `relacional`, `descor`, `debhab1`, `cuenta1`, `debhab2`, `cuenta2`, `debhab3`, `cuenta3`, `debhab4`, `cuenta4`, `debhab5`, `cuenta5`, `debhab6`, `cuenta6`, `flag_tipe`, `created_at`, `updated_at`) VALUES
(10, '01', 'FACTURA', 0, 'FAC', 'haber', 7311101, 'debe', 4011101, 'haber', 4212101, 'debe', 7411101, 'haber', 4011101, 'debe', 1212101, NULL, '2019-10-11 22:46:52', '2019-10-12 02:46:52'),
(11, '02', 'RECIBO POR HONORARIOS', 0, 'R/H', 'debe', 1010101, 'haber', 4011301, 'haber', 4241101, NULL, NULL, NULL, NULL, NULL, NULL, NULL, '2019-11-12 11:07:04', '2019-11-12 15:07:04'),
(12, '03', 'BOLETA DE VENTA', 0, 'BOL', NULL, NULL, NULL, NULL, NULL, NULL, NULL, NULL, NULL, NULL, NULL, NULL, NULL, '2019-10-16 23:15:42', '2019-10-16 23:15:42'),
(13, '91', 'FACTURA DEL EXTERIOR', 0, 'FEX', NULL, NULL, NULL, NULL, NULL, NULL, NULL, NULL, NULL, NULL, NULL, NULL, NULL, '2019-10-16 23:16:10', '2019-10-16 23:16:10'),
(14, '00', '(Otros) recibos de caja', 0, 'RCJ', NULL, NULL, NULL, NULL, NULL, NULL, NULL, NULL, NULL, NULL, NULL, NULL, 'flag01', '2019-10-31 18:45:43', '2019-10-31 22:45:43'),
(15, '46', 'FORMULARIO DECLARACION', 0, 'FDE', NULL, NULL, NULL, NULL, NULL, NULL, NULL, NULL, NULL, NULL, NULL, NULL, 'flag01', '2019-10-31 22:46:46', '2019-10-31 22:46:46'),
(16, '50', 'POLIZA', 0, 'POI', NULL, NULL, NULL, NULL, NULL, NULL, NULL, NULL, NULL, NULL, NULL, NULL, 'flag01', '2019-10-31 22:47:16', '2019-10-31 22:47:16'),
(17, '51', 'POLIZA O DUI FRACCIONADA', 0, 'PDF', NULL, NULL, NULL, NULL, NULL, NULL, NULL, NULL, NULL, NULL, NULL, NULL, 'flag01', '2019-10-31 18:47:53', '2019-10-31 22:47:53'),
(18, '52', 'DESPACHO SIMPLIFICADO - IMPORTACION SIMPILICADA', 0, 'DSI', NULL, NULL, NULL, NULL, NULL, NULL, NULL, NULL, NULL, NULL, NULL, NULL, 'flag01', '2019-10-31 22:48:36', '2019-10-31 22:48:36'),
(19, '53', 'DECLAR DE MENS.O COU', 0, 'DMC', NULL, NULL, NULL, NULL, NULL, NULL, NULL, NULL, NULL, NULL, NULL, NULL, 'flag01', '2019-10-31 22:48:56', '2019-10-31 22:48:56');

-- --------------------------------------------------------

--
-- Estructura de tabla para la tabla `ventas`
--

CREATE TABLE `ventas` (
  `id` int(11) NOT NULL,
  `codigo_num` int(11) NOT NULL,
  `nombre` varchar(100) NOT NULL,
  `numero_identidad` varchar(100) NOT NULL,
  `identidad_document_id` int(11) DEFAULT NULL,
  `tipdocs_id` int(11) DEFAULT NULL,
  `doc_cod` varchar(50) NOT NULL,
  `doc_sig` varchar(10) NOT NULL,
  `serie` varchar(200) NOT NULL,
  `numero` int(11) NOT NULL,
  `divisa` varchar(30) NOT NULL,
  `dias` int(11) NOT NULL,
  `fec_emision` varchar(100) NOT NULL,
  `fec_vencimiento` varchar(100) NOT NULL,
  `create_at` date NOT NULL,
  `forpags` varchar(100) NOT NULL,
  `importe` bigint(20) DEFAULT NULL,
  `cambio` varchar(20) NOT NULL,
  `glosa` text NOT NULL,
  `detracciones1` varchar(100) DEFAULT NULL,
  `detracciones2` varchar(100) DEFAULT NULL,
  `nodomiselect` varchar(50) DEFAULT NULL,
  `ndomiserie` varchar(50) DEFAULT NULL,
  `ndominumero` varchar(50) DEFAULT NULL,
  `tipdoc_relacional` varchar(100) DEFAULT NULL,
  `serie_relacional` varchar(50) DEFAULT NULL,
  `numero_relacional` varchar(50) DEFAULT NULL,
  `inafecto` float DEFAULT '0',
  `afecto` float DEFAULT '0',
  `anticipo` float DEFAULT '0',
  `descuento` float DEFAULT '0',
  `vcompra` float DEFAULT '0',
  `igv_percent` float DEFAULT '0',
  `impuesto` float DEFAULT '0',
  `sub_total` float DEFAULT '0',
  `percepcion` float DEFAULT '0',
  `totales` float DEFAULT '0',
  `inafecto_cambio` float DEFAULT '0',
  `afecto_cambio` float DEFAULT '0',
  `anticipo_cambio` float DEFAULT '0',
  `descuento_cambio` float DEFAULT '0',
  `vcompra_cambio` float DEFAULT '0',
  `impuesto_cambio` float DEFAULT '0',
  `subtotal_cambio` float DEFAULT '0',
  `percepcion_cambio` float DEFAULT '0',
  `total_cambio` float DEFAULT '0',
  `file_img` varchar(100) DEFAULT NULL,
  `file_pdf` varchar(100) DEFAULT NULL,
  `file_excel` varchar(100) DEFAULT NULL,
  `status` int(11) DEFAULT '0'
) ENGINE=InnoDB DEFAULT CHARSET=latin1;

-- --------------------------------------------------------

--
-- Estructura de tabla para la tabla `ventas_cuentas`
--

CREATE TABLE `ventas_cuentas` (
  `id` int(11) NOT NULL,
  `dhber` varchar(20) NOT NULL,
  `cuenta` varchar(11) NOT NULL,
  `codigo` varchar(60) NOT NULL,
  `descripcion` text NOT NULL,
  `venta_id` int(11) NOT NULL
) ENGINE=InnoDB DEFAULT CHARSET=latin1;

-- --------------------------------------------------------

--
-- Estructura de tabla para la tabla `ventas_lineas`
--

CREATE TABLE `ventas_lineas` (
  `id` int(11) NOT NULL,
  `codigo` int(11) DEFAULT '0',
  `codigo_art` varchar(100) DEFAULT NULL,
  `concepto` text,
  `nombre_articulo` varchar(50) DEFAULT NULL,
  `cantidad` int(11) NOT NULL DEFAULT '0',
  `um` varchar(20) DEFAULT NULL,
  `precio` float NOT NULL,
  `precio_art` float DEFAULT NULL,
  `importe_art` float DEFAULT NULL,
  `venta_id` int(11) NOT NULL,
  `ventas_id_relacional` int(11) DEFAULT '0',
  `cuentas_descripcion` varchar(100) NOT NULL,
  `cuentas_codigo` varchar(100) NOT NULL,
  `plan_cuentas_id` int(11) NOT NULL,
  `ccostos_id` int(11) DEFAULT NULL,
  `ccostos_codigo` varchar(100) DEFAULT NULL,
  `ccostos_descripcion` varchar(100) DEFAULT NULL,
  `afecto` varchar(100) DEFAULT NULL,
  `obsequio` int(11) DEFAULT NULL,
  `dhber` varchar(100) DEFAULT NULL,
  `precio_soles` float DEFAULT '0',
  `descuento_soles` float DEFAULT '0',
  `imp_soles` float DEFAULT '0',
  `igv_soles` float DEFAULT '0',
  `descuento_percent` float DEFAULT '0',
  `descuento_valor` float NOT NULL DEFAULT '0',
  `imp_percent` float DEFAULT '0',
  `imp_sel` float DEFAULT '0',
  `igvpercent` float DEFAULT '0',
  `igv_val` double DEFAULT NULL,
  `total_valor` double DEFAULT NULL,
  `tipe_linea` varchar(20) NOT NULL,
  `document_f_relacional` varchar(100) DEFAULT NULL
) ENGINE=InnoDB DEFAULT CHARSET=latin1;

-- --------------------------------------------------------

--
-- Estructura de tabla para la tabla `visitas`
--

CREATE TABLE `visitas` (
  `id` int(11) NOT NULL,
  `nombre` varchar(100) NOT NULL,
  `dni` bigint(20) NOT NULL,
  `motivo` text,
  `motivos_id` int(11) NOT NULL,
  `lugar` varchar(100) DEFAULT NULL,
  `fecha` date NOT NULL,
  `hora_entrada` varchar(15) DEFAULT NULL,
  `hora_salida` varchar(15) DEFAULT NULL,
  `oficinas_id` int(11) NOT NULL,
  `entidad_id` int(11) NOT NULL,
  `empleados_id` int(11) NOT NULL,
  `src_foto` varchar(50) DEFAULT NULL,
  `items_json` text,
  `created_at` timestamp NOT NULL DEFAULT CURRENT_TIMESTAMP ON UPDATE CURRENT_TIMESTAMP,
  `updated_at` timestamp NOT NULL DEFAULT '0000-00-00 00:00:00'
) ENGINE=InnoDB DEFAULT CHARSET=latin1;

--
-- Volcado de datos para la tabla `visitas`
--

INSERT INTO `visitas` (`id`, `nombre`, `dni`, `motivo`, `motivos_id`, `lugar`, `fecha`, `hora_entrada`, `hora_salida`, `oficinas_id`, `entidad_id`, `empleados_id`, `src_foto`, `items_json`, `created_at`, `updated_at`) VALUES
(6, 'Pedro Avila', 25129301, NULL, 1, 'adsadasdasdasdasdasdads', '2020-10-15', '07:50:38 PM', NULL, 2, 24, 3, NULL, '{\"entidad\":{\"id\":\"24\",\"name\":\"LEYVA VALENZUELA MILAGROS SARITAA\"},\"motivo\":{\"id\":\"1\",\"name\":\"asdasdad\"},\"empleado\":{\"id\":\"3\",\"name\":\"Juan Valdez\"},\"sede\":{\"id\":\"6\",\"name\":\"Edificio 5\"},\"oficina\":{\"id\":\"2\",\"name\":\"central2\"}}', '2020-10-15 23:39:34', '2020-10-16 03:39:34'),
(7, 'Armando', 55588899999, NULL, 1, 'adsadasdasdasdasdasdadsddd', '2020-10-15', '02:36:25 PM', NULL, 1, 23, 1, NULL, '{\"entidad\":{\"id\":\"23\",\"name\":\"ESPINOZA ORIHUELA PEDRO MIGUEL\"},\"motivo\":{\"id\":\"1\",\"name\":\"asdasdad\"},\"empleado\":{\"id\":\"1\",\"name\":\"Jack so\"},\"sede\":{\"id\":\"4\",\"name\":\"SCHELL\"},\"oficina\":{\"id\":\"1\",\"name\":\"hola\"}}', '2020-10-15 23:32:31', '2020-10-16 03:32:31'),
(8, 'Pedro Avila', 13596897, NULL, 1, 'adsadasdasdasdasdasdads', '2020-10-15', '11:39:39 PM', NULL, 1, 23, 1, NULL, '{\"entidad\":{\"id\":\"23\",\"name\":\"ESPINOZA ORIHUELA PEDRO MIGUEL\"},\"motivo\":{\"id\":\"1\",\"name\":\"asdasdad\"},\"empleado\":{\"id\":\"1\",\"name\":\"Jack so\"},\"sede\":{\"id\":\"4\",\"name\":\"SCHELL\"},\"oficina\":{\"id\":\"1\",\"name\":\"hola\"}}', '2020-10-16 03:39:57', '2020-10-16 03:39:57');

--
-- Índices para tablas volcadas
--

--
-- Indices de la tabla `accountbanks`
--
ALTER TABLE `accountbanks`
  ADD PRIMARY KEY (`id`);

--
-- Indices de la tabla `articulos`
--
ALTER TABLE `articulos`
  ADD PRIMARY KEY (`id`);

--
-- Indices de la tabla `art_familias`
--
ALTER TABLE `art_familias`
  ADD PRIMARY KEY (`id`);

--
-- Indices de la tabla `bancos`
--
ALTER TABLE `bancos`
  ADD PRIMARY KEY (`id`);

--
-- Indices de la tabla `ccostos`
--
ALTER TABLE `ccostos`
  ADD PRIMARY KEY (`id`);

--
-- Indices de la tabla `compras`
--
ALTER TABLE `compras`
  ADD PRIMARY KEY (`id`),
  ADD KEY `forpags_id` (`forpags`);

--
-- Indices de la tabla `compras_cuentas`
--
ALTER TABLE `compras_cuentas`
  ADD PRIMARY KEY (`id`);

--
-- Indices de la tabla `compras_lineas`
--
ALTER TABLE `compras_lineas`
  ADD PRIMARY KEY (`id`);

--
-- Indices de la tabla `config`
--
ALTER TABLE `config`
  ADD PRIMARY KEY (`id`);

--
-- Indices de la tabla `departamentos`
--
ALTER TABLE `departamentos`
  ADD PRIMARY KEY (`id`);

--
-- Indices de la tabla `distritos`
--
ALTER TABLE `distritos`
  ADD PRIMARY KEY (`id`),
  ADD KEY `provincias_id` (`provincias_id`);

--
-- Indices de la tabla `divisas`
--
ALTER TABLE `divisas`
  ADD PRIMARY KEY (`id`);

--
-- Indices de la tabla `empleados`
--
ALTER TABLE `empleados`
  ADD PRIMARY KEY (`id`);

--
-- Indices de la tabla `entidad`
--
ALTER TABLE `entidad`
  ADD PRIMARY KEY (`id`),
  ADD UNIQUE KEY `entidad_email_unique` (`email`),
  ADD KEY `pais_id` (`departamentos_id`),
  ADD KEY `provincias_id` (`provincias_id`),
  ADD KEY `distritos_id` (`distritos_id`),
  ADD KEY `identidad_document_id` (`identidad_document_id`);

--
-- Indices de la tabla `entidad_services`
--
ALTER TABLE `entidad_services`
  ADD PRIMARY KEY (`id`);

--
-- Indices de la tabla `entidad_services_has`
--
ALTER TABLE `entidad_services_has`
  ADD PRIMARY KEY (`id`);

--
-- Indices de la tabla `eventos_operations`
--
ALTER TABLE `eventos_operations`
  ADD PRIMARY KEY (`id`);

--
-- Indices de la tabla `familia_relation`
--
ALTER TABLE `familia_relation`
  ADD PRIMARY KEY (`id`);

--
-- Indices de la tabla `files_contables`
--
ALTER TABLE `files_contables`
  ADD PRIMARY KEY (`id`);

--
-- Indices de la tabla `forpags`
--
ALTER TABLE `forpags`
  ADD PRIMARY KEY (`id`);

--
-- Indices de la tabla `herramientas`
--
ALTER TABLE `herramientas`
  ADD PRIMARY KEY (`id`);

--
-- Indices de la tabla `identidad_documents`
--
ALTER TABLE `identidad_documents`
  ADD PRIMARY KEY (`id`);

--
-- Indices de la tabla `menus`
--
ALTER TABLE `menus`
  ADD PRIMARY KEY (`id`);

--
-- Indices de la tabla `migrations`
--
ALTER TABLE `migrations`
  ADD PRIMARY KEY (`id`);

--
-- Indices de la tabla `model_has_permissions`
--
ALTER TABLE `model_has_permissions`
  ADD PRIMARY KEY (`permission_id`,`model_id`,`model_type`),
  ADD KEY `model_has_permissions_model_id_model_type_index` (`model_id`,`model_type`);

--
-- Indices de la tabla `model_has_roles`
--
ALTER TABLE `model_has_roles`
  ADD PRIMARY KEY (`role_id`,`model_id`,`model_type`),
  ADD KEY `model_has_roles_model_id_model_type_index` (`model_id`,`model_type`);

--
-- Indices de la tabla `modules_has_rol`
--
ALTER TABLE `modules_has_rol`
  ADD PRIMARY KEY (`modules_user_id`,`role_id`) USING BTREE,
  ADD KEY `role_id` (`role_id`);

--
-- Indices de la tabla `modules_installs`
--
ALTER TABLE `modules_installs`
  ADD PRIMARY KEY (`id`);

--
-- Indices de la tabla `modules_users`
--
ALTER TABLE `modules_users`
  ADD PRIMARY KEY (`id`);

--
-- Indices de la tabla `motivos`
--
ALTER TABLE `motivos`
  ADD PRIMARY KEY (`id`);

--
-- Indices de la tabla `oficinas`
--
ALTER TABLE `oficinas`
  ADD PRIMARY KEY (`id`);

--
-- Indices de la tabla `pais`
--
ALTER TABLE `pais`
  ADD PRIMARY KEY (`id`);

--
-- Indices de la tabla `permissions`
--
ALTER TABLE `permissions`
  ADD PRIMARY KEY (`id`);

--
-- Indices de la tabla `plan_cuentas`
--
ALTER TABLE `plan_cuentas`
  ADD PRIMARY KEY (`id`);

--
-- Indices de la tabla `provincias`
--
ALTER TABLE `provincias`
  ADD PRIMARY KEY (`id`),
  ADD KEY `departamentos_id` (`departamentos_id`);

--
-- Indices de la tabla `roles`
--
ALTER TABLE `roles`
  ADD PRIMARY KEY (`id`);

--
-- Indices de la tabla `role_has_permissions`
--
ALTER TABLE `role_has_permissions`
  ADD PRIMARY KEY (`permission_id`,`role_id`),
  ADD KEY `role_has_permissions_role_id_foreign` (`role_id`);

--
-- Indices de la tabla `rphonorarios`
--
ALTER TABLE `rphonorarios`
  ADD PRIMARY KEY (`id`),
  ADD KEY `forpags_id` (`forpags`);

--
-- Indices de la tabla `rphonorarios_cuentas`
--
ALTER TABLE `rphonorarios_cuentas`
  ADD PRIMARY KEY (`id`);

--
-- Indices de la tabla `rphonorarios_lineas`
--
ALTER TABLE `rphonorarios_lineas`
  ADD PRIMARY KEY (`id`);

--
-- Indices de la tabla `sedes`
--
ALTER TABLE `sedes`
  ADD PRIMARY KEY (`id`);

--
-- Indices de la tabla `tag_arts`
--
ALTER TABLE `tag_arts`
  ADD PRIMARY KEY (`id`);

--
-- Indices de la tabla `tag_relation`
--
ALTER TABLE `tag_relation`
  ADD PRIMARY KEY (`id`);

--
-- Indices de la tabla `tcambios`
--
ALTER TABLE `tcambios`
  ADD PRIMARY KEY (`id`);

--
-- Indices de la tabla `tipdocs`
--
ALTER TABLE `tipdocs`
  ADD PRIMARY KEY (`id`);

--
-- Indices de la tabla `ventas`
--
ALTER TABLE `ventas`
  ADD PRIMARY KEY (`id`),
  ADD KEY `forpags_id` (`forpags`);

--
-- Indices de la tabla `ventas_cuentas`
--
ALTER TABLE `ventas_cuentas`
  ADD PRIMARY KEY (`id`);

--
-- Indices de la tabla `ventas_lineas`
--
ALTER TABLE `ventas_lineas`
  ADD PRIMARY KEY (`id`);

--
-- Indices de la tabla `visitas`
--
ALTER TABLE `visitas`
  ADD PRIMARY KEY (`id`);

--
-- AUTO_INCREMENT de las tablas volcadas
--

--
-- AUTO_INCREMENT de la tabla `accountbanks`
--
ALTER TABLE `accountbanks`
  MODIFY `id` int(11) NOT NULL AUTO_INCREMENT, AUTO_INCREMENT=5;

--
-- AUTO_INCREMENT de la tabla `articulos`
--
ALTER TABLE `articulos`
  MODIFY `id` int(11) NOT NULL AUTO_INCREMENT, AUTO_INCREMENT=29;

--
-- AUTO_INCREMENT de la tabla `art_familias`
--
ALTER TABLE `art_familias`
  MODIFY `id` int(11) NOT NULL AUTO_INCREMENT, AUTO_INCREMENT=5;

--
-- AUTO_INCREMENT de la tabla `bancos`
--
ALTER TABLE `bancos`
  MODIFY `id` int(11) NOT NULL AUTO_INCREMENT, AUTO_INCREMENT=2;

--
-- AUTO_INCREMENT de la tabla `ccostos`
--
ALTER TABLE `ccostos`
  MODIFY `id` int(11) NOT NULL AUTO_INCREMENT, AUTO_INCREMENT=18;

--
-- AUTO_INCREMENT de la tabla `compras`
--
ALTER TABLE `compras`
  MODIFY `id` int(11) NOT NULL AUTO_INCREMENT, AUTO_INCREMENT=10;

--
-- AUTO_INCREMENT de la tabla `compras_cuentas`
--
ALTER TABLE `compras_cuentas`
  MODIFY `id` int(11) NOT NULL AUTO_INCREMENT, AUTO_INCREMENT=46;

--
-- AUTO_INCREMENT de la tabla `compras_lineas`
--
ALTER TABLE `compras_lineas`
  MODIFY `id` int(11) NOT NULL AUTO_INCREMENT, AUTO_INCREMENT=21;

--
-- AUTO_INCREMENT de la tabla `config`
--
ALTER TABLE `config`
  MODIFY `id` int(11) NOT NULL AUTO_INCREMENT;

--
-- AUTO_INCREMENT de la tabla `departamentos`
--
ALTER TABLE `departamentos`
  MODIFY `id` int(11) NOT NULL AUTO_INCREMENT, AUTO_INCREMENT=26;

--
-- AUTO_INCREMENT de la tabla `distritos`
--
ALTER TABLE `distritos`
  MODIFY `id` int(11) NOT NULL AUTO_INCREMENT, AUTO_INCREMENT=1875;

--
-- AUTO_INCREMENT de la tabla `divisas`
--
ALTER TABLE `divisas`
  MODIFY `id` int(11) NOT NULL AUTO_INCREMENT, AUTO_INCREMENT=8;

--
-- AUTO_INCREMENT de la tabla `empleados`
--
ALTER TABLE `empleados`
  MODIFY `id` int(11) NOT NULL AUTO_INCREMENT, AUTO_INCREMENT=4;

--
-- AUTO_INCREMENT de la tabla `entidad`
--
ALTER TABLE `entidad`
  MODIFY `id` bigint(20) UNSIGNED NOT NULL AUTO_INCREMENT, AUTO_INCREMENT=30;

--
-- AUTO_INCREMENT de la tabla `entidad_services`
--
ALTER TABLE `entidad_services`
  MODIFY `id` int(11) NOT NULL AUTO_INCREMENT, AUTO_INCREMENT=45;

--
-- AUTO_INCREMENT de la tabla `entidad_services_has`
--
ALTER TABLE `entidad_services_has`
  MODIFY `id` int(11) NOT NULL AUTO_INCREMENT, AUTO_INCREMENT=37;

--
-- AUTO_INCREMENT de la tabla `eventos_operations`
--
ALTER TABLE `eventos_operations`
  MODIFY `id` int(11) NOT NULL AUTO_INCREMENT, AUTO_INCREMENT=2;

--
-- AUTO_INCREMENT de la tabla `familia_relation`
--
ALTER TABLE `familia_relation`
  MODIFY `id` int(11) NOT NULL AUTO_INCREMENT, AUTO_INCREMENT=26;

--
-- AUTO_INCREMENT de la tabla `files_contables`
--
ALTER TABLE `files_contables`
  MODIFY `id` int(11) NOT NULL AUTO_INCREMENT, AUTO_INCREMENT=36;

--
-- AUTO_INCREMENT de la tabla `forpags`
--
ALTER TABLE `forpags`
  MODIFY `id` int(11) NOT NULL AUTO_INCREMENT, AUTO_INCREMENT=5;

--
-- AUTO_INCREMENT de la tabla `herramientas`
--
ALTER TABLE `herramientas`
  MODIFY `id` int(11) NOT NULL AUTO_INCREMENT, AUTO_INCREMENT=35;

--
-- AUTO_INCREMENT de la tabla `identidad_documents`
--
ALTER TABLE `identidad_documents`
  MODIFY `id` int(11) NOT NULL AUTO_INCREMENT, AUTO_INCREMENT=6;

--
-- AUTO_INCREMENT de la tabla `menus`
--
ALTER TABLE `menus`
  MODIFY `id` int(10) UNSIGNED NOT NULL AUTO_INCREMENT;

--
-- AUTO_INCREMENT de la tabla `migrations`
--
ALTER TABLE `migrations`
  MODIFY `id` int(10) UNSIGNED NOT NULL AUTO_INCREMENT, AUTO_INCREMENT=7;

--
-- AUTO_INCREMENT de la tabla `modules_installs`
--
ALTER TABLE `modules_installs`
  MODIFY `id` int(11) NOT NULL AUTO_INCREMENT, AUTO_INCREMENT=8;

--
-- AUTO_INCREMENT de la tabla `modules_users`
--
ALTER TABLE `modules_users`
  MODIFY `id` int(11) NOT NULL AUTO_INCREMENT, AUTO_INCREMENT=13;

--
-- AUTO_INCREMENT de la tabla `motivos`
--
ALTER TABLE `motivos`
  MODIFY `id` int(11) NOT NULL AUTO_INCREMENT, AUTO_INCREMENT=3;

--
-- AUTO_INCREMENT de la tabla `oficinas`
--
ALTER TABLE `oficinas`
  MODIFY `id` int(100) NOT NULL AUTO_INCREMENT, AUTO_INCREMENT=2;

--
-- AUTO_INCREMENT de la tabla `pais`
--
ALTER TABLE `pais`
  MODIFY `id` bigint(20) UNSIGNED NOT NULL AUTO_INCREMENT, AUTO_INCREMENT=4;

--
-- AUTO_INCREMENT de la tabla `permissions`
--
ALTER TABLE `permissions`
  MODIFY `id` int(10) UNSIGNED NOT NULL AUTO_INCREMENT, AUTO_INCREMENT=8;

--
-- AUTO_INCREMENT de la tabla `plan_cuentas`
--
ALTER TABLE `plan_cuentas`
  MODIFY `id` int(11) NOT NULL AUTO_INCREMENT, AUTO_INCREMENT=35;

--
-- AUTO_INCREMENT de la tabla `provincias`
--
ALTER TABLE `provincias`
  MODIFY `id` bigint(20) UNSIGNED NOT NULL AUTO_INCREMENT, AUTO_INCREMENT=2505;

--
-- AUTO_INCREMENT de la tabla `roles`
--
ALTER TABLE `roles`
  MODIFY `id` int(10) UNSIGNED NOT NULL AUTO_INCREMENT, AUTO_INCREMENT=10;

--
-- AUTO_INCREMENT de la tabla `rphonorarios`
--
ALTER TABLE `rphonorarios`
  MODIFY `id` int(11) NOT NULL AUTO_INCREMENT, AUTO_INCREMENT=6;

--
-- AUTO_INCREMENT de la tabla `rphonorarios_cuentas`
--
ALTER TABLE `rphonorarios_cuentas`
  MODIFY `id` int(11) NOT NULL AUTO_INCREMENT, AUTO_INCREMENT=16;

--
-- AUTO_INCREMENT de la tabla `rphonorarios_lineas`
--
ALTER TABLE `rphonorarios_lineas`
  MODIFY `id` int(11) NOT NULL AUTO_INCREMENT;

--
-- AUTO_INCREMENT de la tabla `sedes`
--
ALTER TABLE `sedes`
  MODIFY `id` int(11) NOT NULL AUTO_INCREMENT, AUTO_INCREMENT=8;

--
-- AUTO_INCREMENT de la tabla `tag_arts`
--
ALTER TABLE `tag_arts`
  MODIFY `id` int(11) NOT NULL AUTO_INCREMENT, AUTO_INCREMENT=4;

--
-- AUTO_INCREMENT de la tabla `tag_relation`
--
ALTER TABLE `tag_relation`
  MODIFY `id` int(11) NOT NULL AUTO_INCREMENT, AUTO_INCREMENT=19;

--
-- AUTO_INCREMENT de la tabla `tcambios`
--
ALTER TABLE `tcambios`
  MODIFY `id` int(11) NOT NULL AUTO_INCREMENT, AUTO_INCREMENT=127;

--
-- AUTO_INCREMENT de la tabla `tipdocs`
--
ALTER TABLE `tipdocs`
  MODIFY `id` int(11) NOT NULL AUTO_INCREMENT, AUTO_INCREMENT=20;

--
-- AUTO_INCREMENT de la tabla `ventas`
--
ALTER TABLE `ventas`
  MODIFY `id` int(11) NOT NULL AUTO_INCREMENT;

--
-- AUTO_INCREMENT de la tabla `ventas_cuentas`
--
ALTER TABLE `ventas_cuentas`
  MODIFY `id` int(11) NOT NULL AUTO_INCREMENT;

--
-- AUTO_INCREMENT de la tabla `ventas_lineas`
--
ALTER TABLE `ventas_lineas`
  MODIFY `id` int(11) NOT NULL AUTO_INCREMENT;

--
-- AUTO_INCREMENT de la tabla `visitas`
--
ALTER TABLE `visitas`
  MODIFY `id` int(11) NOT NULL AUTO_INCREMENT, AUTO_INCREMENT=9;

--
-- Restricciones para tablas volcadas
--

--
-- Filtros para la tabla `model_has_permissions`
--
ALTER TABLE `model_has_permissions`
  ADD CONSTRAINT `model_has_permissions_permission_id_foreign` FOREIGN KEY (`permission_id`) REFERENCES `permissions` (`id`) ON DELETE CASCADE;

--
-- Filtros para la tabla `model_has_roles`
--
ALTER TABLE `model_has_roles`
  ADD CONSTRAINT `model_has_roles_role_id_foreign` FOREIGN KEY (`role_id`) REFERENCES `roles` (`id`) ON DELETE CASCADE;

--
-- Filtros para la tabla `modules_has_rol`
--
ALTER TABLE `modules_has_rol`
  ADD CONSTRAINT `modules_has_rol_ibfk_1` FOREIGN KEY (`modules_user_id`) REFERENCES `modules_users` (`id`) ON DELETE CASCADE ON UPDATE CASCADE;

--
-- Filtros para la tabla `role_has_permissions`
--
ALTER TABLE `role_has_permissions`
  ADD CONSTRAINT `role_has_permissions_permission_id_foreign` FOREIGN KEY (`permission_id`) REFERENCES `permissions` (`id`) ON DELETE CASCADE,
  ADD CONSTRAINT `role_has_permissions_role_id_foreign` FOREIGN KEY (`role_id`) REFERENCES `roles` (`id`) ON DELETE CASCADE;
COMMIT;

